2022-05-21 12:46:51.012 22640-22674/com.nvidia.cloudxr.ovr W/VrApi: ovr_SubmitFrameInternal: FrameIndex discontinuity: Expected 1, Received 0
2022-05-21 12:46:51.026 22640-22674/com.nvidia.cloudxr.ovr W/VrApi: ovr_SubmitFrameInternal: FrameIndex discontinuity: Expected 1, Received 0
2022-05-21 12:46:51.040 22640-22674/com.nvidia.cloudxr.ovr I/chatty: uid=10092(com.nvidia.cloudxr.ovr) CloudXRClientOV identical 1 line
2022-05-21 12:46:51.054 22640-22674/com.nvidia.cloudxr.ovr W/VrApi: ovr_SubmitFrameInternal: FrameIndex discontinuity: Expected 1, Received 0
2022-05-21 12:46:51.068 22640-22674/com.nvidia.cloudxr.ovr W/VrApi: ovr_SubmitFrameInternal: FrameIndex discontinuity: Expected 1, Received 0
2022-05-21 12:46:51.082 22640-22674/com.nvidia.cloudxr.ovr I/chatty: uid=10092(com.nvidia.cloudxr.ovr) CloudXRClientOV identical 1 line
2022-05-21 12:46:51.096 22640-22674/com.nvidia.cloudxr.ovr W/VrApi: ovr_SubmitFrameInternal: FrameIndex discontinuity: Expected 1, Received 0
2022-05-21 12:46:51.104 22640-22727/com.nvidia.cloudxr.ovr I/VrApi: FPS=1/72,Prd=0ms,Tear=0,Early=0,Stale=4,VSnc=0,Lat=0,Fov=0,CPU4/GPU=1/1,2419/400MHz,OC=FF,TA=0/70/0,SP=N/F/N,Mem=2092MHz,Free=2101MB,PLS=0,Temp=29.5C/0.0C,TW=1.63ms,App=0.00ms,GD=0.00ms,CPU&GPU=0.00ms,LCnt=2,GPU%=0.13,CPU%=0.05(W0.10),DSF=1.00
2022-05-21 12:46:51.110 22640-22674/com.nvidia.cloudxr.ovr W/VrApi: ovr_SubmitFrameInternal: FrameIndex discontinuity: Expected 1, Received 0
2022-05-21 12:46:51.124 22640-22674/com.nvidia.cloudxr.ovr W/VrApi: ovr_SubmitFrameInternal: FrameIndex discontinuity: Expected 1, Received 0
2022-05-21 12:46:51.138 22640-22674/com.nvidia.cloudxr.ovr W/VrApi: ovr_SubmitFrameInternal: FrameIndex discontinuity: Expected 1, Received 0
2022-05-21 12:46:51.193 22640-22674/com.nvidia.cloudxr.ovr I/chatty: uid=10092(com.nvidia.cloudxr.ovr) CloudXRClientOV identical 4 lines
2022-05-21 12:46:51.207 22640-22674/com.nvidia.cloudxr.ovr W/VrApi: ovr_SubmitFrameInternal: FrameIndex discontinuity: Expected 1, Received 0
2022-05-21 12:46:51.221 22640-22674/com.nvidia.cloudxr.ovr W/VrApi: ovr_SubmitFrameInternal: FrameIndex discontinuity: Expected 1, Received 0
2022-05-21 12:46:51.527 22640-22674/com.nvidia.cloudxr.ovr I/chatty: uid=10092(com.nvidia.cloudxr.ovr) CloudXRClientOV identical 22 lines
2022-05-21 12:46:51.541 22640-22674/com.nvidia.cloudxr.ovr W/VrApi: ovr_SubmitFrameInternal: FrameIndex discontinuity: Expected 1, Received 0
2022-05-21 12:46:51.555 22640-22674/com.nvidia.cloudxr.ovr W/VrApi: ovr_SubmitFrameInternal: FrameIndex discontinuity: Expected 1, Received 0
2022-05-21 12:46:51.681 22640-22674/com.nvidia.cloudxr.ovr I/chatty: uid=10092(com.nvidia.cloudxr.ovr) CloudXRClientOV identical 9 lines
2022-05-21 12:46:51.694 22640-22674/com.nvidia.cloudxr.ovr W/VrApi: ovr_SubmitFrameInternal: FrameIndex discontinuity: Expected 1, Received 0
2022-05-21 12:46:51.708 22640-22674/com.nvidia.cloudxr.ovr W/VrApi: ovr_SubmitFrameInternal: FrameIndex discontinuity: Expected 1, Received 0
2022-05-21 12:46:51.722 22640-22674/com.nvidia.cloudxr.ovr W/VrApi: ovr_SubmitFrameInternal: FrameIndex discontinuity: Expected 1, Received 0
2022-05-21 12:46:51.736 22640-22674/com.nvidia.cloudxr.ovr W/VrApi: ovr_SubmitFrameInternal: FrameIndex discontinuity: Expected 1, Received 0
2022-05-21 12:46:51.750 22640-22674/com.nvidia.cloudxr.ovr I/chatty: uid=10092(com.nvidia.cloudxr.ovr) CloudXRClientOV identical 1 line
2022-05-21 12:46:51.764 22640-22674/com.nvidia.cloudxr.ovr W/VrApi: ovr_SubmitFrameInternal: FrameIndex discontinuity: Expected 1, Received 0
2022-05-21 12:46:51.778 22640-22674/com.nvidia.cloudxr.ovr W/VrApi: ovr_SubmitFrameInternal: FrameIndex discontinuity: Expected 1, Received 0
2022-05-21 12:46:52.001 22640-22674/com.nvidia.cloudxr.ovr I/chatty: uid=10092(com.nvidia.cloudxr.ovr) CloudXRClientOV identical 16 lines
2022-05-21 12:46:52.015 22640-22674/com.nvidia.cloudxr.ovr W/VrApi: ovr_SubmitFrameInternal: FrameIndex discontinuity: Expected 1, Received 0
2022-05-21 12:46:52.029 22640-22674/com.nvidia.cloudxr.ovr W/VrApi: ovr_SubmitFrameInternal: FrameIndex discontinuity: Expected 1, Received 0
2022-05-21 12:46:52.084 22640-22674/com.nvidia.cloudxr.ovr I/chatty: uid=10092(com.nvidia.cloudxr.ovr) CloudXRClientOV identical 4 lines
2022-05-21 12:46:52.098 22640-22674/com.nvidia.cloudxr.ovr W/VrApi: ovr_SubmitFrameInternal: FrameIndex discontinuity: Expected 1, Received 0
2022-05-21 12:46:52.104 22640-22727/com.nvidia.cloudxr.ovr I/VrApi: FPS=73/72,Prd=0ms,Tear=0,Early=2,Stale=14,VSnc=1,Lat=0,Fov=0,CPU4/GPU=1/1,2419/400MHz,OC=FF,TA=0/70/0,SP=N/F/N,Mem=2092MHz,Free=2101MB,PLS=0,Temp=29.5C/0.0C,TW=1.61ms,App=0.00ms,GD=0.00ms,CPU&GPU=1.27ms,LCnt=2,GPU%=0.12,CPU%=0.00(W0.00),DSF=1.00
2022-05-21 12:46:52.112 22640-22674/com.nvidia.cloudxr.ovr W/VrApi: ovr_SubmitFrameInternal: FrameIndex discontinuity: Expected 1, Received 0
2022-05-21 12:46:52.210 22640-22674/com.nvidia.cloudxr.ovr I/chatty: uid=10092(com.nvidia.cloudxr.ovr) CloudXRClientOV identical 7 lines
2022-05-21 12:46:52.224 22640-22674/com.nvidia.cloudxr.ovr W/VrApi: ovr_SubmitFrameInternal: FrameIndex discontinuity: Expected 1, Received 0
2022-05-21 12:46:52.238 22640-22674/com.nvidia.cloudxr.ovr W/VrApi: ovr_SubmitFrameInternal: FrameIndex discontinuity: Expected 1, Received 0
2022-05-21 12:46:52.279 22640-22674/com.nvidia.cloudxr.ovr I/chatty: uid=10092(com.nvidia.cloudxr.ovr) CloudXRClientOV identical 3 lines
2022-05-21 12:46:52.293 22640-22674/com.nvidia.cloudxr.ovr W/VrApi: ovr_SubmitFrameInternal: FrameIndex discontinuity: Expected 1, Received 0
2022-05-21 12:46:52.307 22640-22674/com.nvidia.cloudxr.ovr W/VrApi: ovr_SubmitFrameInternal: FrameIndex discontinuity: Expected 1, Received 0
2022-05-21 12:46:52.321 22640-22674/com.nvidia.cloudxr.ovr I/chatty: uid=10092(com.nvidia.cloudxr.ovr) CloudXRClientOV identical 1 line
2022-05-21 12:46:52.335 22640-22674/com.nvidia.cloudxr.ovr W/VrApi: ovr_SubmitFrameInternal: FrameIndex discontinuity: Expected 1, Received 0
2022-05-21 12:46:52.349 22640-22674/com.nvidia.cloudxr.ovr W/VrApi: ovr_SubmitFrameInternal: FrameIndex discontinuity: Expected 1, Received 0
2022-05-21 12:46:52.363 22640-22674/com.nvidia.cloudxr.ovr W/VrApi: ovr_SubmitFrameInternal: FrameIndex discontinuity: Expected 1, Received 0
2022-05-21 12:46:52.377 22640-22674/com.nvidia.cloudxr.ovr W/VrApi: ovr_SubmitFrameInternal: FrameIndex discontinuity: Expected 1, Received 0
2022-05-21 12:46:52.391 22640-22674/com.nvidia.cloudxr.ovr W/VrApi: ovr_SubmitFrameInternal: FrameIndex discontinuity: Expected 1, Received 0
2022-05-21 12:46:52.405 22640-22674/com.nvidia.cloudxr.ovr W/VrApi: ovr_SubmitFrameInternal: FrameIndex discontinuity: Expected 1, Received 0
2022-05-21 12:46:52.488 22640-22674/com.nvidia.cloudxr.ovr I/chatty: uid=10092(com.nvidia.cloudxr.ovr) CloudXRClientOV identical 6 lines
2022-05-21 12:46:52.502 22640-22674/com.nvidia.cloudxr.ovr W/VrApi: ovr_SubmitFrameInternal: FrameIndex discontinuity: Expected 1, Received 0
2022-05-21 12:46:52.516 22640-22674/com.nvidia.cloudxr.ovr W/VrApi: ovr_SubmitFrameInternal: FrameIndex discontinuity: Expected 1, Received 0
2022-05-21 12:46:52.544 22640-22674/com.nvidia.cloudxr.ovr I/chatty: uid=10092(com.nvidia.cloudxr.ovr) CloudXRClientOV identical 2 lines
2022-05-21 12:46:52.558 22640-22674/com.nvidia.cloudxr.ovr W/VrApi: ovr_SubmitFrameInternal: FrameIndex discontinuity: Expected 1, Received 0
2022-05-21 12:46:52.572 22640-22674/com.nvidia.cloudxr.ovr W/VrApi: ovr_SubmitFrameInternal: FrameIndex discontinuity: Expected 1, Received 0
2022-05-21 12:46:52.655 22640-22674/com.nvidia.cloudxr.ovr I/chatty: uid=10092(com.nvidia.cloudxr.ovr) CloudXRClientOV identical 6 lines
2022-05-21 12:46:52.669 22640-22674/com.nvidia.cloudxr.ovr W/VrApi: ovr_SubmitFrameInternal: FrameIndex discontinuity: Expected 1, Received 0
2022-05-21 12:46:52.683 22640-22674/com.nvidia.cloudxr.ovr W/VrApi: ovr_SubmitFrameInternal: FrameIndex discontinuity: Expected 1, Received 0
2022-05-21 12:46:52.781 22640-22674/com.nvidia.cloudxr.ovr I/chatty: uid=10092(com.nvidia.cloudxr.ovr) CloudXRClientOV identical 7 lines
2022-05-21 12:46:52.794 22640-22674/com.nvidia.cloudxr.ovr W/VrApi: ovr_SubmitFrameInternal: FrameIndex discontinuity: Expected 1, Received 0
2022-05-21 12:46:52.808 22640-22674/com.nvidia.cloudxr.ovr W/VrApi: ovr_SubmitFrameInternal: FrameIndex discontinuity: Expected 1, Received 0
2022-05-21 12:46:53.003 22640-22674/com.nvidia.cloudxr.ovr I/chatty: uid=10092(com.nvidia.cloudxr.ovr) CloudXRClientOV identical 14 lines
2022-05-21 12:46:53.017 22640-22674/com.nvidia.cloudxr.ovr W/VrApi: ovr_SubmitFrameInternal: FrameIndex discontinuity: Expected 1, Received 0
2022-05-21 12:46:53.031 22640-22674/com.nvidia.cloudxr.ovr W/VrApi: ovr_SubmitFrameInternal: FrameIndex discontinuity: Expected 1, Received 0
2022-05-21 12:46:53.087 22640-22674/com.nvidia.cloudxr.ovr I/chatty: uid=10092(com.nvidia.cloudxr.ovr) CloudXRClientOV identical 4 lines
2022-05-21 12:46:53.101 22640-22674/com.nvidia.cloudxr.ovr W/VrApi: ovr_SubmitFrameInternal: FrameIndex discontinuity: Expected 1, Received 0
2022-05-21 12:46:53.104 22640-22727/com.nvidia.cloudxr.ovr I/VrApi: FPS=72/72,Prd=0ms,Tear=0,Early=0,Stale=0,VSnc=1,Lat=0,Fov=0,CPU4/GPU=1/1,2419/400MHz,OC=FF,TA=0/70/0,SP=N/F/N,Mem=2092MHz,Free=2101MB,PLS=0,Temp=29.5C/0.0C,TW=1.61ms,App=0.00ms,GD=0.00ms,CPU&GPU=1.26ms,LCnt=2,GPU%=0.12,CPU%=0.00(W0.00),DSF=1.00
2022-05-21 12:46:53.115 22640-22674/com.nvidia.cloudxr.ovr W/VrApi: ovr_SubmitFrameInternal: FrameIndex discontinuity: Expected 1, Received 0
2022-05-21 12:46:53.198 22640-22674/com.nvidia.cloudxr.ovr I/chatty: uid=10092(com.nvidia.cloudxr.ovr) CloudXRClientOV identical 6 lines
2022-05-21 12:46:53.212 22640-22674/com.nvidia.cloudxr.ovr W/VrApi: ovr_SubmitFrameInternal: FrameIndex discontinuity: Expected 1, Received 0
2022-05-21 12:46:53.226 22640-22674/com.nvidia.cloudxr.ovr W/VrApi: ovr_SubmitFrameInternal: FrameIndex discontinuity: Expected 1, Received 0
2022-05-21 12:46:53.379 22640-22674/com.nvidia.cloudxr.ovr I/chatty: uid=10092(com.nvidia.cloudxr.ovr) CloudXRClientOV identical 11 lines
2022-05-21 12:46:53.393 22640-22674/com.nvidia.cloudxr.ovr W/VrApi: ovr_SubmitFrameInternal: FrameIndex discontinuity: Expected 1, Received 0
2022-05-21 12:46:53.407 22640-22674/com.nvidia.cloudxr.ovr W/VrApi: ovr_SubmitFrameInternal: FrameIndex discontinuity: Expected 1, Received 0
2022-05-21 12:46:53.449 22640-22674/com.nvidia.cloudxr.ovr I/chatty: uid=10092(com.nvidia.cloudxr.ovr) CloudXRClientOV identical 3 lines
2022-05-21 12:46:53.463 22640-22674/com.nvidia.cloudxr.ovr W/VrApi: ovr_SubmitFrameInternal: FrameIndex discontinuity: Expected 1, Received 0
2022-05-21 12:46:53.477 22640-22674/com.nvidia.cloudxr.ovr W/VrApi: ovr_SubmitFrameInternal: FrameIndex discontinuity: Expected 1, Received 0
2022-05-21 12:46:53.797 22640-22674/com.nvidia.cloudxr.ovr I/chatty: uid=10092(com.nvidia.cloudxr.ovr) CloudXRClientOV identical 23 lines
2022-05-21 12:46:53.811 22640-22674/com.nvidia.cloudxr.ovr W/VrApi: ovr_SubmitFrameInternal: FrameIndex discontinuity: Expected 1, Received 0
2022-05-21 12:46:53.825 22640-22674/com.nvidia.cloudxr.ovr W/VrApi: ovr_SubmitFrameInternal: FrameIndex discontinuity: Expected 1, Received 0
2022-05-21 12:46:53.992 22640-22674/com.nvidia.cloudxr.ovr I/chatty: uid=10092(com.nvidia.cloudxr.ovr) CloudXRClientOV identical 12 lines
2022-05-21 12:46:54.006 22640-22674/com.nvidia.cloudxr.ovr W/VrApi: ovr_SubmitFrameInternal: FrameIndex discontinuity: Expected 1, Received 0
2022-05-21 12:46:54.020 22640-22674/com.nvidia.cloudxr.ovr W/VrApi: ovr_SubmitFrameInternal: FrameIndex discontinuity: Expected 1, Received 0
2022-05-21 12:46:54.089 22640-22674/com.nvidia.cloudxr.ovr I/chatty: uid=10092(com.nvidia.cloudxr.ovr) CloudXRClientOV identical 5 lines
2022-05-21 12:46:54.103 22640-22674/com.nvidia.cloudxr.ovr W/VrApi: ovr_SubmitFrameInternal: FrameIndex discontinuity: Expected 1, Received 0
2022-05-21 12:46:54.104 22640-22727/com.nvidia.cloudxr.ovr I/VrApi: FPS=72/72,Prd=0ms,Tear=0,Early=0,Stale=0,VSnc=1,Lat=0,Fov=0,CPU4/GPU=1/1,2419/400MHz,OC=FF,TA=0/70/0,SP=N/F/N,Mem=2092MHz,Free=2101MB,PLS=0,Temp=29.5C/0.0C,TW=1.61ms,App=0.00ms,GD=0.00ms,CPU&GPU=1.24ms,LCnt=2,GPU%=0.12,CPU%=0.03(W0.05),DSF=1.00
2022-05-21 12:46:54.117 22640-22674/com.nvidia.cloudxr.ovr W/VrApi: ovr_SubmitFrameInternal: FrameIndex discontinuity: Expected 1, Received 0
2022-05-21 12:46:54.145 22640-22674/com.nvidia.cloudxr.ovr I/chatty: uid=10092(com.nvidia.cloudxr.ovr) CloudXRClientOV identical 2 lines
2022-05-21 12:46:54.159 22640-22674/com.nvidia.cloudxr.ovr W/VrApi: ovr_SubmitFrameInternal: FrameIndex discontinuity: Expected 1, Received 0
2022-05-21 12:46:54.173 22640-22674/com.nvidia.cloudxr.ovr W/VrApi: ovr_SubmitFrameInternal: FrameIndex discontinuity: Expected 1, Received 0
2022-05-21 12:46:54.201 22640-22674/com.nvidia.cloudxr.ovr I/chatty: uid=10092(com.nvidia.cloudxr.ovr) CloudXRClientOV identical 2 lines
2022-05-21 12:46:54.215 22640-22674/com.nvidia.cloudxr.ovr W/VrApi: ovr_SubmitFrameInternal: FrameIndex discontinuity: Expected 1, Received 0
2022-05-21 12:46:54.229 22640-22674/com.nvidia.cloudxr.ovr W/VrApi: ovr_SubmitFrameInternal: FrameIndex discontinuity: Expected 1, Received 0
2022-05-21 12:46:54.243 22640-22674/com.nvidia.cloudxr.ovr W/VrApi: ovr_SubmitFrameInternal: FrameIndex discontinuity: Expected 1, Received 0
2022-05-21 12:46:54.438 22640-22674/com.nvidia.cloudxr.ovr I/chatty: uid=10092(com.nvidia.cloudxr.ovr) CloudXRClientOV identical 14 lines
2022-05-21 12:46:54.451 22640-22674/com.nvidia.cloudxr.ovr W/VrApi: ovr_SubmitFrameInternal: FrameIndex discontinuity: Expected 1, Received 0
2022-05-21 12:46:54.465 22640-22674/com.nvidia.cloudxr.ovr W/VrApi: ovr_SubmitFrameInternal: FrameIndex discontinuity: Expected 1, Received 0
2022-05-21 12:46:54.479 22640-22674/com.nvidia.cloudxr.ovr W/VrApi: ovr_SubmitFrameInternal: FrameIndex discontinuity: Expected 1, Received 0
2022-05-21 12:46:54.493 22640-22674/com.nvidia.cloudxr.ovr W/VrApi: ovr_SubmitFrameInternal: FrameIndex discontinuity: Expected 1, Received 0
2022-05-21 12:46:54.619 22640-22674/com.nvidia.cloudxr.ovr I/chatty: uid=10092(com.nvidia.cloudxr.ovr) CloudXRClientOV identical 9 lines
2022-05-21 12:46:54.632 22640-22674/com.nvidia.cloudxr.ovr W/VrApi: ovr_SubmitFrameInternal: FrameIndex discontinuity: Expected 1, Received 0
2022-05-21 12:46:54.646 22640-22674/com.nvidia.cloudxr.ovr W/VrApi: ovr_SubmitFrameInternal: FrameIndex discontinuity: Expected 1, Received 0
2022-05-21 12:46:54.660 22640-22674/com.nvidia.cloudxr.ovr I/chatty: uid=10092(com.nvidia.cloudxr.ovr) CloudXRClientOV identical 1 line
2022-05-21 12:46:54.674 22640-22674/com.nvidia.cloudxr.ovr W/VrApi: ovr_SubmitFrameInternal: FrameIndex discontinuity: Expected 1, Received 0
2022-05-21 12:46:54.688 22640-22674/com.nvidia.cloudxr.ovr W/VrApi: ovr_SubmitFrameInternal: FrameIndex discontinuity: Expected 1, Received 0
2022-05-21 12:46:54.702 22640-22674/com.nvidia.cloudxr.ovr I/chatty: uid=10092(com.nvidia.cloudxr.ovr) CloudXRClientOV identical 1 line
2022-05-21 12:46:54.716 22640-22674/com.nvidia.cloudxr.ovr W/VrApi: ovr_SubmitFrameInternal: FrameIndex discontinuity: Expected 1, Received 0
2022-05-21 12:46:54.730 22640-22674/com.nvidia.cloudxr.ovr W/VrApi: ovr_SubmitFrameInternal: FrameIndex discontinuity: Expected 1, Received 0
2022-05-21 12:46:54.883 22640-22674/com.nvidia.cloudxr.ovr I/chatty: uid=10092(com.nvidia.cloudxr.ovr) CloudXRClientOV identical 11 lines
2022-05-21 12:46:54.897 22640-22674/com.nvidia.cloudxr.ovr W/VrApi: ovr_SubmitFrameInternal: FrameIndex discontinuity: Expected 1, Received 0
2022-05-21 12:46:54.911 22640-22674/com.nvidia.cloudxr.ovr W/VrApi: ovr_SubmitFrameInternal: FrameIndex discontinuity: Expected 1, Received 0
2022-05-21 12:46:54.995 22640-22674/com.nvidia.cloudxr.ovr I/chatty: uid=10092(com.nvidia.cloudxr.ovr) CloudXRClientOV identical 6 lines
2022-05-21 12:46:55.008 22640-22674/com.nvidia.cloudxr.ovr W/VrApi: ovr_SubmitFrameInternal: FrameIndex discontinuity: Expected 1, Received 0
2022-05-21 12:46:55.022 22640-22674/com.nvidia.cloudxr.ovr W/VrApi: ovr_SubmitFrameInternal: FrameIndex discontinuity: Expected 1, Received 0
2022-05-21 12:46:55.050 22640-22674/com.nvidia.cloudxr.ovr I/chatty: uid=10092(com.nvidia.cloudxr.ovr) CloudXRClientOV identical 2 lines
2022-05-21 12:46:55.064 22640-22674/com.nvidia.cloudxr.ovr W/VrApi: ovr_SubmitFrameInternal: FrameIndex discontinuity: Expected 1, Received 0
2022-05-21 12:46:55.078 22640-22674/com.nvidia.cloudxr.ovr W/VrApi: ovr_SubmitFrameInternal: FrameIndex discontinuity: Expected 1, Received 0
2022-05-21 12:46:55.092 22640-22674/com.nvidia.cloudxr.ovr W/VrApi: ovr_SubmitFrameInternal: FrameIndex discontinuity: Expected 1, Received 0
2022-05-21 12:46:55.105 22640-22727/com.nvidia.cloudxr.ovr I/VrApi: FPS=72/72,Prd=0ms,Tear=0,Early=0,Stale=0,VSnc=1,Lat=0,Fov=0,CPU4/GPU=1/1,940/400MHz,OC=FF,TA=0/70/0,SP=N/F/N,Mem=1353MHz,Free=2101MB,PLS=0,Temp=29.5C/0.0C,TW=1.61ms,App=0.00ms,GD=0.00ms,CPU&GPU=1.24ms,LCnt=2,GPU%=0.12,CPU%=0.04(W0.09),DSF=1.00
2022-05-21 12:46:55.106 22640-22674/com.nvidia.cloudxr.ovr W/VrApi: ovr_SubmitFrameInternal: FrameIndex discontinuity: Expected 1, Received 0
2022-05-21 12:46:55.120 22640-22674/com.nvidia.cloudxr.ovr W/VrApi: ovr_SubmitFrameInternal: FrameIndex discontinuity: Expected 1, Received 0
2022-05-21 12:46:55.134 22640-22674/com.nvidia.cloudxr.ovr W/VrApi: ovr_SubmitFrameInternal: FrameIndex discontinuity: Expected 1, Received 0
2022-05-21 12:46:55.148 22640-22674/com.nvidia.cloudxr.ovr W/VrApi: ovr_SubmitFrameInternal: FrameIndex discontinuity: Expected 1, Received 0
2022-05-21 12:46:55.203 22640-22674/com.nvidia.cloudxr.ovr I/chatty: uid=10092(com.nvidia.cloudxr.ovr) CloudXRClientOV identical 4 lines
2022-05-21 12:46:55.217 22640-22674/com.nvidia.cloudxr.ovr W/VrApi: ovr_SubmitFrameInternal: FrameIndex discontinuity: Expected 1, Received 0
2022-05-21 12:46:55.231 22640-22674/com.nvidia.cloudxr.ovr W/VrApi: ovr_SubmitFrameInternal: FrameIndex discontinuity: Expected 1, Received 0
2022-05-21 12:46:55.273 22640-22674/com.nvidia.cloudxr.ovr I/chatty: uid=10092(com.nvidia.cloudxr.ovr) CloudXRClientOV identical 3 lines
2022-05-21 12:46:55.287 22640-22674/com.nvidia.cloudxr.ovr W/VrApi: ovr_SubmitFrameInternal: FrameIndex discontinuity: Expected 1, Received 0
2022-05-21 12:46:55.301 22640-22674/com.nvidia.cloudxr.ovr W/VrApi: ovr_SubmitFrameInternal: FrameIndex discontinuity: Expected 1, Received 0
2022-05-21 12:46:55.329 22640-22674/com.nvidia.cloudxr.ovr I/chatty: uid=10092(com.nvidia.cloudxr.ovr) CloudXRClientOV identical 2 lines
2022-05-21 12:46:55.343 22640-22674/com.nvidia.cloudxr.ovr W/VrApi: ovr_SubmitFrameInternal: FrameIndex discontinuity: Expected 1, Received 0
2022-05-21 12:46:55.357 22640-22674/com.nvidia.cloudxr.ovr W/VrApi: ovr_SubmitFrameInternal: FrameIndex discontinuity: Expected 1, Received 0
2022-05-21 12:46:55.384 22640-22674/com.nvidia.cloudxr.ovr I/chatty: uid=10092(com.nvidia.cloudxr.ovr) CloudXRClientOV identical 2 lines
2022-05-21 12:46:55.398 22640-22674/com.nvidia.cloudxr.ovr W/VrApi: ovr_SubmitFrameInternal: FrameIndex discontinuity: Expected 1, Received 0
2022-05-21 12:46:55.412 22640-22674/com.nvidia.cloudxr.ovr W/VrApi: ovr_SubmitFrameInternal: FrameIndex discontinuity: Expected 1, Received 0
2022-05-21 12:46:55.426 22640-22674/com.nvidia.cloudxr.ovr W/VrApi: ovr_SubmitFrameInternal: FrameIndex discontinuity: Expected 1, Received 0
2022-05-21 12:46:55.440 22640-22674/com.nvidia.cloudxr.ovr W/VrApi: ovr_SubmitFrameInternal: FrameIndex discontinuity: Expected 1, Received 0
2022-05-21 12:46:55.454 22640-22674/com.nvidia.cloudxr.ovr W/VrApi: ovr_SubmitFrameInternal: FrameIndex discontinuity: Expected 1, Received 0
2022-05-21 12:46:55.468 22640-22674/com.nvidia.cloudxr.ovr W/VrApi: ovr_SubmitFrameInternal: FrameIndex discontinuity: Expected 1, Received 0
2022-05-21 12:46:55.482 22640-22674/com.nvidia.cloudxr.ovr W/VrApi: ovr_SubmitFrameInternal: FrameIndex discontinuity: Expected 1, Received 0
2022-05-21 12:46:55.496 22640-22674/com.nvidia.cloudxr.ovr W/VrApi: ovr_SubmitFrameInternal: FrameIndex discontinuity: Expected 1, Received 0
2022-05-21 12:46:55.510 22640-22674/com.nvidia.cloudxr.ovr W/VrApi: ovr_SubmitFrameInternal: FrameIndex discontinuity: Expected 1, Received 0
2022-05-21 12:46:55.524 22640-22674/com.nvidia.cloudxr.ovr W/VrApi: ovr_SubmitFrameInternal: FrameIndex discontinuity: Expected 1, Received 0
2022-05-21 12:46:55.537 22640-22674/com.nvidia.cloudxr.ovr W/VrApi: ovr_SubmitFrameInternal: FrameIndex discontinuity: Expected 1, Received 0
2022-05-21 12:46:55.551 22640-22674/com.nvidia.cloudxr.ovr W/VrApi: ovr_SubmitFrameInternal: FrameIndex discontinuity: Expected 1, Received 0
2022-05-21 12:46:55.565 22640-22674/com.nvidia.cloudxr.ovr W/VrApi: ovr_SubmitFrameInternal: FrameIndex discontinuity: Expected 1, Received 0
2022-05-21 12:46:55.579 22640-22674/com.nvidia.cloudxr.ovr W/VrApi: ovr_SubmitFrameInternal: FrameIndex discontinuity: Expected 1, Received 0
2022-05-21 12:46:55.593 22640-22674/com.nvidia.cloudxr.ovr I/chatty: uid=10092(com.nvidia.cloudxr.ovr) CloudXRClientOV identical 1 line
2022-05-21 12:46:55.607 22640-22674/com.nvidia.cloudxr.ovr W/VrApi: ovr_SubmitFrameInternal: FrameIndex discontinuity: Expected 1, Received 0
2022-05-21 12:46:55.621 22640-22674/com.nvidia.cloudxr.ovr W/VrApi: ovr_SubmitFrameInternal: FrameIndex discontinuity: Expected 1, Received 0
2022-05-21 12:46:55.774 22640-22674/com.nvidia.cloudxr.ovr I/chatty: uid=10092(com.nvidia.cloudxr.ovr) CloudXRClientOV identical 11 lines
2022-05-21 12:46:55.788 22640-22674/com.nvidia.cloudxr.ovr W/VrApi: ovr_SubmitFrameInternal: FrameIndex discontinuity: Expected 1, Received 0
2022-05-21 12:46:55.802 22640-22674/com.nvidia.cloudxr.ovr W/VrApi: ovr_SubmitFrameInternal: FrameIndex discontinuity: Expected 1, Received 0
2022-05-21 12:46:55.816 22640-22674/com.nvidia.cloudxr.ovr W/VrApi: ovr_SubmitFrameInternal: FrameIndex discontinuity: Expected 1, Received 0
2022-05-21 12:46:55.886 22640-22674/com.nvidia.cloudxr.ovr I/chatty: uid=10092(com.nvidia.cloudxr.ovr) CloudXRClientOV identical 5 lines
2022-05-21 12:46:55.900 22640-22674/com.nvidia.cloudxr.ovr W/VrApi: ovr_SubmitFrameInternal: FrameIndex discontinuity: Expected 1, Received 0
2022-05-21 12:46:55.913 22640-22674/com.nvidia.cloudxr.ovr W/VrApi: ovr_SubmitFrameInternal: FrameIndex discontinuity: Expected 1, Received 0
2022-05-21 12:46:55.927 22640-22674/com.nvidia.cloudxr.ovr I/chatty: uid=10092(com.nvidia.cloudxr.ovr) CloudXRClientOV identical 1 line
2022-05-21 12:46:55.941 22640-22674/com.nvidia.cloudxr.ovr W/VrApi: ovr_SubmitFrameInternal: FrameIndex discontinuity: Expected 1, Received 0
2022-05-21 12:46:55.955 22640-22674/com.nvidia.cloudxr.ovr W/VrApi: ovr_SubmitFrameInternal: FrameIndex discontinuity: Expected 1, Received 0
2022-05-21 12:46:55.997 22640-22674/com.nvidia.cloudxr.ovr I/chatty: uid=10092(com.nvidia.cloudxr.ovr) CloudXRClientOV identical 3 lines
2022-05-21 12:46:56.011 22640-22674/com.nvidia.cloudxr.ovr W/VrApi: ovr_SubmitFrameInternal: FrameIndex discontinuity: Expected 1, Received 0
2022-05-21 12:46:56.025 22640-22674/com.nvidia.cloudxr.ovr W/VrApi: ovr_SubmitFrameInternal: FrameIndex discontinuity: Expected 1, Received 0
2022-05-21 12:46:56.080 22640-22674/com.nvidia.cloudxr.ovr I/chatty: uid=10092(com.nvidia.cloudxr.ovr) CloudXRClientOV identical 4 lines
2022-05-21 12:46:56.094 22640-22674/com.nvidia.cloudxr.ovr W/VrApi: ovr_SubmitFrameInternal: FrameIndex discontinuity: Expected 1, Received 0
2022-05-21 12:46:56.105 22640-22727/com.nvidia.cloudxr.ovr I/VrApi: FPS=72/72,Prd=0ms,Tear=0,Early=0,Stale=0,VSnc=1,Lat=0,Fov=0,CPU4/GPU=1/1,940/400MHz,OC=FF,TA=0/70/0,SP=N/F/N,Mem=1353MHz,Free=2101MB,PLS=0,Temp=29.5C/0.0C,TW=1.69ms,App=0.00ms,GD=0.00ms,CPU&GPU=1.26ms,LCnt=2,GPU%=0.14,CPU%=0.06(W0.10),DSF=1.00
2022-05-21 12:46:56.108 22640-22674/com.nvidia.cloudxr.ovr W/VrApi: ovr_SubmitFrameInternal: FrameIndex discontinuity: Expected 1, Received 0
2022-05-21 12:46:56.234 22640-22674/com.nvidia.cloudxr.ovr I/chatty: uid=10092(com.nvidia.cloudxr.ovr) CloudXRClientOV identical 9 lines
2022-05-21 12:46:56.248 22640-22674/com.nvidia.cloudxr.ovr W/VrApi: ovr_SubmitFrameInternal: FrameIndex discontinuity: Expected 1, Received 0
2022-05-21 12:46:56.261 22640-22674/com.nvidia.cloudxr.ovr W/VrApi: ovr_SubmitFrameInternal: FrameIndex discontinuity: Expected 1, Received 0
2022-05-21 12:46:56.582 22640-22674/com.nvidia.cloudxr.ovr I/chatty: uid=10092(com.nvidia.cloudxr.ovr) CloudXRClientOV identical 23 lines
2022-05-21 12:46:56.596 22640-22674/com.nvidia.cloudxr.ovr W/VrApi: ovr_SubmitFrameInternal: FrameIndex discontinuity: Expected 1, Received 0
2022-05-21 12:46:56.610 22640-22674/com.nvidia.cloudxr.ovr W/VrApi: ovr_SubmitFrameInternal: FrameIndex discontinuity: Expected 1, Received 0
2022-05-21 12:46:56.651 22640-22674/com.nvidia.cloudxr.ovr I/chatty: uid=10092(com.nvidia.cloudxr.ovr) CloudXRClientOV identical 3 lines
2022-05-21 12:46:56.665 22640-22674/com.nvidia.cloudxr.ovr W/VrApi: ovr_SubmitFrameInternal: FrameIndex discontinuity: Expected 1, Received 0
2022-05-21 12:46:56.679 22640-22674/com.nvidia.cloudxr.ovr W/VrApi: ovr_SubmitFrameInternal: FrameIndex discontinuity: Expected 1, Received 0
2022-05-21 12:46:56.721 22640-22674/com.nvidia.cloudxr.ovr I/chatty: uid=10092(com.nvidia.cloudxr.ovr) CloudXRClientOV identical 3 lines
2022-05-21 12:46:56.735 22640-22674/com.nvidia.cloudxr.ovr W/VrApi: ovr_SubmitFrameInternal: FrameIndex discontinuity: Expected 1, Received 0
2022-05-21 12:46:56.749 22640-22674/com.nvidia.cloudxr.ovr W/VrApi: ovr_SubmitFrameInternal: FrameIndex discontinuity: Expected 1, Received 0
2022-05-21 12:46:56.791 22640-22674/com.nvidia.cloudxr.ovr I/chatty: uid=10092(com.nvidia.cloudxr.ovr) CloudXRClientOV identical 3 lines
2022-05-21 12:46:56.805 22640-22674/com.nvidia.cloudxr.ovr W/VrApi: ovr_SubmitFrameInternal: FrameIndex discontinuity: Expected 1, Received 0
2022-05-21 12:46:56.818 22640-22674/com.nvidia.cloudxr.ovr W/VrApi: ovr_SubmitFrameInternal: FrameIndex discontinuity: Expected 1, Received 0
2022-05-21 12:46:56.999 22640-22674/com.nvidia.cloudxr.ovr I/chatty: uid=10092(com.nvidia.cloudxr.ovr) CloudXRClientOV identical 13 lines
2022-05-21 12:46:57.013 22640-22674/com.nvidia.cloudxr.ovr W/VrApi: ovr_SubmitFrameInternal: FrameIndex discontinuity: Expected 1, Received 0
2022-05-21 12:46:57.027 22640-22674/com.nvidia.cloudxr.ovr W/VrApi: ovr_SubmitFrameInternal: FrameIndex discontinuity: Expected 1, Received 0
2022-05-21 12:46:57.083 22640-22674/com.nvidia.cloudxr.ovr I/chatty: uid=10092(com.nvidia.cloudxr.ovr) CloudXRClientOV identical 4 lines
2022-05-21 12:46:57.097 22640-22674/com.nvidia.cloudxr.ovr W/VrApi: ovr_SubmitFrameInternal: FrameIndex discontinuity: Expected 1, Received 0
2022-05-21 12:46:57.105 22640-22727/com.nvidia.cloudxr.ovr I/VrApi: FPS=72/72,Prd=0ms,Tear=0,Early=0,Stale=0,VSnc=1,Lat=0,Fov=0,CPU4/GPU=1/1,940/400MHz,OC=FF,TA=0/70/0,SP=N/F/N,Mem=1353MHz,Free=2101MB,PLS=0,Temp=29.5C/0.0C,TW=1.51ms,App=0.00ms,GD=0.00ms,CPU&GPU=1.41ms,LCnt=2,GPU%=0.11,CPU%=0.05(W0.05),DSF=1.00
2022-05-21 12:46:57.111 22640-22674/com.nvidia.cloudxr.ovr W/VrApi: ovr_SubmitFrameInternal: FrameIndex discontinuity: Expected 1, Received 0
2022-05-21 12:46:57.250 22640-22674/com.nvidia.cloudxr.ovr I/chatty: uid=10092(com.nvidia.cloudxr.ovr) CloudXRClientOV identical 10 lines
2022-05-21 12:46:57.264 22640-22674/com.nvidia.cloudxr.ovr W/VrApi: ovr_SubmitFrameInternal: FrameIndex discontinuity: Expected 1, Received 0
2022-05-21 12:46:57.278 22640-22674/com.nvidia.cloudxr.ovr W/VrApi: ovr_SubmitFrameInternal: FrameIndex discontinuity: Expected 1, Received 0
2022-05-21 12:46:57.542 22640-22674/com.nvidia.cloudxr.ovr I/chatty: uid=10092(com.nvidia.cloudxr.ovr) CloudXRClientOV identical 19 lines
2022-05-21 12:46:57.556 22640-22674/com.nvidia.cloudxr.ovr W/VrApi: ovr_SubmitFrameInternal: FrameIndex discontinuity: Expected 1, Received 0
2022-05-21 12:46:57.570 22640-22674/com.nvidia.cloudxr.ovr W/VrApi: ovr_SubmitFrameInternal: FrameIndex discontinuity: Expected 1, Received 0
2022-05-21 12:46:57.584 22640-22674/com.nvidia.cloudxr.ovr W/VrApi: ovr_SubmitFrameInternal: FrameIndex discontinuity: Expected 1, Received 0
2022-05-21 12:46:57.835 22640-22674/com.nvidia.cloudxr.ovr I/chatty: uid=10092(com.nvidia.cloudxr.ovr) CloudXRClientOV identical 18 lines
2022-05-21 12:46:57.849 22640-22674/com.nvidia.cloudxr.ovr W/VrApi: ovr_SubmitFrameInternal: FrameIndex discontinuity: Expected 1, Received 0
2022-05-21 12:46:57.863 22640-22674/com.nvidia.cloudxr.ovr W/VrApi: ovr_SubmitFrameInternal: FrameIndex discontinuity: Expected 1, Received 0
2022-05-21 12:46:58.002 22640-22674/com.nvidia.cloudxr.ovr I/chatty: uid=10092(com.nvidia.cloudxr.ovr) CloudXRClientOV identical 10 lines
2022-05-21 12:46:58.016 22640-22674/com.nvidia.cloudxr.ovr W/VrApi: ovr_SubmitFrameInternal: FrameIndex discontinuity: Expected 1, Received 0
2022-05-21 12:46:58.030 22640-22674/com.nvidia.cloudxr.ovr W/VrApi: ovr_SubmitFrameInternal: FrameIndex discontinuity: Expected 1, Received 0
2022-05-21 12:46:58.085 22640-22674/com.nvidia.cloudxr.ovr I/chatty: uid=10092(com.nvidia.cloudxr.ovr) CloudXRClientOV identical 4 lines
2022-05-21 12:46:58.099 22640-22674/com.nvidia.cloudxr.ovr W/VrApi: ovr_SubmitFrameInternal: FrameIndex discontinuity: Expected 1, Received 0
2022-05-21 12:46:58.105 22640-22727/com.nvidia.cloudxr.ovr I/VrApi: FPS=72/72,Prd=0ms,Tear=0,Early=0,Stale=0,VSnc=1,Lat=0,Fov=0,CPU4/GPU=1/1,940/400MHz,OC=FF,TA=0/70/0,SP=N/F/N,Mem=1353MHz,Free=2101MB,PLS=0,Temp=29.5C/0.0C,TW=1.73ms,App=0.00ms,GD=0.00ms,CPU&GPU=1.40ms,LCnt=2,GPU%=0.13,CPU%=0.03(W0.09),DSF=1.00
2022-05-21 12:46:58.113 22640-22674/com.nvidia.cloudxr.ovr W/VrApi: ovr_SubmitFrameInternal: FrameIndex discontinuity: Expected 1, Received 0
2022-05-21 12:46:58.239 22640-22674/com.nvidia.cloudxr.ovr I/chatty: uid=10092(com.nvidia.cloudxr.ovr) CloudXRClientOV identical 9 lines
2022-05-21 12:46:58.253 22640-22674/com.nvidia.cloudxr.ovr W/VrApi: ovr_SubmitFrameInternal: FrameIndex discontinuity: Expected 1, Received 0
2022-05-21 12:46:58.266 22640-22674/com.nvidia.cloudxr.ovr W/VrApi: ovr_SubmitFrameInternal: FrameIndex discontinuity: Expected 1, Received 0
2022-05-21 12:46:58.392 22640-22674/com.nvidia.cloudxr.ovr I/chatty: uid=10092(com.nvidia.cloudxr.ovr) CloudXRClientOV identical 9 lines
2022-05-21 12:46:58.406 22640-22674/com.nvidia.cloudxr.ovr W/VrApi: ovr_SubmitFrameInternal: FrameIndex discontinuity: Expected 1, Received 0
2022-05-21 12:46:58.420 22640-22674/com.nvidia.cloudxr.ovr W/VrApi: ovr_SubmitFrameInternal: FrameIndex discontinuity: Expected 1, Received 0
2022-05-21 12:46:58.573 22640-22674/com.nvidia.cloudxr.ovr I/chatty: uid=10092(com.nvidia.cloudxr.ovr) CloudXRClientOV identical 11 lines
2022-05-21 12:46:58.587 22640-22674/com.nvidia.cloudxr.ovr W/VrApi: ovr_SubmitFrameInternal: FrameIndex discontinuity: Expected 1, Received 0
2022-05-21 12:46:58.601 22640-22674/com.nvidia.cloudxr.ovr W/VrApi: ovr_SubmitFrameInternal: FrameIndex discontinuity: Expected 1, Received 0
2022-05-21 12:46:58.615 22640-22674/com.nvidia.cloudxr.ovr W/VrApi: ovr_SubmitFrameInternal: FrameIndex discontinuity: Expected 1, Received 0
2022-05-21 12:46:58.628 22640-22674/com.nvidia.cloudxr.ovr W/VrApi: ovr_SubmitFrameInternal: FrameIndex discontinuity: Expected 1, Received 0
2022-05-21 12:46:58.698 22640-22674/com.nvidia.cloudxr.ovr I/chatty: uid=10092(com.nvidia.cloudxr.ovr) CloudXRClientOV identical 5 lines
2022-05-21 12:46:58.712 22640-22674/com.nvidia.cloudxr.ovr W/VrApi: ovr_SubmitFrameInternal: FrameIndex discontinuity: Expected 1, Received 0
2022-05-21 12:46:58.726 22640-22674/com.nvidia.cloudxr.ovr W/VrApi: ovr_SubmitFrameInternal: FrameIndex discontinuity: Expected 1, Received 0
2022-05-21 12:46:59.004 22640-22674/com.nvidia.cloudxr.ovr I/chatty: uid=10092(com.nvidia.cloudxr.ovr) CloudXRClientOV identical 20 lines
2022-05-21 12:46:59.018 22640-22674/com.nvidia.cloudxr.ovr W/VrApi: ovr_SubmitFrameInternal: FrameIndex discontinuity: Expected 1, Received 0
2022-05-21 12:46:59.032 22640-22674/com.nvidia.cloudxr.ovr W/VrApi: ovr_SubmitFrameInternal: FrameIndex discontinuity: Expected 1, Received 0
2022-05-21 12:46:59.088 22640-22674/com.nvidia.cloudxr.ovr I/chatty: uid=10092(com.nvidia.cloudxr.ovr) CloudXRClientOV identical 4 lines
2022-05-21 12:46:59.102 22640-22674/com.nvidia.cloudxr.ovr W/VrApi: ovr_SubmitFrameInternal: FrameIndex discontinuity: Expected 1, Received 0
2022-05-21 12:46:59.105 22640-22727/com.nvidia.cloudxr.ovr I/VrApi: FPS=72/72,Prd=0ms,Tear=0,Early=0,Stale=0,VSnc=1,Lat=0,Fov=0,CPU4/GPU=1/1,940/400MHz,OC=FF,TA=0/70/0,SP=N/F/N,Mem=1353MHz,Free=2101MB,PLS=0,Temp=29.5C/0.0C,TW=1.73ms,App=0.00ms,GD=0.00ms,CPU&GPU=1.38ms,LCnt=2,GPU%=0.13,CPU%=0.03(W0.05),DSF=1.00
2022-05-21 12:46:59.116 22640-22674/com.nvidia.cloudxr.ovr W/VrApi: ovr_SubmitFrameInternal: FrameIndex discontinuity: Expected 1, Received 0
2022-05-21 12:46:59.171 22640-22674/com.nvidia.cloudxr.ovr I/chatty: uid=10092(com.nvidia.cloudxr.ovr) CloudXRClientOV identical 4 lines
2022-05-21 12:46:59.185 22640-22674/com.nvidia.cloudxr.ovr W/VrApi: ovr_SubmitFrameInternal: FrameIndex discontinuity: Expected 1, Received 0
2022-05-21 12:46:59.199 22640-22674/com.nvidia.cloudxr.ovr W/VrApi: ovr_SubmitFrameInternal: FrameIndex discontinuity: Expected 1, Received 0
2022-05-21 12:46:59.227 22640-22674/com.nvidia.cloudxr.ovr I/chatty: uid=10092(com.nvidia.cloudxr.ovr) CloudXRClientOV identical 2 lines
2022-05-21 12:46:59.241 22640-22674/com.nvidia.cloudxr.ovr W/VrApi: ovr_SubmitFrameInternal: FrameIndex discontinuity: Expected 1, Received 0
2022-05-21 12:46:59.255 22640-22674/com.nvidia.cloudxr.ovr W/VrApi: ovr_SubmitFrameInternal: FrameIndex discontinuity: Expected 1, Received 0
2022-05-21 12:46:59.283 22640-22674/com.nvidia.cloudxr.ovr I/chatty: uid=10092(com.nvidia.cloudxr.ovr) CloudXRClientOV identical 2 lines
2022-05-21 12:46:59.297 22640-22674/com.nvidia.cloudxr.ovr W/VrApi: ovr_SubmitFrameInternal: FrameIndex discontinuity: Expected 1, Received 0
2022-05-21 12:46:59.311 22640-22674/com.nvidia.cloudxr.ovr W/VrApi: ovr_SubmitFrameInternal: FrameIndex discontinuity: Expected 1, Received 0
2022-05-21 12:46:59.478 22640-22674/com.nvidia.cloudxr.ovr I/chatty: uid=10092(com.nvidia.cloudxr.ovr) CloudXRClientOV identical 12 lines
2022-05-21 12:46:59.492 22640-22674/com.nvidia.cloudxr.ovr W/VrApi: ovr_SubmitFrameInternal: FrameIndex discontinuity: Expected 1, Received 0
2022-05-21 12:46:59.506 22640-22674/com.nvidia.cloudxr.ovr W/VrApi: ovr_SubmitFrameInternal: FrameIndex discontinuity: Expected 1, Received 0
2022-05-21 12:46:59.520 22640-22674/com.nvidia.cloudxr.ovr I/chatty: uid=10092(com.nvidia.cloudxr.ovr) CloudXRClientOV identical 1 line
2022-05-21 12:46:59.533 22640-22674/com.nvidia.cloudxr.ovr W/VrApi: ovr_SubmitFrameInternal: FrameIndex discontinuity: Expected 1, Received 0
2022-05-21 12:46:59.547 22640-22674/com.nvidia.cloudxr.ovr W/VrApi: ovr_SubmitFrameInternal: FrameIndex discontinuity: Expected 1, Received 0
2022-05-21 12:46:59.840 22640-22674/com.nvidia.cloudxr.ovr I/chatty: uid=10092(com.nvidia.cloudxr.ovr) CloudXRClientOV identical 21 lines
2022-05-21 12:46:59.854 22640-22674/com.nvidia.cloudxr.ovr W/VrApi: ovr_SubmitFrameInternal: FrameIndex discontinuity: Expected 1, Received 0
2022-05-21 12:46:59.868 22640-22674/com.nvidia.cloudxr.ovr W/VrApi: ovr_SubmitFrameInternal: FrameIndex discontinuity: Expected 1, Received 0
2022-05-21 12:47:00.007 22640-22674/com.nvidia.cloudxr.ovr I/chatty: uid=10092(com.nvidia.cloudxr.ovr) CloudXRClientOV identical 10 lines
2022-05-21 12:47:00.021 22640-22674/com.nvidia.cloudxr.ovr W/VrApi: ovr_SubmitFrameInternal: FrameIndex discontinuity: Expected 1, Received 0
2022-05-21 12:47:00.035 22640-22674/com.nvidia.cloudxr.ovr W/VrApi: ovr_SubmitFrameInternal: FrameIndex discontinuity: Expected 1, Received 0
2022-05-21 12:47:00.049 22640-22674/com.nvidia.cloudxr.ovr W/VrApi: ovr_SubmitFrameInternal: FrameIndex discontinuity: Expected 1, Received 0
2022-05-21 12:47:00.063 22640-22674/com.nvidia.cloudxr.ovr I/chatty: uid=10092(com.nvidia.cloudxr.ovr) CloudXRClientOV identical 1 line
2022-05-21 12:47:00.077 22640-22674/com.nvidia.cloudxr.ovr W/VrApi: ovr_SubmitFrameInternal: FrameIndex discontinuity: Expected 1, Received 0
2022-05-21 12:47:00.090 22640-22674/com.nvidia.cloudxr.ovr W/VrApi: ovr_SubmitFrameInternal: FrameIndex discontinuity: Expected 1, Received 0
2022-05-21 12:47:00.104 22640-22674/com.nvidia.cloudxr.ovr W/VrApi: ovr_SubmitFrameInternal: FrameIndex discontinuity: Expected 1, Received 0
2022-05-21 12:47:00.105 22640-22727/com.nvidia.cloudxr.ovr I/VrApi: FPS=72/72,Prd=0ms,Tear=0,Early=0,Stale=0,VSnc=1,Lat=0,Fov=0,CPU4/GPU=1/1,940/400MHz,OC=FF,TA=0/70/0,SP=N/F/N,Mem=1353MHz,Free=2101MB,PLS=0,Temp=29.5C/0.0C,TW=1.71ms,App=0.00ms,GD=0.00ms,CPU&GPU=1.38ms,LCnt=2,GPU%=0.13,CPU%=0.00(W0.00),DSF=1.00
2022-05-21 12:47:00.118 22640-22674/com.nvidia.cloudxr.ovr W/VrApi: ovr_SubmitFrameInternal: FrameIndex discontinuity: Expected 1, Received 0
2022-05-21 12:47:00.132 22640-22674/com.nvidia.cloudxr.ovr W/VrApi: ovr_SubmitFrameInternal: FrameIndex discontinuity: Expected 1, Received 0
2022-05-21 12:47:00.146 22640-22674/com.nvidia.cloudxr.ovr W/VrApi: ovr_SubmitFrameInternal: FrameIndex discontinuity: Expected 1, Received 0
2022-05-21 12:47:00.285 22640-22674/com.nvidia.cloudxr.ovr I/chatty: uid=10092(com.nvidia.cloudxr.ovr) CloudXRClientOV identical 10 lines
2022-05-21 12:47:00.299 22640-22674/com.nvidia.cloudxr.ovr W/VrApi: ovr_SubmitFrameInternal: FrameIndex discontinuity: Expected 1, Received 0
2022-05-21 12:47:00.313 22640-22674/com.nvidia.cloudxr.ovr W/VrApi: ovr_SubmitFrameInternal: FrameIndex discontinuity: Expected 1, Received 0
2022-05-21 12:47:00.731 22640-22674/com.nvidia.cloudxr.ovr I/chatty: uid=10092(com.nvidia.cloudxr.ovr) CloudXRClientOV identical 30 lines
2022-05-21 12:47:00.745 22640-22674/com.nvidia.cloudxr.ovr W/VrApi: ovr_SubmitFrameInternal: FrameIndex discontinuity: Expected 1, Received 0
2022-05-21 12:47:00.759 22640-22674/com.nvidia.cloudxr.ovr W/VrApi: ovr_SubmitFrameInternal: FrameIndex discontinuity: Expected 1, Received 0
2022-05-21 12:47:00.898 22640-22674/com.nvidia.cloudxr.ovr I/chatty: uid=10092(com.nvidia.cloudxr.ovr) CloudXRClientOV identical 10 lines
2022-05-21 12:47:00.912 22640-22674/com.nvidia.cloudxr.ovr W/VrApi: ovr_SubmitFrameInternal: FrameIndex discontinuity: Expected 1, Received 0
2022-05-21 12:47:00.926 22640-22674/com.nvidia.cloudxr.ovr W/VrApi: ovr_SubmitFrameInternal: FrameIndex discontinuity: Expected 1, Received 0
2022-05-21 12:47:01.009 22640-22674/com.nvidia.cloudxr.ovr I/chatty: uid=10092(com.nvidia.cloudxr.ovr) CloudXRClientOV identical 6 lines
2022-05-21 12:47:01.023 22640-22674/com.nvidia.cloudxr.ovr W/VrApi: ovr_SubmitFrameInternal: FrameIndex discontinuity: Expected 1, Received 0
2022-05-21 12:47:01.037 22640-22674/com.nvidia.cloudxr.ovr W/VrApi: ovr_SubmitFrameInternal: FrameIndex discontinuity: Expected 1, Received 0
2022-05-21 12:47:01.079 22640-22674/com.nvidia.cloudxr.ovr I/chatty: uid=10092(com.nvidia.cloudxr.ovr) CloudXRClientOV identical 3 lines
2022-05-21 12:47:01.093 22640-22674/com.nvidia.cloudxr.ovr W/VrApi: ovr_SubmitFrameInternal: FrameIndex discontinuity: Expected 1, Received 0
2022-05-21 12:47:01.105 22640-22727/com.nvidia.cloudxr.ovr I/VrApi: FPS=72/72,Prd=0ms,Tear=0,Early=0,Stale=0,VSnc=1,Lat=0,Fov=0,CPU4/GPU=1/1,940/400MHz,OC=FF,TA=0/70/0,SP=N/F/N,Mem=1353MHz,Free=2101MB,PLS=0,Temp=29.5C/0.0C,TW=1.72ms,App=0.00ms,GD=0.00ms,CPU&GPU=1.38ms,LCnt=2,GPU%=0.13,CPU%=0.08(W0.10),DSF=1.00
2022-05-21 12:47:01.107 22640-22674/com.nvidia.cloudxr.ovr W/VrApi: ovr_SubmitFrameInternal: FrameIndex discontinuity: Expected 1, Received 0
2022-05-21 12:47:01.288 22640-22674/com.nvidia.cloudxr.ovr I/chatty: uid=10092(com.nvidia.cloudxr.ovr) CloudXRClientOV identical 13 lines
2022-05-21 12:47:01.302 22640-22674/com.nvidia.cloudxr.ovr W/VrApi: ovr_SubmitFrameInternal: FrameIndex discontinuity: Expected 1, Received 0
2022-05-21 12:47:01.316 22640-22674/com.nvidia.cloudxr.ovr W/VrApi: ovr_SubmitFrameInternal: FrameIndex discontinuity: Expected 1, Received 0
2022-05-21 12:47:01.525 22640-22674/com.nvidia.cloudxr.ovr I/chatty: uid=10092(com.nvidia.cloudxr.ovr) CloudXRClientOV identical 15 lines
2022-05-21 12:47:01.539 22640-22674/com.nvidia.cloudxr.ovr W/VrApi: ovr_SubmitFrameInternal: FrameIndex discontinuity: Expected 1, Received 0
2022-05-21 12:47:01.551 22640-22758/com.nvidia.cloudxr.ovr E/CloudXR: Connection attempt failed. [6]
2022-05-21 12:47:01.552 22640-22674/com.nvidia.cloudxr.ovr W/VrApi: ovr_SubmitFrameInternal: FrameIndex discontinuity: Expected 1, Received 0
2022-05-21 12:47:01.566 22640-22674/com.nvidia.cloudxr.ovr I/VrApi: ---------- vrapi_LeaveVrMode [start] ----------
2022-05-21 12:47:01.566 22640-22674/com.nvidia.cloudxr.ovr I/XrRuntimeUtils: XrRuntimeUtils::EndSession
2022-05-21 12:47:01.568 22640-22674/com.nvidia.cloudxr.ovr D/VrApi: targetSDKVersion 28
2022-05-21 12:47:01.569 22640-22674/com.nvidia.cloudxr.ovr I/VrRuntimeClient: DEVICE MODEL NUMBER = Quest
2022-05-21 12:47:01.569 22640-22674/com.nvidia.cloudxr.ovr I/VrRuntimeClient: DEVICE BUILD NAME = user-28467500712000000
2022-05-21 12:47:01.569 22640-22674/com.nvidia.cloudxr.ovr I/VrRuntimeClient: DEVICE BUILD TYPE = user
2022-05-21 12:47:01.569 22640-22674/com.nvidia.cloudxr.ovr I/VrRuntimeClient: DEVICE OS VERSION = 10
2022-05-21 12:47:01.569 22640-22674/com.nvidia.cloudxr.ovr I/VrRuntimeClient: API LOADER VERSION = 1.46.0
2022-05-21 12:47:01.569 22640-22674/com.nvidia.cloudxr.ovr I/VrRuntimeClient: RUNTIME API VERSION = 1.57.0
2022-05-21 12:47:01.569 22640-22674/com.nvidia.cloudxr.ovr I/VrRuntimeClient: RUNTIME VERSION = 40.0.0.102.333 May 12 2022 16:39:29 RELEASE
2022-05-21 12:47:01.569 22640-22674/com.nvidia.cloudxr.ovr I/VrRuntimeClient: APP NAME = CloudXR Client
2022-05-21 12:47:01.569 22640-22674/com.nvidia.cloudxr.ovr I/VrRuntimeClient: APP VERSION = 1.0 versionCode 1 internalVersionName
2022-05-21 12:47:01.569 22640-22674/com.nvidia.cloudxr.ovr I/VrRuntimeClient: APP VR TYPE = vr_only
2022-05-21 12:47:01.569 22640-22674/com.nvidia.cloudxr.ovr I/VrRuntimeClient: APP MODE TYPE =
2022-05-21 12:47:01.569 22640-22674/com.nvidia.cloudxr.ovr I/VrRuntimeClient: APP PACKAGE NAME = com.nvidia.cloudxr.ovr
2022-05-21 12:47:01.569 22640-22674/com.nvidia.cloudxr.ovr I/VrRuntimeClient: APP ACTIVITY CLASS = com.nvidia.cloudxr.ovr.MainActivity
2022-05-21 12:47:01.570 22640-22674/com.nvidia.cloudxr.ovr D/BatteryReceiver: Unregistering battery receiver
2022-05-21 12:47:01.570 22640-22674/com.nvidia.cloudxr.ovr I/Sensor: OSSDKTRACKING Shutdown tracking
2022-05-21 12:47:01.570 22640-22674/com.nvidia.cloudxr.ovr I/LogTimer: CPUTIME: VrRuntimeClient_EndSession took 3.3748 ms
2022-05-21 12:47:01.572 22640-22727/com.nvidia.cloudxr.ovr I/VrRuntimeDeviceConfigClient: GetBoolean: oculus_mobile_disable_non_hands_app_hands_usage 0
2022-05-21 12:47:01.572 22640-22727/com.nvidia.cloudxr.ovr I/VrRuntimeDeviceConfigClient: GetBoolean: oculus_keyboard_telemetry 0
2022-05-21 12:47:01.572 22640-22727/com.nvidia.cloudxr.ovr W/VrRuntimeDeviceConfigClient: ConfigParam result cannot be retrieved because it is not cached: oculus_mobile_upload_latency_data_with_percentiles
2022-05-21 12:47:01.572 22640-22727/com.nvidia.cloudxr.ovr I/VrRuntimeDeviceConfigClient: GetBoolean: oculus_mobile_upload_latency_data_with_percentiles 0
2022-05-21 12:47:01.572 22640-22727/com.nvidia.cloudxr.ovr W/VrRuntimeDeviceConfigClient: ConfigParam result cannot be retrieved because it is not cached: oculus_mobile_upload_latency_data_with_percentiles
2022-05-21 12:47:01.572 22640-22727/com.nvidia.cloudxr.ovr I/VrRuntimeDeviceConfigClient: GetBoolean: oculus_mobile_upload_latency_data_with_percentiles 0
2022-05-21 12:47:01.574 22640-22727/com.nvidia.cloudxr.ovr I/VrApi: FPS=72/72,Prd=0ms,Tear=0,Early=0,Stale=0,VSnc=1,Lat=0,Fov=0,CPU4/GPU=1/1,940/400MHz,OC=FF,TA=0/70/0,SP=N/F/N,Mem=1353MHz,Free=2101MB,PLS=0,Temp=29.5C/0.0C,TW=1.72ms,App=0.00ms,GD=0.00ms,CPU&GPU=1.38ms,LCnt=2,GPU%=0.13,CPU%=0.06(W0.09),DSF=1.00
2022-05-21 12:47:01.574 22640-22674/com.nvidia.cloudxr.ovr I/VrApi: OVR::Stats thread stopped
2022-05-21 12:47:01.574 22640-22674/com.nvidia.cloudxr.ovr I/InputDeviceManager: ovrInputDeviceManager::~ovrInputDeviceManager
2022-05-21 12:47:01.574 22640-22674/com.nvidia.cloudxr.ovr I/InputDevice_TrackedRemote: OSSDKTRACKING shutting down Haptics
2022-05-21 12:47:01.574 22640-22674/com.nvidia.cloudxr.ovr I/chatty: uid=10092(com.nvidia.cloudxr.ovr) CloudXRClientOV identical 2 lines
2022-05-21 12:47:01.574 22640-22674/com.nvidia.cloudxr.ovr I/InputDevice_TrackedRemote: OSSDKTRACKING shutting down Haptics
2022-05-21 12:47:01.574 22640-22674/com.nvidia.cloudxr.ovr I/OSHandDataQuerier: OSSDKTRACKING shutting down HandsTracker
2022-05-21 12:47:01.574 22640-22674/com.nvidia.cloudxr.ovr I/OSHandDataQuerier: OSSDKTRACKING shutting down HandsTracker
2022-05-21 12:47:01.574 22640-22674/com.nvidia.cloudxr.ovr D/OsSdk: TrackingServiceConnection dtor
2022-05-21 12:47:01.575 22640-22674/com.nvidia.cloudxr.ovr D/OsSdk: TrackingServiceConnection unregistered
2022-05-21 12:47:01.587 22640-22726/com.nvidia.cloudxr.ovr I/ClientInputThread_Internal: InputThreadRun ShutdownRequest received
2022-05-21 12:47:01.587 22640-22674/com.nvidia.cloudxr.ovr I/InputHooks_Internal: Disabling Native Input Hooks
2022-05-21 12:47:01.587 22640-22674/com.nvidia.cloudxr.ovr I/ClientInputTrackedKeyboardManager: TRACKEDKEYBOARD ClearTrackedObjectManager called on client
2022-05-21 12:47:01.587 22640-22674/com.nvidia.cloudxr.ovr E/libEGL: call to OpenGL ES API with no current context (logged once per thread)
2022-05-21 12:47:01.600 22640-22761/com.nvidia.cloudxr.ovr I/FenceChecker: FenceChecker::MainLoop - ended
2022-05-21 12:47:01.600 22640-22674/com.nvidia.cloudxr.ovr I/XrRuntimeUtils: XrRuntimeUtils::DestroySession
2022-05-21 12:47:01.600 22640-22674/com.nvidia.cloudxr.ovr I/VrApi: ---------- vrapi_LeaveVrMode [end] ----------
2022-05-21 12:47:01.600 22640-22674/com.nvidia.cloudxr.ovr I/VrApi: ------------ vrapi_Shutdown [start] -----------
2022-05-21 12:47:01.600 22640-22674/com.nvidia.cloudxr.ovr W/VrApi: IsOvrValid: ovr == nullptr. Package: com.nvidia.cloudxr.ovr
2022-05-21 12:47:01.600 22640-22674/com.nvidia.cloudxr.ovr D/UserSwitchedReceiver: Unregistering UserSwitchedReceiver
2022-05-21 12:47:01.600 22640-22674/com.nvidia.cloudxr.ovr I/TREX: Shutting down system...
2022-05-21 12:47:01.601 22640-22674/com.nvidia.cloudxr.ovr E/TREX: Update thread is not running!
2022-05-21 12:47:01.601 22640-22674/com.nvidia.cloudxr.ovr I/TREX: Shutting down interface manager.
2022-05-21 12:47:01.601 22640-22674/com.nvidia.cloudxr.ovr D/SystemActivitiesReceiver: Unregistering Oculus System Activity receiver
2022-05-21 12:47:01.601 22640-22674/com.nvidia.cloudxr.ovr I/AutomationUtils: Shutdown
2022-05-21 12:47:01.601 22640-22674/com.nvidia.cloudxr.ovr I/AudioCapture: AudioCapture::Shutdown
2022-05-21 12:47:01.601 22640-22674/com.nvidia.cloudxr.ovr I/AudioCapture: AudioCapture::StopAudioConsumerThread
2022-05-21 12:47:01.601 22640-22674/com.nvidia.cloudxr.ovr I/AudioCapture: AudioCapture::StopAudioConsumerThread COMPLETE
2022-05-21 12:47:01.601 22640-22674/com.nvidia.cloudxr.ovr I/AudioCapture: AudioCapture::Shutdown COMPLETE
2022-05-21 12:47:01.601 22640-22674/com.nvidia.cloudxr.ovr W/VrRuntimeClient: Shutdown: 2 texture swapchains active
2022-05-21 12:47:01.601 22640-22674/com.nvidia.cloudxr.ovr W/SwapChain_GLES: DestroyImportedTextureResourcesGLES: must be called with the same EGLContext current (0x7175076000) when ImportTextureSwapChain was called
2022-05-21 12:47:01.601 22640-22674/com.nvidia.cloudxr.ovr W/SwapChain_GLES: DestroyImportedTextureResourcesGLES: must be called with the same EGLContext current (0x7175076000) when ImportTextureSwapChain was called
2022-05-21 12:47:01.601 22640-22674/com.nvidia.cloudxr.ovr D/VrRuntimeClient: VrRuntimeClient: shutdown.
2022-05-21 12:47:01.601 22640-22674/com.nvidia.cloudxr.ovr I/VrGuardianClient: Shutdown
2022-05-21 12:47:01.601 22640-22674/com.nvidia.cloudxr.ovr I/RuntimeIPCClientMgr: RuntimeIPCClientMgr::DisconnectFromServer: 0, Client: com.nvidia.cloudxr.ovr:com.nvidia.cloudxr.ovr:22640, Server: com.oculus.guardian:com.oculus.vrguardianservice (guardianserver)
2022-05-21 12:47:01.601 22640-22674/com.nvidia.cloudxr.ovr I/RuntimeIPCClientMgr: RuntimeIPCClient: Shutdown: Client: com.nvidia.cloudxr.ovr:com.nvidia.cloudxr.ovr:22640, Server: com.oculus.guardian:com.oculus.vrguardianservice (guardianserver)
2022-05-21 12:47:01.602 22640-22674/com.nvidia.cloudxr.ovr I/RuntimeIPCApi: ipc_Shutdown
2022-05-21 12:47:01.602 22640-22674/com.nvidia.cloudxr.ovr I/RuntimeIPCServiceClient: Shutdown: Refs still outstanding: 2, com.nvidia.cloudxr.ovr
2022-05-21 12:47:01.602 22640-22674/com.nvidia.cloudxr.ovr I/VulkanLoader: ovrVulkanLoader::UnloadAndDestroyVulkanObject
2022-05-21 12:47:01.602 22640-22674/com.nvidia.cloudxr.ovr I/VulkanLoader: ovrVulkanLoader::Unload
2022-05-21 12:47:01.602 22640-22674/com.nvidia.cloudxr.ovr I/LogTimer: CPUTIME: VrRuntimeClient_Shutdown took 1.0340 ms
2022-05-21 12:47:01.602 22640-22674/com.nvidia.cloudxr.ovr I/RuntimeIPCClientMgr: RuntimeIPCClientMgr::DisconnectFromServer: 0, Client: com.nvidia.cloudxr.ovr:com.nvidia.cloudxr.ovr:22640, Server: com.oculus.systemdriver:com.oculus.vrruntimeservice (RuntimeServiceServer)
2022-05-21 12:47:01.602 22640-22674/com.nvidia.cloudxr.ovr I/RuntimeIPCClientMgr: RuntimeIPCClient: Shutdown: Client: com.nvidia.cloudxr.ovr:com.nvidia.cloudxr.ovr:22640, Server: com.oculus.systemdriver:com.oculus.vrruntimeservice (RuntimeServiceServer)
2022-05-21 12:47:01.602 22640-22674/com.nvidia.cloudxr.ovr I/RuntimeIPCApi: ipc_Shutdown
2022-05-21 12:47:01.603 22640-22674/com.nvidia.cloudxr.ovr I/RuntimeIPCServiceClient: Shutdown: Refs still outstanding: 1, com.nvidia.cloudxr.ovr
