2022-05-21 12:46:48.479 22640-22640/? I/dia.cloudxr.ov: Late-enabling -Xcheck:jni
2022-05-21 12:46:48.509 22640-22640/? E/dia.cloudxr.ov: Unknown bits set in runtime_flags: 0x8000
2022-05-21 12:46:48.609 22640-22640/com.nvidia.cloudxr.ovr W/linker: Warning: "/data/app/com.nvidia.cloudxr.ovr-G1e7RonQmquwjb4RXrJjNw==/base.apk!/lib/arm64-v8a/libgrid.so" unused DT entry: DT_RPATH (type 0xf arg 0x5fa1e) (ignoring)
2022-05-21 12:46:48.609 22640-22640/com.nvidia.cloudxr.ovr W/linker: Warning: "/data/app/com.nvidia.cloudxr.ovr-G1e7RonQmquwjb4RXrJjNw==/base.apk!/lib/arm64-v8a/libPoco.so" unused DT entry: DT_RPATH (type 0xf arg 0xd8ed9) (ignoring)
2022-05-21 12:46:48.609 22640-22640/com.nvidia.cloudxr.ovr W/linker: Warning: "/data/app/com.nvidia.cloudxr.ovr-G1e7RonQmquwjb4RXrJjNw==/base.apk!/lib/arm64-v8a/libPoco.so" unused DT entry: DT_RPATH (type 0xf arg 0xd8ed9) (ignoring)
2022-05-21 12:46:48.644 22640-22674/com.nvidia.cloudxr.ovr I/VrApiLoader: VrApi Loader Version: 1.1.46.0-0-0 May 5 2021 14:09:55
2022-05-21 12:46:48.648 22640-22674/com.nvidia.cloudxr.ovr D/ApplicationLoaders: Returning zygote-cached class loader: /system/framework/android.hidl.base-V1.0-java.jar
2022-05-21 12:46:48.648 22640-22674/com.nvidia.cloudxr.ovr D/ApplicationLoaders: Returning zygote-cached class loader: /system/framework/android.hidl.manager-V1.0-java.jar
2022-05-21 12:46:48.648 22640-22674/com.nvidia.cloudxr.ovr D/ApplicationLoaders: Returning zygote-cached class loader: /system/framework/android.hidl.base-V1.0-java.jar
2022-05-21 12:46:48.649 22640-22674/com.nvidia.cloudxr.ovr I/dia.cloudxr.ov: The ClassLoaderContext is a special shared library.
2022-05-21 12:46:48.671 22640-22674/com.nvidia.cloudxr.ovr D/vulkan: searching for layers in '/data/app/com.nvidia.cloudxr.ovr-G1e7RonQmquwjb4RXrJjNw==/lib/arm64'
2022-05-21 12:46:48.671 22640-22674/com.nvidia.cloudxr.ovr D/vulkan: searching for layers in '/data/app/com.nvidia.cloudxr.ovr-G1e7RonQmquwjb4RXrJjNw==/base.apk!/lib/arm64-v8a'
2022-05-21 12:46:48.671 22640-22674/com.nvidia.cloudxr.ovr I/VrApi_DriverLoader: nativeSetClassLoader:0x244a
2022-05-21 12:46:48.672 22640-22674/com.nvidia.cloudxr.ovr I/VrApi: ----------- vrapi_Initialize [start] ----------
2022-05-21 12:46:48.672 22640-22674/com.nvidia.cloudxr.ovr I/VrApi: Client type: 0 flags: 0x0 placement: 0
2022-05-21 12:46:48.672 22640-22674/com.nvidia.cloudxr.ovr I/ipcLoader_static: RuntimeIPC: Loader: IPC Service API Loader Version: 27 Apr 19 2022 15:38:26
2022-05-21 12:46:48.672 22640-22674/com.nvidia.cloudxr.ovr I/ipcLoader_static: RuntimeIPC: Using android_get_exported_namespace: libripcclient.oculus.so
2022-05-21 12:46:48.673 22640-22674/com.nvidia.cloudxr.ovr I/ipcLoader_static: RuntimeIPC: android_get_exported_namespace SUCCESS: libripcclient.oculus.so
2022-05-21 12:46:48.673 22640-22674/com.nvidia.cloudxr.ovr I/RuntimeIPCApi: ipc_Initialize
2022-05-21 12:46:48.673 22640-22674/com.nvidia.cloudxr.ovr I/DeadlockObserver: Init SUCCESS
2022-05-21 12:46:48.673 22640-22676/com.nvidia.cloudxr.ovr I/DeadlockObserver: MainLoop starting
2022-05-21 12:46:48.673 22640-22674/com.nvidia.cloudxr.ovr I/RuntimeIPCServiceClient: Using OS RuntimeIPC Service
2022-05-21 12:46:48.674 22640-22677/com.nvidia.cloudxr.ovr I/AsyncTaskMgr: MainLoop starting
2022-05-21 12:46:48.674 22640-22674/com.nvidia.cloudxr.ovr I/AsyncTaskMgr: Init SUCCESS
2022-05-21 12:46:48.674 22640-22674/com.nvidia.cloudxr.ovr I/ServerStateMgr: Init
2022-05-21 12:46:48.674 22640-22674/com.nvidia.cloudxr.ovr I/ServerStateMgr: Init
2022-05-21 12:46:48.674 22640-22674/com.nvidia.cloudxr.ovr I/RuntimeIPCServiceClientRPC: InitRPCToServiceInternal: Calling Methods->GetConnectInfo
2022-05-21 12:46:48.675 22640-22674/com.nvidia.cloudxr.ovr I/RuntimeIPCServiceClientRPC: InitRPCToServiceInternal: Calling Helper.Init
2022-05-21 12:46:48.675 22640-22674/com.nvidia.cloudxr.ovr I/RuntimeIPCServiceClientRPC: InitRPCToServiceInternal: Calling InitBrokerHandler
2022-05-21 12:46:48.675 22640-22674/com.nvidia.cloudxr.ovr I/RuntimeIPCServiceClientRPC: InitRPCToServiceInternal: Success
2022-05-21 12:46:48.675 22640-22674/com.nvidia.cloudxr.ovr I/RuntimeIPCServiceClient: IPCMainLoopHandler: Init SUCCESS
2022-05-21 12:46:48.678 22640-22674/com.nvidia.cloudxr.ovr I/ClientProcessConnector: GetProcessConnection: com.oculus.systemdriver:com.oculus.vrruntimeservice
2022-05-21 12:46:48.679 22640-22674/com.nvidia.cloudxr.ovr I/RuntimeIPCClientMgr: GetServerStatesConfig returned maxEntries=64, maxBuffSize=32768
2022-05-21 12:46:48.679 22640-22674/com.nvidia.cloudxr.ovr I/RuntimeIPCClientMgr: TryToGetIPCResourcesFromServer: RPC_CONNECTOR_CONNECT_TO_SERVER SUCCESS: Client: com.nvidia.cloudxr.ovr:com.nvidia.cloudxr.ovr:22640, Server: com.oculus.systemdriver:com.oculus.vrruntimeservice (RuntimeServiceServer)
2022-05-21 12:46:48.680 22640-22674/com.nvidia.cloudxr.ovr I/RuntimeIPCClientMgr: EnsureServerConnection: SUCCESS. Client: com.nvidia.cloudxr.ovr:com.nvidia.cloudxr.ovr:22640, Server: com.oculus.systemdriver:com.oculus.vrruntimeservice (RuntimeServiceServer)
2022-05-21 12:46:48.680 22640-22674/com.nvidia.cloudxr.ovr I/RuntimeIPCClientMgr: ConnectToServer: SUCCESS: Client: com.nvidia.cloudxr.ovr:com.nvidia.cloudxr.ovr:22640, Server: com.oculus.systemdriver:com.oculus.vrruntimeservice (RuntimeServiceServer)
2022-05-21 12:46:48.680 22640-22674/com.nvidia.cloudxr.ovr I/VrRuntimeClient: g_RuntimeServiceSDKClient.Connected: com.oculus.systemdriver:com.oculus.vrruntimeservice
2022-05-21 12:46:48.690 22640-22674/com.nvidia.cloudxr.ovr I/VrRuntimeClient: nativeRuntimeServiceConnected: publicReadOnlyFd=63, privateReadWriteFd=64
2022-05-21 12:46:48.691 22640-22674/com.nvidia.cloudxr.ovr I/VrRuntimeClient: g_RuntimeServiceSDKClient.InitClient SUCCESS. Version: 2.0, Custom: 1.0
2022-05-21 12:46:48.691 22640-22674/com.nvidia.cloudxr.ovr I/RuntimeIPCClientMgr: GetClientOptions
2022-05-21 12:46:48.691 22640-22674/com.nvidia.cloudxr.ovr I/VrApi: vrapi_Initialize: Connected to VrRuntimeService after 0.018857s
2022-05-21 12:46:48.691 22640-22674/com.nvidia.cloudxr.ovr I/AdrenoGLES-0: QUALCOMM build : 2a1f322ebf, I741fad557a Build Date : 03/03/22 OpenGL ES Shader Compiler Version: E031.40.00.00 Local Branch : Remote Branch : refs/tags/AU_LINUX_ANDROID_LA.UM.8.12.2.10.00.00.757.251 Remote Branch : NONE Reconstruct Branch : NOTHING
2022-05-21 12:46:48.691 22640-22674/com.nvidia.cloudxr.ovr I/AdrenoGLES-0: Build Config : S P 8.0.12 AArch64
2022-05-21 12:46:48.691 22640-22674/com.nvidia.cloudxr.ovr I/AdrenoGLES-0: Driver Path : /vendor/lib64/egl/libGLESv2_adreno.so
2022-05-21 12:46:48.691 22640-22674/com.nvidia.cloudxr.ovr I/AdrenoGLES-0: Driver Version : 0631.0
2022-05-21 12:46:48.694 22640-22674/com.nvidia.cloudxr.ovr I/AdrenoGLES-0: PFP: 0x016dd104, ME: 0x00000000
2022-05-21 12:46:48.704 22640-22674/com.nvidia.cloudxr.ovr I/DeviceProperties: ovrDeviceProperties::Initialize
2022-05-21 12:46:48.705 22640-22674/com.nvidia.cloudxr.ovr I/DeviceProperties: Device Region: 'US'
2022-05-21 12:46:48.706 22640-22674/com.nvidia.cloudxr.ovr I/DeviceProperties: GPU Type: 'ADRENO_650'
2022-05-21 12:46:48.707 22640-22674/com.nvidia.cloudxr.ovr I/DeviceProperties: Num Refresh Rates Supported 5
2022-05-21 12:46:48.707 22640-22674/com.nvidia.cloudxr.ovr I/DeviceProperties: Refresh Rate (0): 120.000000Hz
2022-05-21 12:46:48.707 22640-22674/com.nvidia.cloudxr.ovr I/DeviceProperties: Refresh Rate (1): 90.000000Hz
2022-05-21 12:46:48.707 22640-22674/com.nvidia.cloudxr.ovr I/DeviceProperties: Refresh Rate (2): 80.000000Hz
2022-05-21 12:46:48.707 22640-22674/com.nvidia.cloudxr.ovr I/DeviceProperties: Refresh Rate (3): 72.000000Hz
2022-05-21 12:46:48.707 22640-22674/com.nvidia.cloudxr.ovr I/DeviceProperties: Refresh Rate (4): 60.000000Hz
2022-05-21 12:46:48.709 22640-22674/com.nvidia.cloudxr.ovr I/DeviceProperties: DisplayParms.ScanoutDirection = 1
2022-05-21 12:46:48.709 22640-22674/com.nvidia.cloudxr.ovr I/DeviceProperties: DisplayParms.ShutterType = 1
2022-05-21 12:46:48.709 22640-22674/com.nvidia.cloudxr.ovr I/DeviceProperties: DisplayParms.timing = 0.700000 0.700000
2022-05-21 12:46:48.709 22640-22674/com.nvidia.cloudxr.ovr I/DeviceProperties: DisplayParms.prediction = (2.000000 2.000000) (2.000000 2.000000)
2022-05-21 12:46:48.710 22640-22674/com.nvidia.cloudxr.ovr I/DeviceProperties: getDisplayDimensions returned: 3664, 1920
2022-05-21 12:46:48.710 22640-22674/com.nvidia.cloudxr.ovr I/DeviceProperties: ovrDeviceProperties: OVR_DEVICE_CAPABILITY_POSITIONAL_TRACKING_BIT
2022-05-21 12:46:48.710 22640-22674/com.nvidia.cloudxr.ovr I/DeviceProperties: ovrDeviceProperties: OVR_DEVICE_CAPABILITY_PASSTHROUGH_CAMERA_BIT
2022-05-21 12:46:48.710 22640-22674/com.nvidia.cloudxr.ovr I/DeviceProperties: ovrDeviceProperties: OVR_DEVICE_CAPABILITY_DYNAMIC_DISPLAY_REFRESH_RATE_BIT
2022-05-21 12:46:48.710 22640-22674/com.nvidia.cloudxr.ovr I/DeviceProperties: ovrDeviceProperties: OVR_DEVICE_CAPABILITY_MEMORY_EXPORT_BIT
2022-05-21 12:46:48.710 22640-22674/com.nvidia.cloudxr.ovr I/DeviceProperties: ovrDeviceProperties: OVR_DEVICE_CAPABILITY_FIXED_FOVEATED_RENDERING_BIT
2022-05-21 12:46:48.710 22640-22674/com.nvidia.cloudxr.ovr I/DeviceProperties: ovrDeviceProperties: OVR_DEVICE_CAPABILITY_SUBSAMPLED_LAYOUT_BIT
2022-05-21 12:46:48.710 22640-22674/com.nvidia.cloudxr.ovr I/DeviceProperties: ovrDeviceProperties: OVR_DEVICE_CAPABILITY_FDM_OFFSET_BIT
2022-05-21 12:46:48.710 22640-22674/com.nvidia.cloudxr.ovr I/VrRuntimeClient: DevicesSupported : 2 devices, quest|quest2
2022-05-21 12:46:48.710 22640-22674/com.nvidia.cloudxr.ovr I/VrRuntimeClient: VrRuntimeClient: Init
2022-05-21 12:46:48.711 22640-22674/com.nvidia.cloudxr.ovr I/PTKService: PTKServiceClient Init
2022-05-21 12:46:48.711 22640-22674/com.nvidia.cloudxr.ovr I/ipcLoader_static: RuntimeIPC: Loader: IPC Service API Loader Version: 27 Apr 19 2022 15:38:26
2022-05-21 12:46:48.711 22640-22674/com.nvidia.cloudxr.ovr I/ipcLoader_static: RuntimeIPC: Using android_get_exported_namespace: libripcclient.oculus.so
2022-05-21 12:46:48.711 22640-22674/com.nvidia.cloudxr.ovr I/ipcLoader_static: RuntimeIPC: android_get_exported_namespace SUCCESS: libripcclient.oculus.so
2022-05-21 12:46:48.711 22640-22674/com.nvidia.cloudxr.ovr I/RuntimeIPCApi: ipc_Initialize
2022-05-21 12:46:48.711 22640-22674/com.nvidia.cloudxr.ovr I/RuntimeIPCServiceClient: Init: Already initialized: com.nvidia.cloudxr.ovr, 1
2022-05-21 12:46:48.715 22640-22674/com.nvidia.cloudxr.ovr I/ClientProcessConnector: GetProcessConnection: com.oculus.vrshell:com.oculus.vrshell:Overlay
2022-05-21 12:46:48.723 22640-22674/com.nvidia.cloudxr.ovr I/RuntimeIPCClientMgr: GetServerStatesConfig returned maxEntries=64, maxBuffSize=32768
2022-05-21 12:46:48.723 22640-22674/com.nvidia.cloudxr.ovr I/RuntimeIPCClientMgr: TryToGetIPCResourcesFromServer: RPC_CONNECTOR_CONNECT_TO_SERVER SUCCESS: Client: com.nvidia.cloudxr.ovr:com.nvidia.cloudxr.ovr:22640, Server: com.oculus.vrshell:com.oculus.vrshell:Overlay (ptkserviceserver)
2022-05-21 12:46:48.723 22640-22674/com.nvidia.cloudxr.ovr I/RuntimeIPCClientMgr: EnsureServerConnection: SUCCESS. Client: com.nvidia.cloudxr.ovr:com.nvidia.cloudxr.ovr:22640, Server: com.oculus.vrshell:com.oculus.vrshell:Overlay (ptkserviceserver)
2022-05-21 12:46:48.723 22640-22674/com.nvidia.cloudxr.ovr I/RuntimeIPCClientMgr: ConnectToServer: SUCCESS: Client: com.nvidia.cloudxr.ovr:com.nvidia.cloudxr.ovr:22640, Server: com.oculus.vrshell:com.oculus.vrshell:Overlay (ptkserviceserver)
2022-05-21 12:46:48.725 22640-22674/com.nvidia.cloudxr.ovr I/RuntimeIPCClientMgr: GetClientOptions
2022-05-21 12:46:48.729 22640-22674/com.nvidia.cloudxr.ovr I/RuntimeIPCClientMgr: GetServerStatesConfig returned maxEntries=64, maxBuffSize=32768
2022-05-21 12:46:48.729 22640-22674/com.nvidia.cloudxr.ovr I/RuntimeIPCClientMgr: InitServerStateForGroup: SUCCESS. 0, Client: com.nvidia.cloudxr.ovr:com.nvidia.cloudxr.ovr:22640, Server: com.oculus.vrshell:com.oculus.vrshell:Overlay (ptkserviceserver)
2022-05-21 12:46:48.730 22640-22674/com.nvidia.cloudxr.ovr I/VrRuntimeClient: OSSDKTRACKING calculating secure tracking
2022-05-21 12:46:48.730 22640-22674/com.nvidia.cloudxr.ovr D/VrRuntimeClient: getSecureTrackingRequest OSSDKTRACKING com.nvidia.cloudxr.ovr
2022-05-21 12:46:48.730 22640-22674/com.nvidia.cloudxr.ovr I/VrRuntimeClient: OSSDKTRACKING secure tracking is 0
2022-05-21 12:46:48.731 22640-22674/com.nvidia.cloudxr.ovr I/AudioCapture: AudioCapture::Init
2022-05-21 12:46:48.731 22640-22674/com.nvidia.cloudxr.ovr I/AudioCapture: AudioCapture::Init -> Initializing audio capture using direct OS Callbacks
2022-05-21 12:46:48.731 22640-22674/com.nvidia.cloudxr.ovr I/AudioCapture: AudioCapture::Init COMPLETE
2022-05-21 12:46:48.731 22640-22674/com.nvidia.cloudxr.ovr I/VrRuntimeDeviceConfigClient: GetBoolean: oculus_enable_guardian_on_screen_capture 0
2022-05-21 12:46:48.731 22640-22674/com.nvidia.cloudxr.ovr D/VrRuntimeClient: VrRuntimeClient: initialize. inContext: com.nvidia.cloudxr.ovr.MainActivity@3bf5405
2022-05-21 12:46:48.731 22640-22674/com.nvidia.cloudxr.ovr I/ipcLoader_static: RuntimeIPC: Loader: IPC Service API Loader Version: 27 Apr 19 2022 15:38:26
2022-05-21 12:46:48.731 22640-22674/com.nvidia.cloudxr.ovr I/RuntimeIPCApi: ipc_Initialize
2022-05-21 12:46:48.731 22640-22674/com.nvidia.cloudxr.ovr I/RuntimeIPCServiceClient: Init: Already initialized: com.nvidia.cloudxr.ovr, 2
2022-05-21 12:46:48.736 22640-22674/com.nvidia.cloudxr.ovr I/ClientProcessConnector: GetProcessConnection: com.oculus.guardian:com.oculus.vrguardianservice
2022-05-21 12:46:48.743 22640-22674/com.nvidia.cloudxr.ovr I/RuntimeIPCClientMgr: GetServerStatesConfig returned maxEntries=64, maxBuffSize=32768
2022-05-21 12:46:48.743 22640-22674/com.nvidia.cloudxr.ovr I/RuntimeIPCClientMgr: TryToGetIPCResourcesFromServer: RPC_CONNECTOR_CONNECT_TO_SERVER SUCCESS: Client: com.nvidia.cloudxr.ovr:com.nvidia.cloudxr.ovr:22640, Server: com.oculus.guardian:com.oculus.vrguardianservice (guardianserver)
2022-05-21 12:46:48.744 22640-22674/com.nvidia.cloudxr.ovr I/RuntimeIPCClientMgr: EnsureServerConnection: SUCCESS. Client: com.nvidia.cloudxr.ovr:com.nvidia.cloudxr.ovr:22640, Server: com.oculus.guardian:com.oculus.vrguardianservice (guardianserver)
2022-05-21 12:46:48.744 22640-22674/com.nvidia.cloudxr.ovr I/RuntimeIPCClientMgr: ConnectToServer: SUCCESS: Client: com.nvidia.cloudxr.ovr:com.nvidia.cloudxr.ovr:22640, Server: com.oculus.guardian:com.oculus.vrguardianservice (guardianserver)
2022-05-21 12:46:48.761 22640-22674/com.nvidia.cloudxr.ovr I/VrGuardianClient: g_GuardianSDKClient connected.
2022-05-21 12:46:48.761 22640-22674/com.nvidia.cloudxr.ovr D/VrRuntimeClient: getClient6dofEntitlementMode for com.nvidia.cloudxr.ovr
2022-05-21 12:46:48.769 22640-22674/com.nvidia.cloudxr.ovr I/VrRuntimeClient: Is120HzSupported: 0
2022-05-21 12:46:48.769 22640-22674/com.nvidia.cloudxr.ovr I/LogTimer: CPUTIME: VrRuntimeClient_Init took 58.8278 ms
2022-05-21 12:46:48.769 22640-22674/com.nvidia.cloudxr.ovr I/VrApi: SkipPushFinalBlack=1
2022-05-21 12:46:48.769 22640-22674/com.nvidia.cloudxr.ovr D/VrApi: isActivityFocusAware context = com.nvidia.cloudxr.ovr.MainActivity@3bf5405
2022-05-21 12:46:48.770 22640-22674/com.nvidia.cloudxr.ovr D/VrApi: isSystemApp = false for com.nvidia.cloudxr.ovr
2022-05-21 12:46:48.770 22640-22674/com.nvidia.cloudxr.ovr I/VrApi: isActivityFocusAware = 1
2022-05-21 12:46:48.770 22640-22674/com.nvidia.cloudxr.ovr D/SystemActivitiesReceiver: Registering Oculus System Activity receiver
2022-05-21 12:46:48.771 22640-22674/com.nvidia.cloudxr.ovr I/Distortion: Initializing Mesh Decenter Correction
2022-05-21 12:46:48.772 22640-22674/com.nvidia.cloudxr.ovr I/Distortion: SetLensPositions - iad=0.065, left offset=0.000960693,-0.00103926, right offset=-0.000638455,-0.0012895
2022-05-21 12:46:48.772 22640-22674/com.nvidia.cloudxr.ovr I/Distortion: Initializing Mesh Decenter Correction
2022-05-21 12:46:48.773 22640-22674/com.nvidia.cloudxr.ovr I/Distortion: SetLensPositions - iad=0.065, left offset=0.000960693,-0.00103926, right offset=-0.000638455,-0.0012895
2022-05-21 12:46:48.773 22640-22674/com.nvidia.cloudxr.ovr I/Distortion: Created custom distortion mesh.
2022-05-21 12:46:48.774 22640-22674/com.nvidia.cloudxr.ovr I/VrRuntimeDeviceConfigClient: GetBoolean: oculus_mobile_screenshot_shortcut 1
2022-05-21 12:46:48.774 22640-22674/com.nvidia.cloudxr.ovr I/ClientInputInterface: SetChordedSystemButtonGKFlag 1
2022-05-21 12:46:48.774 22640-22674/com.nvidia.cloudxr.ovr I/VrRuntimeDeviceConfigClient: GetBoolean: oculus_mobile_homebutton_freezeinput 1
2022-05-21 12:46:48.774 22640-22674/com.nvidia.cloudxr.ovr I/VrRuntimeDeviceConfigClient: GetBoolean: oculus_runtime_60hz_alternate_filter_enabled 1
2022-05-21 12:46:48.774 22640-22674/com.nvidia.cloudxr.ovr I/ClientInputSettings: SYSTEMBUTTONSPACE GKS freeze '1'
2022-05-21 12:46:48.774 22640-22674/com.nvidia.cloudxr.ovr I/ClientInputSettings: SYSTEMBUTTONSPACE 'com.nvidia.cloudxr.ovr' Freeze input '1' on home button down
2022-05-21 12:46:48.774 22640-22674/com.nvidia.cloudxr.ovr I/VrRuntimeDeviceConfigClient: GetBoolean: oculus_mobile_hand2_default 0
2022-05-21 12:46:48.774 22640-22674/com.nvidia.cloudxr.ovr I/ClientInputSettings: HANDTRACKING: YES, in the GK oculus_mobile_hand2_manifest
2022-05-21 12:46:48.775 22640-22674/com.nvidia.cloudxr.ovr I/ClientInputSettings: Handtracking Version:
2022-05-21 12:46:48.775 22640-22674/com.nvidia.cloudxr.ovr I/VrRuntimeDeviceConfigClient: GetBoolean: oculus_mobile_enable_hand_tracking_frequency_inter 1
2022-05-21 12:46:48.775 22640-22674/com.nvidia.cloudxr.ovr I/ClientInputSettings: HANDTRACKING: YES! You are on the Hand Tracking Frequency GK :D
2022-05-21 12:46:48.775 22640-22674/com.nvidia.cloudxr.ovr I/ClientInputInterface: HANDTRACKING sethandtrackingfrequency 1
2022-05-21 12:46:48.775 22640-22674/com.nvidia.cloudxr.ovr I/VrRuntimeDeviceConfigClient: GetBoolean: oculus_mobile_30hz_handtracking_downclocking 1
2022-05-21 12:46:48.775 22640-22674/com.nvidia.cloudxr.ovr I/ClientInputInterface: Set30HzHandtrackingDownclockingGKFlag 1
2022-05-21 12:46:48.775 22640-22674/com.nvidia.cloudxr.ovr I/ClientInputSettings: HANDTRACKING: 30Hz downclocking enabled for new apps.
2022-05-21 12:46:48.775 22640-22674/com.nvidia.cloudxr.ovr I/VrRuntimeDeviceConfigClient: GetBoolean: oculus_mobile_hand_autotransition_v2 1
2022-05-21 12:46:48.775 22640-22674/com.nvidia.cloudxr.ovr I/ClientInputInterface: SetHandAutotransitionV2GKFlag 1
2022-05-21 12:46:48.775 22640-22674/com.nvidia.cloudxr.ovr I/ClientInputSettings: HANDTRACKING: using autotransition v2
2022-05-21 12:46:48.775 22640-22674/com.nvidia.cloudxr.ovr I/VrRuntimeDeviceConfigClient: GetBoolean: oculus_mobile_enable_small_finger_opening_pinch 1
2022-05-21 12:46:48.775 22640-22674/com.nvidia.cloudxr.ovr I/ClientInputInterface: HANDTRACKING handtrackingsmallfingeropeningpinchenabled 1
2022-05-21 12:46:48.775 22640-22674/com.nvidia.cloudxr.ovr I/ClientInputSettings: HANDTRACKING: YES! You are on the Hand Tracking Small Finger Opening Pinch GK :D
2022-05-21 12:46:48.775 22640-22674/com.nvidia.cloudxr.ovr I/VrRuntimeDeviceConfigClient: GetBoolean: oculus_mobile_enable_hand_emulation_of_controllers 0
2022-05-21 12:46:48.775 22640-22674/com.nvidia.cloudxr.ovr I/ClientInputInterface: HANDTRACKING SetHandTrackingControllerEmulationGkFlag 0
2022-05-21 12:46:48.775 22640-22674/com.nvidia.cloudxr.ovr I/InputHooks: InitializeInputHooks
2022-05-21 12:46:48.775 22640-22674/com.nvidia.cloudxr.ovr I/InputHooks: InitializeInputHooks create
2022-05-21 12:46:48.780 22640-22674/com.nvidia.cloudxr.ovr D/UserSwitchedReceiver: Registering UserSwitchedReceiver
2022-05-21 12:46:48.781 22640-22674/com.nvidia.cloudxr.ovr I/TREX: Initializing TREX for client 70d797ff585da56b...
2022-05-21 12:46:48.781 22640-22674/com.nvidia.cloudxr.ovr I/TREX: Initializing system...
2022-05-21 12:46:48.781 22640-22674/com.nvidia.cloudxr.ovr I/VrRuntimeDeviceConfigClient: GetBoolean: oculus_trex_bodyapi_killsw 1
2022-05-21 12:46:48.781 22640-22674/com.nvidia.cloudxr.ovr I/VrRuntimeDeviceConfigClient: GetBoolean: oculus_trex_spatialpersistence_killsw 0
2022-05-21 12:46:48.781 22640-22674/com.nvidia.cloudxr.ovr I/VrRuntimeDeviceConfigClient: GetBoolean: oculus_trex_render_model_killsw 0
2022-05-21 12:46:48.781 22640-22674/com.nvidia.cloudxr.ovr I/VrRuntimeDeviceConfigClient: GetBoolean: oculus_trex_keyboard_tracking_killsw 0
2022-05-21 12:46:48.781 22640-22674/com.nvidia.cloudxr.ovr I/VrRuntimeDeviceConfigClient: GetBoolean: oculus_trex_insightsdk_killsw 0
2022-05-21 12:46:48.781 22640-22674/com.nvidia.cloudxr.ovr I/TREX: Loading plugin com.oculus.superres:libsuperres_plugin.so
2022-05-21 12:46:48.781 22640-22674/com.nvidia.cloudxr.ovr D/TREX: PackageVerifier.isPackageAllowed
2022-05-21 12:46:48.781 22640-22674/com.nvidia.cloudxr.ovr E/TREX: Package 'com.oculus.superres' was not found!
2022-05-21 12:46:48.781 22640-22674/com.nvidia.cloudxr.ovr E/TREXLoadPolicy: Package com.oculus.superres has an invalid signature! (Debugging)
2022-05-21 12:46:48.781 22640-22674/com.nvidia.cloudxr.ovr E/TREXLoadPolicy: Skipping load of package com.oculus.superres due to an invalid signature!
2022-05-21 12:46:48.781 22640-22674/com.nvidia.cloudxr.ovr I/TREX: Plugin 'com.oculus.superres:libsuperres_plugin.so' not loaded.
2022-05-21 12:46:48.781 22640-22674/com.nvidia.cloudxr.ovr I/VrApi: ----------- vrapi_Initialize [end] ----------
2022-05-21 12:46:48.783 22640-22640/com.nvidia.cloudxr.ovr D/CloudXR: com.nvidia.cloudxr.ovr.MainActivity@3bf5405 onResume()
2022-05-21 12:46:49.057 22640-22674/com.nvidia.cloudxr.ovr I/VrApi: ---------- vrapi_EnterVrMode [start] ----------
2022-05-21 12:46:49.057 22640-22674/com.nvidia.cloudxr.ovr I/VrRuntimeClient: Tracing is disabled
2022-05-21 12:46:49.057 22640-22674/com.nvidia.cloudxr.ovr I/VrRuntimeClient: SysProp debug mode is disabled on Client side
2022-05-21 12:46:49.059 22640-22674/com.nvidia.cloudxr.ovr D/VrApi: targetSDKVersion 28
2022-05-21 12:46:49.060 22640-22674/com.nvidia.cloudxr.ovr I/VrRuntimeClient: DEVICE MODEL NUMBER = Quest
2022-05-21 12:46:49.060 22640-22674/com.nvidia.cloudxr.ovr I/VrRuntimeClient: DEVICE BUILD NAME = user-28467500712000000
2022-05-21 12:46:49.060 22640-22674/com.nvidia.cloudxr.ovr I/VrRuntimeClient: DEVICE BUILD TYPE = user
2022-05-21 12:46:49.060 22640-22674/com.nvidia.cloudxr.ovr I/VrRuntimeClient: DEVICE OS VERSION = 10
2022-05-21 12:46:49.060 22640-22674/com.nvidia.cloudxr.ovr I/VrRuntimeClient: API LOADER VERSION = 1.46.0
2022-05-21 12:46:49.060 22640-22674/com.nvidia.cloudxr.ovr I/VrRuntimeClient: RUNTIME API VERSION = 1.57.0
2022-05-21 12:46:49.060 22640-22674/com.nvidia.cloudxr.ovr I/VrRuntimeClient: RUNTIME VERSION = 40.0.0.102.333 May 12 2022 16:39:29 RELEASE
2022-05-21 12:46:49.060 22640-22674/com.nvidia.cloudxr.ovr I/VrRuntimeClient: APP NAME = CloudXR Client
2022-05-21 12:46:49.060 22640-22674/com.nvidia.cloudxr.ovr I/VrRuntimeClient: APP VERSION = 1.0 versionCode 1 internalVersionName
2022-05-21 12:46:49.060 22640-22674/com.nvidia.cloudxr.ovr I/VrRuntimeClient: APP VR TYPE = vr_only
2022-05-21 12:46:49.060 22640-22674/com.nvidia.cloudxr.ovr I/VrRuntimeClient: APP MODE TYPE =
2022-05-21 12:46:49.060 22640-22674/com.nvidia.cloudxr.ovr I/VrRuntimeClient: APP PACKAGE NAME = com.nvidia.cloudxr.ovr
2022-05-21 12:46:49.060 22640-22674/com.nvidia.cloudxr.ovr I/VrRuntimeClient: APP ACTIVITY CLASS = com.nvidia.cloudxr.ovr.MainActivity
2022-05-21 12:46:49.060 22640-22674/com.nvidia.cloudxr.ovr I/Sensor: OSSDKTRACKING Initializing head tracking
2022-05-21 12:46:49.060 22640-22674/com.nvidia.cloudxr.ovr D/OsSdk: TrackingServiceConnection ctor
2022-05-21 12:46:49.060 22640-22674/com.nvidia.cloudxr.ovr I/Sensor: OSSDKTRACKING Head tracker != nullpointer 0x7175061938, 1
2022-05-21 12:46:49.060 22640-22674/com.nvidia.cloudxr.ovr I/Sensor: OSSDKTRACKING Initializing controller tracking
2022-05-21 12:46:49.060 22640-22674/com.nvidia.cloudxr.ovr I/Sensor: OSSDKTRACKING Controller tracker != nullpointer 0x7175081020, 1
2022-05-21 12:46:49.060 22640-22674/com.nvidia.cloudxr.ovr D/BatteryReceiver: Registering battery receiver
2022-05-21 12:46:49.065 22640-22674/com.nvidia.cloudxr.ovr D/HeadsetReceiver: getCurrentHeadsetState: false
2022-05-21 12:46:49.065 22640-22674/com.nvidia.cloudxr.ovr I/DeviceStatus: nativeHeadsetEvent(0)
2022-05-21 12:46:49.066 22640-22674/com.nvidia.cloudxr.ovr I/VrRuntimeClient: SetCompositorClientFeatureFlag ClientFeatureFlag 0
2022-05-21 12:46:49.067 22640-22674/com.nvidia.cloudxr.ovr I/RuntimeIPCClientMgr: GetServerStatesConfig returned maxEntries=64, maxBuffSize=32768
2022-05-21 12:46:49.067 22640-22674/com.nvidia.cloudxr.ovr I/RuntimeIPCClientMgr: InitServerStateForGroup: SUCCESS. 0, Client: com.nvidia.cloudxr.ovr:com.nvidia.cloudxr.ovr:22640, Server: com.oculus.guardian:com.oculus.vrguardianservice (guardianserver)
2022-05-21 12:46:49.067 22640-22674/com.nvidia.cloudxr.ovr I/LogTimer: CPUTIME: VrRuntimeClient_BeginSession took 10.3026 ms
2022-05-21 12:46:49.068 22640-22674/com.nvidia.cloudxr.ovr D/InputHooksJava: SetInputRoutingTypeForOverlay: 0
2022-05-21 12:46:49.068 22640-22674/com.nvidia.cloudxr.ovr I/ClientInputInterface: DEADRECKONING SetControllerTrackingExtendedDeadreckoning 0
2022-05-21 12:46:49.068 22640-22674/com.nvidia.cloudxr.ovr I/ClientInputSettings: HANDTRACKING package name is com.nvidia.cloudxr.ovr
2022-05-21 12:46:49.071 22640-22674/com.nvidia.cloudxr.ovr I/ClientInputSettings: HANDTRACKING: feature flag set to 0
2022-05-21 12:46:49.071 22640-22674/com.nvidia.cloudxr.ovr I/ClientInputInterface: HANDTRACKING sethandmanifest 0
2022-05-21 12:46:49.071 22640-22674/com.nvidia.cloudxr.ovr I/InputHooks_Internal: Enabling Native Input Hooks
2022-05-21 12:46:49.075 22640-22674/com.nvidia.cloudxr.ovr W/dia.cloudxr.ov: Accessing hidden method Landroid/content/Context;->startServiceAsUser(Landroid/content/Intent;Landroid/os/UserHandle;)Landroid/content/ComponentName; (greylist, reflection, allowed)
2022-05-21 12:46:49.075 22640-22674/com.nvidia.cloudxr.ovr W/dia.cloudxr.ov: Accessing hidden method Landroid/content/Context;->registerReceiverAsUser(Landroid/content/BroadcastReceiver;Landroid/os/UserHandle;Landroid/content/IntentFilter;Ljava/lang/String;Landroid/os/Handler;)Landroid/content/Intent; (greylist, reflection, allowed)
2022-05-21 12:46:49.076 22640-22674/com.nvidia.cloudxr.ovr I/InputDeviceManager: ovrInputDeviceManager::Initialize
2022-05-21 12:46:49.076 22640-22674/com.nvidia.cloudxr.ovr I/InputDevice_TrackedRemote: OSSDKTRACKING Initializing Haptics
2022-05-21 12:46:49.076 22640-22674/com.nvidia.cloudxr.ovr I/InputDevice_TrackedRemote: OSSDKTRACKING Haptics != nullpointer 0x717507a360, 1
2022-05-21 12:46:49.076 22640-22674/com.nvidia.cloudxr.ovr I/InputDevice_TrackedRemote: OSSDKTRACKING Initializing Haptics
2022-05-21 12:46:49.076 22640-22674/com.nvidia.cloudxr.ovr I/InputDevice_TrackedRemote: OSSDKTRACKING Haptics != nullpointer 0x717507a3c0, 1
2022-05-21 12:46:49.076 22640-22674/com.nvidia.cloudxr.ovr I/InputDevice_TrackedRemote: OSSDKTRACKING Initializing Haptics
2022-05-21 12:46:49.076 22640-22674/com.nvidia.cloudxr.ovr I/InputDevice_TrackedRemote: OSSDKTRACKING Haptics != nullpointer 0x717507a420, 1
2022-05-21 12:46:49.076 22640-22674/com.nvidia.cloudxr.ovr I/InputDevice_TrackedRemote: OSSDKTRACKING Initializing Haptics
2022-05-21 12:46:49.076 22640-22674/com.nvidia.cloudxr.ovr I/InputDevice_TrackedRemote: OSSDKTRACKING Haptics != nullpointer 0x717507a480, 1
2022-05-21 12:46:49.076 22640-22726/com.nvidia.cloudxr.ovr I/InputDeviceManager: HANDTRACKING Pointer filter profile changed to: 0
2022-05-21 12:46:49.076 22640-22726/com.nvidia.cloudxr.ovr I/InputDeviceManager: HANDTRACKING Pointer filter profile changed to: 0
2022-05-21 12:46:49.076 22640-22726/com.nvidia.cloudxr.ovr I/InputDeviceManager: HANDTRACKING Root pose filter profile changed for (version, freq) to (1, 1) from (1,2)
2022-05-21 12:46:49.076 22640-22674/com.nvidia.cloudxr.ovr D/OsSdk: TrackingServiceConnection registered
2022-05-21 12:46:49.080 22640-22674/com.nvidia.cloudxr.ovr I/Distortion: Initializing Mesh Decenter Correction
2022-05-21 12:46:49.081 22640-22674/com.nvidia.cloudxr.ovr I/Distortion: SetLensPositions - iad=0.063215, left offset=6.81877e-05,-0.00103926, right offset=0.00025405,-0.0012895
2022-05-21 12:46:49.081 22640-22674/com.nvidia.cloudxr.ovr I/Distortion: Initializing Mesh Decenter Correction
2022-05-21 12:46:49.082 22640-22674/com.nvidia.cloudxr.ovr I/Distortion: SetLensPositions - iad=0.063215, left offset=6.81877e-05,-0.00103926, right offset=0.00025405,-0.0012895
2022-05-21 12:46:49.082 22640-22674/com.nvidia.cloudxr.ovr I/Distortion: Created custom distortion mesh.
2022-05-21 12:46:49.082 22640-22674/com.nvidia.cloudxr.ovr I/VrApi: ovrModeParms::VRAPI_MODE_FLAG_RESET_WINDOW_FULLSCREEN = 0
2022-05-21 12:46:49.082 22640-22674/com.nvidia.cloudxr.ovr I/VrApi: ovrModeParms::VRAPI_MODE_FLAG_NATIVE_WINDOW = 1
2022-05-21 12:46:49.082 22640-22674/com.nvidia.cloudxr.ovr I/VrApi: ovrModeParms::VRAPI_MODE_FLAG_FRONT_BUFFER_SRGB = 1
2022-05-21 12:46:49.082 22640-22674/com.nvidia.cloudxr.ovr I/VrApi: ovrModeParms::VRAPI_MODE_FLAG_PHASE_SYNC = 0
2022-05-21 12:46:49.082 22640-22674/com.nvidia.cloudxr.ovr I/VrApi: ovrModeParms::VRAPI_MODE_FLAG_APP_SPACE_WARP = 0
2022-05-21 12:46:49.082 22640-22674/com.nvidia.cloudxr.ovr I/VrRuntimeClient: SetPhaseSyncMode 0
2022-05-21 12:46:49.082 22640-22674/com.nvidia.cloudxr.ovr I/VrApi: PhaseSync disabled
2022-05-21 12:46:49.082 22640-22674/com.nvidia.cloudxr.ovr I/VrApi: HMD sensor attached.
2022-05-21 12:46:49.082 22640-22674/com.nvidia.cloudxr.ovr I/GL_Utils: egl = 1.5
2022-05-21 12:46:49.082 22640-22674/com.nvidia.cloudxr.ovr I/GL_Utils: es3 = TRUE
2022-05-21 12:46:49.082 22640-22674/com.nvidia.cloudxr.ovr I/GL_Utils: Found: GL_OES_vertex_array_object
2022-05-21 12:46:49.083 22640-22674/com.nvidia.cloudxr.ovr I/GL_Utils: Found: GL_QCOM_tiled_rendering
2022-05-21 12:46:49.083 22640-22674/com.nvidia.cloudxr.ovr I/GL_Utils: Found: GL_EXT_sRGB_write_control
2022-05-21 12:46:49.083 22640-22674/com.nvidia.cloudxr.ovr I/GL_Utils: Found: GL_EXT_disjoint_timer_query
2022-05-21 12:46:49.083 22640-22674/com.nvidia.cloudxr.ovr I/GL_Utils: Found: GL_EXT_memory_object
2022-05-21 12:46:49.083 22640-22674/com.nvidia.cloudxr.ovr I/GL_Utils: Found: GL_EXT_memory_object_fd
2022-05-21 12:46:49.083 22640-22674/com.nvidia.cloudxr.ovr I/GL_Utils: Found: GL_QCOM_texture_foveated
2022-05-21 12:46:49.083 22640-22674/com.nvidia.cloudxr.ovr I/GL_Utils: Found: GL_KHR_debug
2022-05-21 12:46:49.083 22640-22674/com.nvidia.cloudxr.ovr I/GL_Utils: Found: GL_OES_EGL_image
2022-05-21 12:46:49.083 22640-22674/com.nvidia.cloudxr.ovr I/GL_Utils: Not found: EGL_EXT_image_dma_buf_import
2022-05-21 12:46:49.083 22640-22674/com.nvidia.cloudxr.ovr I/GL_Utils: Found: GL_EXT_texture_border_clamp
2022-05-21 12:46:49.083 22640-22674/com.nvidia.cloudxr.ovr I/GL_Utils: Found: GL_EXT_texture_filter_anisotropic
2022-05-21 12:46:49.083 22640-22674/com.nvidia.cloudxr.ovr I/GL_Utils: Found: GL_OES_texture_view
2022-05-21 12:46:49.084 22640-22674/com.nvidia.cloudxr.ovr I/GL_Utils: Found: GL_EXT_texture_format_sRGB_override
2022-05-21 12:46:49.084 22640-22674/com.nvidia.cloudxr.ovr I/GL_Utils: Found: GL_IMG_texture_filter_cubic
2022-05-21 12:46:49.084 22640-22674/com.nvidia.cloudxr.ovr I/GL_Utils: Found: GL_EXT_clip_cull_distance
2022-05-21 12:46:49.084 22640-22674/com.nvidia.cloudxr.ovr D/VrRuntimeClient: pokeGuardianUserServiceForThisClient: com.nvidia.cloudxr.ovr:10092
2022-05-21 12:46:49.085 22640-22674/com.nvidia.cloudxr.ovr D/VrRuntimeClient: VrRuntimeClient: getClientWindow: activity client
2022-05-21 12:46:49.091 22640-22674/com.nvidia.cloudxr.ovr I/ScreenCaptureHelper: Advertising com.nvidia.cloudxr.ovr as streamable
2022-05-21 12:46:49.091 22640-22674/com.nvidia.cloudxr.ovr I/VrApi: Creating Default swapchain
2022-05-21 12:46:49.091 22640-22674/com.nvidia.cloudxr.ovr I/VrApi: Creating Loading Icon swapchain
2022-05-21 12:46:49.091 22640-22674/com.nvidia.cloudxr.ovr I/VrApi: OVR::Stats thread started
2022-05-21 12:46:49.091 22640-22674/com.nvidia.cloudxr.ovr I/XrRuntimeUtils: XrRuntimeUtils::CreateSession
2022-05-21 12:46:49.091 22640-22674/com.nvidia.cloudxr.ovr I/VrApi: Initial BaseVsync 385
2022-05-21 12:46:49.091 22640-22674/com.nvidia.cloudxr.ovr I/XrRuntimeUtils: XrRuntimeUtils::BeginSession
2022-05-21 12:46:49.091 22640-22674/com.nvidia.cloudxr.ovr I/XrRuntimeSystem_Client: BeginSession
2022-05-21 12:46:49.091 22640-22674/com.nvidia.cloudxr.ovr I/VrApi: ---------- vrapi_EnterVrMode [end] ----------
2022-05-21 12:46:49.091 22640-22674/com.nvidia.cloudxr.ovr E/CloudXR: No controllers identified!
2022-05-21 12:46:49.092 22640-22674/com.nvidia.cloudxr.ovr I/VrApi: vrapi_SetDisplayRefreshRate: display refresh rate supported 72.000000
2022-05-21 12:46:49.092 22640-22674/com.nvidia.cloudxr.ovr I/VrRuntimeClient: SyncInternalGuardianState: GetGuardianPolygon: 0
2022-05-21 12:46:49.099 22640-22727/com.nvidia.cloudxr.ovr D/VrApi: targetSDKVersion 28
2022-05-21 12:46:49.100 22640-22727/com.nvidia.cloudxr.ovr I/JniUtils: ovr_GetCurrentPackageSignature
2022-05-21 12:46:49.102 22640-22727/com.nvidia.cloudxr.ovr I/Metrics: device name = Oculus Quest
2022-05-21 12:46:49.104 22640-22726/com.nvidia.cloudxr.ovr I/InputDevice_TrackedRemote: REMOTE: Hand=2 IndexAnalog=0.00 GripAnalog=0.00 Buttons=0x00000000
2022-05-21 12:46:49.104 22640-22726/com.nvidia.cloudxr.ovr I/InputDevice_TrackedRemote: REMOTE: Hand=1 IndexAnalog=0.00 GripAnalog=0.00 Buttons=0x00000000
2022-05-21 12:46:49.111 22640-22674/com.nvidia.cloudxr.ovr I/OboeAudio: openStream() OUTPUT -------- OboeVersion1.5.0 --------
2022-05-21 12:46:49.111 22640-22674/com.nvidia.cloudxr.ovr I/AAudio: AAudioStreamBuilder_openStream() called ----------------------------------------
2022-05-21 12:46:49.111 22640-22674/com.nvidia.cloudxr.ovr I/AudioStreamBuilder: rate = 48000, channels = 2, format = 1, sharing = EX, dir = OUTPUT
2022-05-21 12:46:49.111 22640-22674/com.nvidia.cloudxr.ovr I/AudioStreamBuilder: device = 0, sessionId = -1, perfMode = 12, callback: OFF with frames = 0
2022-05-21 12:46:49.112 22640-22674/com.nvidia.cloudxr.ovr I/AudioStreamBuilder: usage = 1, contentType = 2, inputPreset = 6, allowedCapturePolicy = 0
2022-05-21 12:46:49.112 22640-22674/com.nvidia.cloudxr.ovr D/AudioStreamBuilder: build() EXCLUSIVE sharing mode not supported. Use SHARED.
2022-05-21 12:46:49.112 22640-22674/com.nvidia.cloudxr.ovr D/: PlayerBase::PlayerBase()
2022-05-21 12:46:49.113 22640-22674/com.nvidia.cloudxr.ovr D/AudioStreamTrack: open(), request notificationFrames = 0, frameCount = 0
2022-05-21 12:46:49.114 22640-22674/com.nvidia.cloudxr.ovr W/AudioTrack: createTrack_l(0): AUDIO_OUTPUT_FLAG_FAST denied by client, not shared buffer and transfer = TRANSFER_SYNC
2022-05-21 12:46:49.129 22640-22674/com.nvidia.cloudxr.ovr W/AudioStreamTrack: open() flags changed from 0x00000104 to 0x00000000
2022-05-21 12:46:49.129 22640-22674/com.nvidia.cloudxr.ovr W/AudioStreamTrack: open() perfMode changed from 12 to 10
2022-05-21 12:46:49.135 22640-22674/com.nvidia.cloudxr.ovr I/AAudio: AAudioStreamBuilder_openStream() returns 0 = AAUDIO_OK for s#1 ----------------
2022-05-21 12:46:49.135 22640-22674/com.nvidia.cloudxr.ovr D/AAudio: AAudioStream_requestStart(s#1) called --------------
2022-05-21 12:46:49.144 22640-22674/com.nvidia.cloudxr.ovr D/: PlayerBase::start() from IPlayer
2022-05-21 12:46:49.144 22640-22664/com.nvidia.cloudxr.ovr D/AudioStreamLegacy: onAudioDeviceUpdate() devId 2 => 2
2022-05-21 12:46:49.144 22640-22674/com.nvidia.cloudxr.ovr D/AAudio: AAudioStream_requestStart(s#1) returned 0 ---------
2022-05-21 12:46:49.146 22640-22674/com.nvidia.cloudxr.ovr I/MediaCodecHelper: Creating surfaces for codecId: 491185157632 textureId: 7
2022-05-21 12:46:49.152 22640-22730/com.nvidia.cloudxr.ovr I/OMXClient: IOmx service obtained
2022-05-21 12:46:49.172 22640-22729/com.nvidia.cloudxr.ovr D/SurfaceUtils: connecting to surface 0x71750f1010, reason connectToSurface
2022-05-21 12:46:49.172 22640-22729/com.nvidia.cloudxr.ovr I/MediaCodec: [OMX.qcom.video.decoder.hevc] setting surface generation to 23183361
2022-05-21 12:46:49.172 22640-22729/com.nvidia.cloudxr.ovr D/SurfaceUtils: disconnecting from surface 0x71750f1010, reason connectToSurface(reconnect)
2022-05-21 12:46:49.172 22640-22729/com.nvidia.cloudxr.ovr D/SurfaceUtils: connecting to surface 0x71750f1010, reason connectToSurface(reconnect)
2022-05-21 12:46:49.197 22640-22730/com.nvidia.cloudxr.ovr D/SurfaceUtils: set up nativeWindow 0x71750f1010 for 640x480, color 0x7fa30c06, rotation 0, usage 0x20002900
2022-05-21 12:46:49.203 22640-22674/com.nvidia.cloudxr.ovr I/MediaCodecHelper: Creating surfaces for codecId: 491185160768 textureId: 8
2022-05-21 12:46:49.207 22640-22749/com.nvidia.cloudxr.ovr I/OMXClient: IOmx service obtained
2022-05-21 12:46:49.215 22640-22748/com.nvidia.cloudxr.ovr D/SurfaceUtils: connecting to surface 0x7175134010, reason connectToSurface
2022-05-21 12:46:49.215 22640-22748/com.nvidia.cloudxr.ovr I/MediaCodec: [OMX.qcom.video.decoder.hevc] setting surface generation to 23183362
2022-05-21 12:46:49.215 22640-22748/com.nvidia.cloudxr.ovr D/SurfaceUtils: disconnecting from surface 0x7175134010, reason connectToSurface(reconnect)
2022-05-21 12:46:49.215 22640-22748/com.nvidia.cloudxr.ovr D/SurfaceUtils: connecting to surface 0x7175134010, reason connectToSurface(reconnect)
2022-05-21 12:46:49.229 22640-22749/com.nvidia.cloudxr.ovr D/SurfaceUtils: set up nativeWindow 0x7175134010 for 640x480, color 0x7fa30c06, rotation 0, usage 0x20002900
2022-05-21 12:46:49.234 22640-22758/com.nvidia.cloudxr.ovr E/CloudXR: Connection attempt in progress...
2022-05-21 12:46:49.234 22640-22674/com.nvidia.cloudxr.ovr D/VrRuntimeClient: pokeGuardianUserServiceForThisClient: com.nvidia.cloudxr.ovr:10092
2022-05-21 12:46:49.239 22640-22674/com.nvidia.cloudxr.ovr I/VrRuntimeClient: UpdateEvents: HMT was mounted
2022-05-21 12:46:49.240 22640-22674/com.nvidia.cloudxr.ovr I/AudioCapture: AudioCapture::PauseAudioCapture
2022-05-21 12:46:49.241 22640-22674/com.nvidia.cloudxr.ovr I/RuntimeIPCClientMgr: GetServerStatesConfig returned maxEntries=64, maxBuffSize=32768
2022-05-21 12:46:49.241 22640-22674/com.nvidia.cloudxr.ovr I/RuntimeIPCClientMgr: InitServerStateForGroup: SUCCESS. 0, Client: com.nvidia.cloudxr.ovr:com.nvidia.cloudxr.ovr:22640, Server: com.oculus.systemdriver:com.oculus.vrruntimeservice (RuntimeServiceServer)
2022-05-21 12:46:49.242 22640-22761/com.nvidia.cloudxr.ovr I/FenceChecker: FenceChecker::MainLoop - started
2022-05-21 12:46:49.246 22640-22674/com.nvidia.cloudxr.ovr W/VrApi: ovr_SubmitFrameInternal: FrameIndex discontinuity: Expected 1, Received 0
2022-05-21 12:46:49.264 22640-22674/com.nvidia.cloudxr.ovr W/VrApi: ovr_SubmitFrameInternal: FrameIndex discontinuity: Expected 1, Received 0
2022-05-21 12:46:49.275 22640-22674/com.nvidia.cloudxr.ovr W/VrApi: ovr_SubmitFrameInternal: FrameIndex discontinuity: Expected 1, Received 0
2022-05-21 12:46:49.287 22640-22674/com.nvidia.cloudxr.ovr W/VrApi: ovr_SubmitFrameInternal: FrameIndex discontinuity: Expected 1, Received 0
2022-05-21 12:46:49.298 22640-22674/com.nvidia.cloudxr.ovr W/VrApi: ovr_SubmitFrameInternal: FrameIndex discontinuity: Expected 1, Received 0
2022-05-21 12:46:49.309 22640-22674/com.nvidia.cloudxr.ovr W/VrApi: ovr_SubmitFrameInternal: FrameIndex discontinuity: Expected 1, Received 0
2022-05-21 12:46:49.320 22640-22674/com.nvidia.cloudxr.ovr W/VrApi: ovr_SubmitFrameInternal: FrameIndex discontinuity: Expected 1, Received 0
2022-05-21 12:46:49.334 22640-22674/com.nvidia.cloudxr.ovr W/VrApi: ovr_SubmitFrameInternal: FrameIndex discontinuity: Expected 1, Received 0
2022-05-21 12:46:49.355 22640-22674/com.nvidia.cloudxr.ovr W/VrApi: ovr_SubmitFrameInternal: FrameIndex discontinuity: Expected 1, Received 0
2022-05-21 12:46:49.369 22640-22674/com.nvidia.cloudxr.ovr W/VrApi: ovr_SubmitFrameInternal: FrameIndex discontinuity: Expected 1, Received 0
2022-05-21 12:46:49.383 22640-22674/com.nvidia.cloudxr.ovr W/VrApi: ovr_SubmitFrameInternal: FrameIndex discontinuity: Expected 1, Received 0
2022-05-21 12:46:49.397 22640-22674/com.nvidia.cloudxr.ovr W/VrApi: ovr_SubmitFrameInternal: FrameIndex discontinuity: Expected 1, Received 0
2022-05-21 12:46:49.411 22640-22674/com.nvidia.cloudxr.ovr W/VrApi: ovr_SubmitFrameInternal: FrameIndex discontinuity: Expected 1, Received 0
2022-05-21 12:46:49.425 22640-22674/com.nvidia.cloudxr.ovr W/VrApi: ovr_SubmitFrameInternal: FrameIndex discontinuity: Expected 1, Received 0
2022-05-21 12:46:49.439 22640-22674/com.nvidia.cloudxr.ovr W/VrApi: ovr_SubmitFrameInternal: FrameIndex discontinuity: Expected 1, Received 0
2022-05-21 12:46:49.453 22640-22674/com.nvidia.cloudxr.ovr W/VrApi: ovr_SubmitFrameInternal: FrameIndex discontinuity: Expected 1, Received 0
2022-05-21 12:46:49.467 22640-22674/com.nvidia.cloudxr.ovr W/VrApi: ovr_SubmitFrameInternal: FrameIndex discontinuity: Expected 1, Received 0
2022-05-21 12:46:49.481 22640-22674/com.nvidia.cloudxr.ovr W/VrApi: ovr_SubmitFrameInternal: FrameIndex discontinuity: Expected 1, Received 0
2022-05-21 12:46:49.495 22640-22674/com.nvidia.cloudxr.ovr W/VrApi: ovr_SubmitFrameInternal: FrameIndex discontinuity: Expected 1, Received 0
2022-05-21 12:46:49.509 22640-22674/com.nvidia.cloudxr.ovr W/VrApi: ovr_SubmitFrameInternal: FrameIndex discontinuity: Expected 1, Received 0
2022-05-21 12:46:49.522 22640-22674/com.nvidia.cloudxr.ovr I/chatty: uid=10092(com.nvidia.cloudxr.ovr) CloudXRClientOV identical 1 line
2022-05-21 12:46:49.536 22640-22674/com.nvidia.cloudxr.ovr W/VrApi: ovr_SubmitFrameInternal: FrameIndex discontinuity: Expected 1, Received 0
2022-05-21 12:46:49.550 22640-22674/com.nvidia.cloudxr.ovr W/VrApi: ovr_SubmitFrameInternal: FrameIndex discontinuity: Expected 1, Received 0
2022-05-21 12:46:49.564 22640-22674/com.nvidia.cloudxr.ovr W/VrApi: ovr_SubmitFrameInternal: FrameIndex discontinuity: Expected 1, Received 0
2022-05-21 12:46:49.606 22640-22674/com.nvidia.cloudxr.ovr I/chatty: uid=10092(com.nvidia.cloudxr.ovr) CloudXRClientOV identical 3 lines
2022-05-21 12:46:49.620 22640-22674/com.nvidia.cloudxr.ovr W/VrApi: ovr_SubmitFrameInternal: FrameIndex discontinuity: Expected 1, Received 0
2022-05-21 12:46:49.634 22640-22674/com.nvidia.cloudxr.ovr W/VrApi: ovr_SubmitFrameInternal: FrameIndex discontinuity: Expected 1, Received 0
2022-05-21 12:46:49.648 22640-22674/com.nvidia.cloudxr.ovr W/VrApi: ovr_SubmitFrameInternal: FrameIndex discontinuity: Expected 1, Received 0
2022-05-21 12:46:49.662 22640-22674/com.nvidia.cloudxr.ovr W/VrApi: ovr_SubmitFrameInternal: FrameIndex discontinuity: Expected 1, Received 0
2022-05-21 12:46:49.676 22640-22674/com.nvidia.cloudxr.ovr W/VrApi: ovr_SubmitFrameInternal: FrameIndex discontinuity: Expected 1, Received 0
2022-05-21 12:46:49.690 22640-22674/com.nvidia.cloudxr.ovr W/VrApi: ovr_SubmitFrameInternal: FrameIndex discontinuity: Expected 1, Received 0
2022-05-21 12:46:49.703 22640-22674/com.nvidia.cloudxr.ovr W/VrApi: ovr_SubmitFrameInternal: FrameIndex discontinuity: Expected 1, Received 0
2022-05-21 12:46:49.717 22640-22674/com.nvidia.cloudxr.ovr W/VrApi: ovr_SubmitFrameInternal: FrameIndex discontinuity: Expected 1, Received 0
2022-05-21 12:46:49.731 22640-22674/com.nvidia.cloudxr.ovr W/VrApi: ovr_SubmitFrameInternal: FrameIndex discontinuity: Expected 1, Received 0
2022-05-21 12:46:49.745 22640-22674/com.nvidia.cloudxr.ovr W/VrApi: ovr_SubmitFrameInternal: FrameIndex discontinuity: Expected 1, Received 0
2022-05-21 12:46:49.759 22640-22674/com.nvidia.cloudxr.ovr W/VrApi: ovr_SubmitFrameInternal: FrameIndex discontinuity: Expected 1, Received 0
2022-05-21 12:46:49.773 22640-22674/com.nvidia.cloudxr.ovr W/VrApi: ovr_SubmitFrameInternal: FrameIndex discontinuity: Expected 1, Received 0
2022-05-21 12:46:49.787 22640-22674/com.nvidia.cloudxr.ovr W/VrApi: ovr_SubmitFrameInternal: FrameIndex discontinuity: Expected 1, Received 0
2022-05-21 12:46:49.801 22640-22674/com.nvidia.cloudxr.ovr W/VrApi: ovr_SubmitFrameInternal: FrameIndex discontinuity: Expected 1, Received 0
2022-05-21 12:46:49.829 22640-22674/com.nvidia.cloudxr.ovr I/chatty: uid=10092(com.nvidia.cloudxr.ovr) CloudXRClientOV identical 2 lines
2022-05-21 12:46:49.843 22640-22674/com.nvidia.cloudxr.ovr W/VrApi: ovr_SubmitFrameInternal: FrameIndex discontinuity: Expected 1, Received 0
2022-05-21 12:46:49.857 22640-22674/com.nvidia.cloudxr.ovr W/VrApi: ovr_SubmitFrameInternal: FrameIndex discontinuity: Expected 1, Received 0
2022-05-21 12:46:49.871 22640-22674/com.nvidia.cloudxr.ovr W/VrApi: ovr_SubmitFrameInternal: FrameIndex discontinuity: Expected 1, Received 0
2022-05-21 12:46:49.884 22640-22674/com.nvidia.cloudxr.ovr W/VrApi: ovr_SubmitFrameInternal: FrameIndex discontinuity: Expected 1, Received 0
2022-05-21 12:46:49.898 22640-22674/com.nvidia.cloudxr.ovr W/VrApi: ovr_SubmitFrameInternal: FrameIndex discontinuity: Expected 1, Received 0
2022-05-21 12:46:49.912 22640-22674/com.nvidia.cloudxr.ovr W/VrApi: ovr_SubmitFrameInternal: FrameIndex discontinuity: Expected 1, Received 0
2022-05-21 12:46:49.982 22640-22674/com.nvidia.cloudxr.ovr I/chatty: uid=10092(com.nvidia.cloudxr.ovr) CloudXRClientOV identical 5 lines
2022-05-21 12:46:49.996 22640-22674/com.nvidia.cloudxr.ovr W/VrApi: ovr_SubmitFrameInternal: FrameIndex discontinuity: Expected 1, Received 0
2022-05-21 12:46:50.010 22640-22674/com.nvidia.cloudxr.ovr W/VrApi: ovr_SubmitFrameInternal: FrameIndex discontinuity: Expected 1, Received 0
2022-05-21 12:46:50.024 22640-22674/com.nvidia.cloudxr.ovr W/VrApi: ovr_SubmitFrameInternal: FrameIndex discontinuity: Expected 1, Received 0
2022-05-21 12:46:50.038 22640-22674/com.nvidia.cloudxr.ovr W/VrApi: ovr_SubmitFrameInternal: FrameIndex discontinuity: Expected 1, Received 0
2022-05-21 12:46:50.052 22640-22674/com.nvidia.cloudxr.ovr W/VrApi: ovr_SubmitFrameInternal: FrameIndex discontinuity: Expected 1, Received 0
2022-05-21 12:46:50.065 22640-22674/com.nvidia.cloudxr.ovr W/VrApi: ovr_SubmitFrameInternal: FrameIndex discontinuity: Expected 1, Received 0
2022-05-21 12:46:50.093 22640-22674/com.nvidia.cloudxr.ovr I/chatty: uid=10092(com.nvidia.cloudxr.ovr) CloudXRClientOV identical 2 lines
2022-05-21 12:46:50.107 22640-22674/com.nvidia.cloudxr.ovr W/VrApi: ovr_SubmitFrameInternal: FrameIndex discontinuity: Expected 1, Received 0
2022-05-21 12:46:50.121 22640-22674/com.nvidia.cloudxr.ovr W/VrApi: ovr_SubmitFrameInternal: FrameIndex discontinuity: Expected 1, Received 0
2022-05-21 12:46:50.135 22640-22674/com.nvidia.cloudxr.ovr W/VrApi: ovr_SubmitFrameInternal: FrameIndex discontinuity: Expected 1, Received 0
2022-05-21 12:46:50.149 22640-22674/com.nvidia.cloudxr.ovr W/VrApi: ovr_SubmitFrameInternal: FrameIndex discontinuity: Expected 1, Received 0
2022-05-21 12:46:50.163 22640-22674/com.nvidia.cloudxr.ovr W/VrApi: ovr_SubmitFrameInternal: FrameIndex discontinuity: Expected 1, Received 0
2022-05-21 12:46:50.177 22640-22674/com.nvidia.cloudxr.ovr W/VrApi: ovr_SubmitFrameInternal: FrameIndex discontinuity: Expected 1, Received 0
2022-05-21 12:46:50.191 22640-22674/com.nvidia.cloudxr.ovr W/VrApi: ovr_SubmitFrameInternal: FrameIndex discontinuity: Expected 1, Received 0
2022-05-21 12:46:50.205 22640-22674/com.nvidia.cloudxr.ovr W/VrApi: ovr_SubmitFrameInternal: FrameIndex discontinuity: Expected 1, Received 0
2022-05-21 12:46:50.206 22640-22727/com.nvidia.cloudxr.ovr I/Telemetry: App memory usage: PSS=115MB DalvikPSS=0 MB PrivateDirty=96MB PrivateClean=13MB
2022-05-21 12:46:50.207 22640-22727/com.nvidia.cloudxr.ovr I/VrApi: FPS=0/90,Prd=0ms,Tear=0,Early=0,Stale=0,VSnc=1,Lat=0,Fov=0,CPU4/GPU=0/0,2419/400MHz,OC=FF,TA=0/0/0,SP=N/N/N,Mem=2092MHz,Free=2101MB,PLS=0,Temp=29.5C/0.0C,TW=1.61ms,App=0.00ms,GD=0.00ms,CPU&GPU=0.00ms,LCnt=0,GPU%=0.19,CPU%=0.19(W0.23),DSF=1.00
2022-05-21 12:46:50.219 22640-22674/com.nvidia.cloudxr.ovr W/VrApi: ovr_SubmitFrameInternal: FrameIndex discontinuity: Expected 1, Received 0
2022-05-21 12:46:50.233 22640-22674/com.nvidia.cloudxr.ovr W/VrApi: ovr_SubmitFrameInternal: FrameIndex discontinuity: Expected 1, Received 0
2022-05-21 12:46:50.358 22640-22674/com.nvidia.cloudxr.ovr I/chatty: uid=10092(com.nvidia.cloudxr.ovr) CloudXRClientOV identical 9 lines
2022-05-21 12:46:50.372 22640-22674/com.nvidia.cloudxr.ovr W/VrApi: ovr_SubmitFrameInternal: FrameIndex discontinuity: Expected 1, Received 0
2022-05-21 12:46:50.386 22640-22674/com.nvidia.cloudxr.ovr W/VrApi: ovr_SubmitFrameInternal: FrameIndex discontinuity: Expected 1, Received 0
2022-05-21 12:46:50.622 22640-22674/com.nvidia.cloudxr.ovr I/chatty: uid=10092(com.nvidia.cloudxr.ovr) CloudXRClientOV identical 17 lines
2022-05-21 12:46:50.636 22640-22674/com.nvidia.cloudxr.ovr W/VrApi: ovr_SubmitFrameInternal: FrameIndex discontinuity: Expected 1, Received 0
2022-05-21 12:46:50.650 22640-22674/com.nvidia.cloudxr.ovr W/VrApi: ovr_SubmitFrameInternal: FrameIndex discontinuity: Expected 1, Received 0
2022-05-21 12:46:50.817 22640-22674/com.nvidia.cloudxr.ovr I/chatty: uid=10092(com.nvidia.cloudxr.ovr) CloudXRClientOV identical 12 lines
2022-05-21 12:46:50.831 22640-22674/com.nvidia.cloudxr.ovr W/VrApi: ovr_SubmitFrameInternal: FrameIndex discontinuity: Expected 1, Received 0
2022-05-21 12:46:50.845 22640-22674/com.nvidia.cloudxr.ovr W/VrApi: ovr_SubmitFrameInternal: FrameIndex discontinuity: Expected 1, Received 0
2022-05-21 12:46:50.873 22640-22674/com.nvidia.cloudxr.ovr I/chatty: uid=10092(com.nvidia.cloudxr.ovr) CloudXRClientOV identical 2 lines
2022-05-21 12:46:50.887 22640-22674/com.nvidia.cloudxr.ovr W/VrApi: ovr_SubmitFrameInternal: FrameIndex discontinuity: Expected 1, Received 0
2022-05-21 12:46:50.901 22640-22674/com.nvidia.cloudxr.ovr W/VrApi: ovr_SubmitFrameInternal: FrameIndex discontinuity: Expected 1, Received 0
2022-05-21 12:46:50.998 22640-22674/com.nvidia.cloudxr.ovr I/chatty: uid=10092(com.nvidia.cloudxr.ovr) CloudXRClientOV identical 7 lines
