I0622 17:45:47.175496 1019 solver.cpp:374] Train net output #0: loss_bbox = 56.0151 (* 2 = 112.03 loss)
I0622 17:45:47.175505 1019 solver.cpp:374] Train net output #1: loss_coverage = 189.347 (* 1 = 189.347 loss)
I0622 17:45:47.175513 1019 sgd_solver.cpp:170] Iteration 0, lr = 0.0001, m = 0.9, wd = 1e-06, gs = 1
I0622 17:45:47.314960 1019 solver.cpp:356] Iteration 1 (0.139486 s), loss = 41.6911
I0622 17:45:47.314992 1019 solver.cpp:374] Train net output #0: loss_bbox = 5.66974 (* 2 = 11.3395 loss)
I0622 17:45:47.315001 1019 solver.cpp:374] Train net output #1: loss_coverage = 30.3516 (* 1 = 30.3516 loss)
I0622 17:45:47.386947 1020 cudnn_conv_layer.cpp:849] [1] Conv Algos (F,BD,BF): 'conv1/7x7_s2' with space 0.72M 3/1 1 1 0 (avail 4.2G, req 0.72M) t: 0 0 2.49
I0622 17:45:47.387315 1019 cudnn_conv_layer.cpp:849] [0] Conv Algos (F,BD,BF): 'conv1/7x7_s2' with space 0.72M 3/1 1 1 3 (avail 1.97G, req 0.72M) t: 0 0 2.75
I0622 17:45:47.550810 1019 cudnn_conv_layer.cpp:849] [0] Conv Algos (F,BD,BF): 'conv2/3x3_reduce' with space 0.72M 64/1 1 1 3 (avail 1.97G, req 0.72M) t: 0 0.31 1.24
I0622 17:45:47.609302 1020 cudnn_conv_layer.cpp:849] [1] Conv Algos (F,BD,BF): 'conv2/3x3_reduce' with space 0.72M 64/1 1 1 3 (avail 4.2G, req 0.72M) t: 0 0.43 1.27
I0622 17:45:47.887708 1019 cudnn_conv_layer.cpp:849] [0] Conv Algos (F,BD,BF): 'conv2/3x3' with space 0.21G 64/1 6 4 5 (avail 1.76G, req 0.21G) t: 0 1.66 3.46
I0622 17:45:48.078620 1020 cudnn_conv_layer.cpp:849] [1] Conv Algos (F,BD,BF): 'conv2/3x3' with space 0.21G 64/1 6 4 5 (avail 3.99G, req 0.21G) t: 0 1.61 3.5
I0622 17:45:48.079524 1019 cudnn_conv_layer.cpp:849] [0] Conv Algos (F,BD,BF): 'inception_3a/1x1' with space 0.21G 192/1 1 1 3 (avail 1.76G, req 0.21G) t: 0 0.2 0.67
I0622 17:45:48.307989 1019 cudnn_conv_layer.cpp:849] [0] Conv Algos (F,BD,BF): 'inception_3a/3x3_reduce' with space 0.21G 192/1 0 1 0 (avail 1.76G, req 0.21G) t: 0 0.38 0.83
I0622 17:45:48.308931 1020 cudnn_conv_layer.cpp:849] [1] Conv Algos (F,BD,BF): 'inception_3a/1x1' with space 0.21G 192/1 1 1 3 (avail 3.99G, req 0.21G) t: 0 0.25 0.67
I0622 17:45:48.547292 1020 cudnn_conv_layer.cpp:849] [1] Conv Algos (F,BD,BF): 'inception_3a/3x3_reduce' with space 0.21G 192/1 0 1 0 (avail 3.99G, req 0.21G) t: 0 0.29 0.72
I0622 17:45:48.548305 1019 cudnn_conv_layer.cpp:849] [0] Conv Algos (F,BD,BF): 'inception_3a/3x3' with space 0.21G 96/1 6 4 5 (avail 1.76G, req 0.21G) t: 0 0.47 0.62
I0622 17:45:48.819736 1020 cudnn_conv_layer.cpp:849] [1] Conv Algos (F,BD,BF): 'inception_3a/3x3' with space 0.21G 96/1 6 4 5 (avail 3.99G, req 0.21G) t: 0 0.46 0.64
I0622 17:45:48.820590 1019 cudnn_conv_layer.cpp:849] [0] Conv Algos (F,BD,BF): 'inception_3a/5x5_reduce' with space 0.21G 192/1 1 1 0 (avail 1.76G, req 0.21G) t: 0 0.2 0.53
I0622 17:45:49.012245 1019 cudnn_conv_layer.cpp:849] [0] Conv Algos (F,BD,BF): 'inception_3a/5x5' with space 0.21G 16/1 1 1 3 (avail 1.76G, req 0.21G) t: 0 0.27 0.27
I0622 17:45:49.195796 1019 cudnn_conv_layer.cpp:849] [0] Conv Algos (F,BD,BF): 'inception_3a/pool_proj' with space 0.21G 192/1 1 1 0 (avail 1.76G, req 0.21G) t: 0 0.18 0.55
I0622 17:45:49.196612 1020 cudnn_conv_layer.cpp:849] [1] Conv Algos (F,BD,BF): 'inception_3a/5x5_reduce' with space 0.21G 192/1 1 1 3 (avail 3.99G, req 0.21G) t: 0 0.15 0.45
I0622 17:45:49.423506 1019 cudnn_conv_layer.cpp:849] [0] Conv Algos (F,BD,BF): 'inception_3b/1x1' with space 0.21G 256/1 1 1 3 (avail 1.76G, req 0.21G) t: 0 0.33 0.89
I0622 17:45:49.423866 1020 cudnn_conv_layer.cpp:849] [1] Conv Algos (F,BD,BF): 'inception_3a/5x5' with space 0.21G 16/1 1 1 3 (avail 3.99G, req 0.21G) t: 0 0.26 0.23
I0622 17:45:49.562621 1019 cudnn_conv_layer.cpp:849] [0] Conv Algos (F,BD,BF): 'inception_3b/3x3_reduce' with space 0.21G 256/1 1 1 3 (avail 1.76G, req 0.21G) t: 0 0.27 0.82
I0622 17:45:49.783241 1019 cudnn_conv_layer.cpp:849] [0] Conv Algos (F,BD,BF): 'inception_3b/3x3' with space 0.21G 128/1 6 4 5 (avail 1.76G, req 0.21G) t: 0 0.75 0.93
I0622 17:45:49.970715 1020 cudnn_conv_layer.cpp:849] [1] Conv Algos (F,BD,BF): 'inception_3a/pool_proj' with space 0.21G 192/1 1 1 0 (avail 3.99G, req 0.21G) t: 0 0.15 0.5
I0622 17:45:49.971072 1019 cudnn_conv_layer.cpp:849] [0] Conv Algos (F,BD,BF): 'inception_3b/5x5_reduce' with space 0.21G 256/1 1 1 0 (avail 1.76G, req 0.21G) t: 0 0.18 0.71
I0622 17:45:50.137348 1020 cudnn_conv_layer.cpp:849] [1] Conv Algos (F,BD,BF): 'inception_3b/1x1' with space 0.21G 256/1 1 1 3 (avail 3.99G, req 0.21G) t: 0 0.3 0.84
I0622 17:45:50.337236 1020 cudnn_conv_layer.cpp:849] [1] Conv Algos (F,BD,BF): 'inception_3b/3x3_reduce' with space 0.21G 256/1 1 1 3 (avail 3.99G, req 0.21G) t: 0 0.33 0.86
I0622 17:45:50.410048 1019 cudnn_conv_layer.cpp:849] [0] Conv Algos (F,BD,BF): 'inception_3b/5x5' with space 0.21G 32/1 1 1 3 (avail 1.76G, req 0.21G) t: 0 0.63 0.88
I0622 17:45:50.515182 1019 cudnn_conv_layer.cpp:849] [0] Conv Algos (F,BD,BF): 'inception_3b/pool_proj' with space 0.21G 256/1 1 1 3 (avail 1.76G, req 0.21G) t: 0 0.29 0.87
I0622 17:45:50.710546 1020 cudnn_conv_layer.cpp:849] [1] Conv Algos (F,BD,BF): 'inception_3b/3x3' with space 0.21G 128/1 6 4 5 (avail 3.99G, req 0.21G) t: 0 0.74 1
I0622 17:45:50.711318 1019 cudnn_conv_layer.cpp:849] [0] Conv Algos (F,BD,BF): 'inception_4a/1x1' with space 0.21G 480/1 1 1 1 (avail 1.76G, req 0.21G) t: 0 0.28 0.53
I0622 17:45:50.814330 1019 cudnn_conv_layer.cpp:849] [0] Conv Algos (F,BD,BF): 'inception_4a/3x3_reduce' with space 0.21G 480/1 1 1 0 (avail 1.76G, req 0.21G) t: 0 0.16 0.38
I0622 17:45:50.915804 1020 cudnn_conv_layer.cpp:849] [1] Conv Algos (F,BD,BF): 'inception_3b/5x5_reduce' with space 0.21G 256/1 1 1 3 (avail 3.99G, req 0.21G) t: 0 0.19 0.68
I0622 17:45:51.031321 1019 cudnn_conv_layer.cpp:849] [0] Conv Algos (F,BD,BF): 'inception_4a/3x3' with space 0.21G 96/1 6 4 5 (avail 1.76G, req 0.21G) t: 0 0.21 0.29
I0622 17:45:51.384181 1020 cudnn_conv_layer.cpp:849] [1] Conv Algos (F,BD,BF): 'inception_3b/5x5' with space 0.21G 32/1 1 1 3 (avail 3.99G, req 0.21G) t: 0 0.62 1.04
I0622 17:45:51.385205 1019 cudnn_conv_layer.cpp:849] [0] Conv Algos (F,BD,BF): 'inception_4a/5x5_reduce' with space 0.21G 480/1 1 1 0 (avail 1.76G, req 0.21G) t: 0 0.13 0.35
I0622 17:45:51.568953 1020 cudnn_conv_layer.cpp:849] [1] Conv Algos (F,BD,BF): 'inception_3b/pool_proj' with space 0.21G 256/1 1 1 3 (avail 3.99G, req 0.21G) t: 0 0.27 0.8
I0622 17:45:51.569974 1019 cudnn_conv_layer.cpp:849] [0] Conv Algos (F,BD,BF): 'inception_4a/5x5' with space 0.21G 16/1 1 1 3 (avail 1.76G, req 0.21G) t: 0 0.22 0.13
I0622 17:45:51.788391 1019 cudnn_conv_layer.cpp:849] [0] Conv Algos (F,BD,BF): 'inception_4a/pool_proj' with space 0.21G 480/1 1 1 3 (avail 1.76G, req 0.21G) t: 0 0.12 0.33
I0622 17:45:51.788575 1020 cudnn_conv_layer.cpp:849] [1] Conv Algos (F,BD,BF): 'inception_4a/1x1' with space 0.21G 480/1 1 1 1 (avail 3.99G, req 0.21G) t: 0 0.22 0.43
I0622 17:45:51.988116 1019 cudnn_conv_layer.cpp:849] [0] Conv Algos (F,BD,BF): 'inception_4b/1x1' with space 0.21G 512/1 1 1 1 (avail 1.76G, req 0.21G) t: 0 0.17 0.42
I0622 17:45:51.988456 1020 cudnn_conv_layer.cpp:849] [1] Conv Algos (F,BD,BF): 'inception_4a/3x3_reduce' with space 0.21G 480/1 1 1 1 (avail 3.99G, req 0.21G) t: 0 0.15 0.34
I0622 17:45:52.103032 1019 cudnn_conv_layer.cpp:849] [0] Conv Algos (F,BD,BF): 'inception_4b/3x3_reduce' with space 0.21G 512/1 1 1 3 (avail 1.76G, req 0.21G) t: 0 0.14 0.32
I0622 17:45:52.227385 1019 cudnn_conv_layer.cpp:849] [0] Conv Algos (F,BD,BF): 'inception_4b/3x3' with space 0.21G 112/1 6 4 5 (avail 1.76G, req 0.21G) t: 0 0.24 0.31
I0622 17:45:52.383342 1020 cudnn_conv_layer.cpp:849] [1] Conv Algos (F,BD,BF): 'inception_4a/3x3' with space 0.21G 96/1 6 4 5 (avail 3.99G, req 0.21G) t: 0 0.18 0.29
I0622 17:45:52.547257 1019 cudnn_conv_layer.cpp:849] [0] Conv Algos (F,BD,BF): 'inception_4b/5x5_reduce' with space 0.21G 512/1 1 1 3 (avail 1.76G, req 0.21G) t: 0 0.1 0.3
I0622 17:45:52.741238 1020 cudnn_conv_layer.cpp:849] [1] Conv Algos (F,BD,BF): 'inception_4a/5x5_reduce' with space 0.21G 480/1 1 1 3 (avail 3.99G, req 0.21G) t: 0 0.15 0.31
I0622 17:45:52.742604 1019 cudnn_conv_layer.cpp:849] [0] Conv Algos (F,BD,BF): 'inception_4b/5x5' with space 0.21G 24/1 1 1 3 (avail 1.76G, req 0.21G) t: 0 0.27 0.23
I0622 17:45:52.904320 1020 cudnn_conv_layer.cpp:849] [1] Conv Algos (F,BD,BF): 'inception_4a/5x5' with space 0.21G 16/1 1 1 0 (avail 3.99G, req 0.21G) t: 0 0.15 0.16
I0622 17:45:52.905532 1019 cudnn_conv_layer.cpp:849] [0] Conv Algos (F,BD,BF): 'inception_4b/pool_proj' with space 0.21G 512/1 1 1 3 (avail 1.76G, req 0.21G) t: 0 0.15 0.39
I0622 17:45:53.035758 1019 cudnn_conv_layer.cpp:849] [0] Conv Algos (F,BD,BF): 'inception_4c/1x1' with space 0.21G 512/1 1 1 3 (avail 1.76G, req 0.21G) t: 0 0.19 0.37
I0622 17:45:53.187057 1019 cudnn_conv_layer.cpp:849] [0] Conv Algos (F,BD,BF): 'inception_4c/3x3_reduce' with space 0.21G 512/1 1 1 3 (avail 1.76G, req 0.21G) t: 0 0.16 0.33
I0622 17:45:53.399222 1019 cudnn_conv_layer.cpp:849] [0] Conv Algos (F,BD,BF): 'inception_4c/3x3' with space 0.21G 128/1 6 4 5 (avail 1.76G, req 0.21G) t: 0 0.3 0.35
I0622 17:45:53.400260 1020 cudnn_conv_layer.cpp:849] [1] Conv Algos (F,BD,BF): 'inception_4a/pool_proj' with space 0.21G 480/1 1 1 3 (avail 3.99G, req 0.21G) t: 0 0.13 0.31
I0622 17:45:53.599498 1020 cudnn_conv_layer.cpp:849] [1] Conv Algos (F,BD,BF): 'inception_4b/1x1' with space 0.21G 512/1 1 1 1 (avail 3.99G, req 0.21G) t: 0 0.25 0.48
I0622 17:45:53.698854 1019 cudnn_conv_layer.cpp:849] [0] Conv Algos (F,BD,BF): 'inception_4c/5x5_reduce' with space 0.21G 512/1 1 1 0 (avail 1.76G, req 0.21G) t: 0 0.18 0.37
I0622 17:45:53.807425 1020 cudnn_conv_layer.cpp:849] [1] Conv Algos (F,BD,BF): 'inception_4b/3x3_reduce' with space 0.21G 512/1 1 1 3 (avail 3.99G, req 0.21G) t: 0 0.18 0.33
I0622 17:45:53.959184 1019 cudnn_conv_layer.cpp:849] [0] Conv Algos (F,BD,BF): 'inception_4c/5x5' with space 0.21G 24/1 1 1 3 (avail 1.76G, req 0.21G) t: 0 0.21 0.2
I0622 17:45:54.063976 1019 cudnn_conv_layer.cpp:849] [0] Conv Algos (F,BD,BF): 'inception_4c/pool_proj' with space 0.21G 512/1 1 1 3 (avail 1.76G, req 0.21G) t: 0 0.15 0.43
I0622 17:45:54.229276 1019 cudnn_conv_layer.cpp:849] [0] Conv Algos (F,BD,BF): 'inception_4d/1x1' with space 0.21G 512/1 1 1 3 (avail 1.76G, req 0.21G) t: 0 0.14 0.32
I0622 17:45:54.337574 1020 cudnn_conv_layer.cpp:849] [1] Conv Algos (F,BD,BF): 'inception_4b/3x3' with space 0.21G 112/1 6 4 5 (avail 3.99G, req 0.21G) t: 0 0.23 0.31
I0622 17:45:54.438199 1019 cudnn_conv_layer.cpp:849] [0] Conv Algos (F,BD,BF): 'inception_4d/3x3_reduce' with space 0.21G 512/1 1 1 3 (avail 1.76G, req 0.21G) t: 0 0.23 0.56
I0622 17:45:54.595295 1019 cudnn_conv_layer.cpp:849] [0] Conv Algos (F,BD,BF): 'inception_4d/3x3' with space 0.21G 144/1 6 4 5 (avail 1.76G, req 0.21G) t: 0 0.35 0.5
I0622 17:45:54.770879 1019 cudnn_conv_layer.cpp:849] [0] Conv Algos (F,BD,BF): 'inception_4d/5x5_reduce' with space 0.21G 512/1 1 1 0 (avail 1.76G, req 0.21G) t: 0 0.11 0.32
I0622 17:45:54.772585 1020 cudnn_conv_layer.cpp:849] [1] Conv Algos (F,BD,BF): 'inception_4b/5x5_reduce' with space 0.21G 512/1 1 1 0 (avail 3.99G, req 0.21G) t: 0 0.21 0.34
I0622 17:45:54.909198 1019 cudnn_conv_layer.cpp:849] [0] Conv Algos (F,BD,BF): 'inception_4d/5x5' with space 0.21G 32/1 1 1 3 (avail 1.76G, req 0.21G) t: 0 0.25 0.27
I0622 17:45:55.025369 1020 cudnn_conv_layer.cpp:849] [1] Conv Algos (F,BD,BF): 'inception_4b/5x5' with space 0.21G 24/1 1 1 3 (avail 3.99G, req 0.21G) t: 0 0.21 0.18
I0622 17:45:55.217212 1019 cudnn_conv_layer.cpp:849] [0] Conv Algos (F,BD,BF): 'inception_4d/pool_proj' with space 0.21G 512/1 1 1 3 (avail 1.76G, req 0.21G) t: 0 0.15 0.4
I0622 17:45:55.218466 1020 cudnn_conv_layer.cpp:849] [1] Conv Algos (F,BD,BF): 'inception_4b/pool_proj' with space 0.21G 512/1 1 1 3 (avail 3.99G, req 0.21G) t: 0 0.16 0.36
I0622 17:45:55.439218 1019 cudnn_conv_layer.cpp:849] [0] Conv Algos (F,BD,BF): 'inception_4e/1x1' with space 0.21G 528/1 1 1 3 (avail 1.76G, req 0.21G) t: 0 0.37 0.57
I0622 17:45:55.440301 1020 cudnn_conv_layer.cpp:849] [1] Conv Algos (F,BD,BF): 'inception_4c/1x1' with space 0.21G 512/1 1 1 3 (avail 3.99G, req 0.21G) t: 0 0.23 0.37
I0622 17:45:55.667394 1019 cudnn_conv_layer.cpp:849] [0] Conv Algos (F,BD,BF): 'inception_4e/3x3_reduce' with space 0.21G 528/1 1 1 3 (avail 1.76G, req 0.21G) t: 0 0.28 0.52
I0622 17:45:55.668850 1020 cudnn_conv_layer.cpp:849] [1] Conv Algos (F,BD,BF): 'inception_4c/3x3_reduce' with space 0.21G 512/1 1 1 3 (avail 3.99G, req 0.21G) t: 0 0.23 0.37
I0622 17:45:55.900760 1020 cudnn_conv_layer.cpp:849] [1] Conv Algos (F,BD,BF): 'inception_4c/3x3' with space 0.21G 128/1 6 4 5 (avail 3.99G, req 0.21G) t: 0 0.27 0.34
I0622 17:45:55.901525 1019 cudnn_conv_layer.cpp:849] [0] Conv Algos (F,BD,BF): 'inception_4e/3x3' with space 0.21G 160/1 6 4 5 (avail 1.76G, req 0.21G) t: 0 0.39 0.54
I0622 17:45:56.008360 1019 cudnn_conv_layer.cpp:849] [0] Conv Algos (F,BD,BF): 'inception_4e/5x5_reduce' with space 0.21G 528/1 1 1 0 (avail 1.76G, req 0.21G) t: 0 0.14 0.33
I0622 17:45:56.223697 1019 cudnn_conv_layer.cpp:849] [0] Conv Algos (F,BD,BF): 'inception_4e/5x5' with space 0.21G 32/1 1 1 0 (avail 1.76G, req 0.21G) t: 0 0.33 0.33
I0622 17:45:56.224731 1020 cudnn_conv_layer.cpp:849] [1] Conv Algos (F,BD,BF): 'inception_4c/5x5_reduce' with space 0.21G 512/1 1 1 3 (avail 3.99G, req 0.21G) t: 0 0.12 0.31
I0622 17:45:56.466131 1019 cudnn_conv_layer.cpp:849] [0] Conv Algos (F,BD,BF): 'inception_4e/pool_proj' with space 0.21G 528/1 1 1 3 (avail 1.76G, req 0.21G) t: 0 0.25 0.43
I0622 17:45:56.468139 1020 cudnn_conv_layer.cpp:849] [1] Conv Algos (F,BD,BF): 'inception_4c/5x5' with space 0.21G 24/1 1 1 3 (avail 3.99G, req 0.21G) t: 0 0.23 0.2
I0622 17:45:56.694407 1019 cudnn_conv_layer.cpp:849] [0] Conv Algos (F,BD,BF): 'inception_5a/1x1' with space 0.21G 832/1 1 1 0 (avail 1.76G, req 0.21G) t: 0 0.46 0.84
I0622 17:45:56.695066 1020 cudnn_conv_layer.cpp:849] [1] Conv Algos (F,BD,BF): 'inception_4c/pool_proj' with space 0.21G 512/1 1 1 3 (avail 3.99G, req 0.21G) t: 0 0.18 0.4
I0622 17:45:56.908618 1020 cudnn_conv_layer.cpp:849] [1] Conv Algos (F,BD,BF): 'inception_4d/1x1' with space 0.21G 512/1 1 1 3 (avail 3.99G, req 0.21G) t: 0 0.17 0.31
I0622 17:45:56.909389 1019 cudnn_conv_layer.cpp:849] [0] Conv Algos (F,BD,BF): 'inception_5a/3x3_reduce' with space 0.21G 832/1 1 1 0 (avail 1.76G, req 0.21G) t: 0 0.32 0.72
I0622 17:45:57.111681 1020 cudnn_conv_layer.cpp:849] [1] Conv Algos (F,BD,BF): 'inception_4d/3x3_reduce' with space 0.21G 512/1 1 1 1 (avail 3.99G, req 0.21G) t: 0 0.2 0.43
I0622 17:45:57.112294 1019 cudnn_conv_layer.cpp:849] [0] Conv Algos (F,BD,BF): 'inception_5a/3x3' with space 0.21G 160/1 6 4 5 (avail 1.76G, req 0.21G) t: 0 0.39 0.54
I0622 17:45:57.330107 1019 cudnn_conv_layer.cpp:849] [0] Conv Algos (F,BD,BF): 'inception_5a/5x5_reduce' with space 0.21G 832/1 1 1 1 (avail 1.76G, req 0.21G) t: 0 0.15 0.48
I0622 17:45:57.331007 1020 cudnn_conv_layer.cpp:849] [1] Conv Algos (F,BD,BF): 'inception_4d/3x3' with space 0.21G 144/1 6 4 5 (avail 3.99G, req 0.21G) t: 0 0.36 0.5
I0622 17:45:57.501794 1019 cudnn_conv_layer.cpp:849] [0] Conv Algos (F,BD,BF): 'inception_5a/5x5' with space 0.21G 32/1 1 1 3 (avail 1.76G, req 0.21G) t: 0 0.36 0.27
I0622 17:45:57.642694 1019 cudnn_conv_layer.cpp:849] [0] Conv Algos (F,BD,BF): 'inception_5a/pool_proj' with space 0.21G 832/1 1 1 3 (avail 1.76G, req 0.21G) t: 0 0.24 0.52
I0622 17:45:57.838670 1020 cudnn_conv_layer.cpp:849] [1] Conv Algos (F,BD,BF): 'inception_4d/5x5_reduce' with space 0.21G 512/1 1 1 3 (avail 3.99G, req 0.21G) t: 0 0.1 0.29
I0622 17:45:57.839138 1019 cudnn_conv_layer.cpp:849] [0] Conv Algos (F,BD,BF): 'inception_5b/1x1' with space 0.21G 832/1 1 1 0 (avail 1.76G, req 0.21G) t: 0 0.62 1
I0622 17:45:57.948123 1019 cudnn_conv_layer.cpp:849] [0] Conv Algos (F,BD,BF): 'inception_5b/3x3_reduce' with space 0.21G 832/1 1 1 0 (avail 1.76G, req 0.21G) t: 0 0.33 0.72
I0622 17:45:58.048691 1020 cudnn_conv_layer.cpp:849] [1] Conv Algos (F,BD,BF): 'inception_4d/5x5' with space 0.21G 32/1 1 1 3 (avail 3.99G, req 0.21G) t: 0 0.19 0.23
I0622 17:45:58.257050 1020 cudnn_conv_layer.cpp:849] [1] Conv Algos (F,BD,BF): 'inception_4d/pool_proj' with space 0.21G 512/1 1 1 3 (avail 3.99G, req 0.21G) t: 0 0.14 0.35
I0622 17:45:58.258253 1019 cudnn_conv_layer.cpp:849] [0] Conv Algos (F,BD,BF): 'inception_5b/3x3' with space 0.21G 192/1 6 4 5 (avail 1.76G, req 0.21G) t: 0 0.52 0.63
I0622 17:45:58.492911 1020 cudnn_conv_layer.cpp:849] [1] Conv Algos (F,BD,BF): 'inception_4e/1x1' with space 0.21G 528/1 1 1 3 (avail 3.99G, req 0.21G) t: 0 0.32 0.52
I0622 17:45:58.493578 1019 cudnn_conv_layer.cpp:849] [0] Conv Algos (F,BD,BF): 'inception_5b/5x5_reduce' with space 0.21G 832/1 1 1 3 (avail 1.76G, req 0.21G) t: 0 0.22 0.53
I0622 17:45:58.709357 1020 cudnn_conv_layer.cpp:849] [1] Conv Algos (F,BD,BF): 'inception_4e/3x3_reduce' with space 0.21G 528/1 1 1 1 (avail 3.99G, req 0.21G) t: 0 0.25 0.46
I0622 17:45:58.710316 1019 cudnn_conv_layer.cpp:849] [0] Conv Algos (F,BD,BF): 'inception_5b/5x5' with space 0.21G 48/1 1 1 3 (avail 1.76G, req 0.21G) t: 0 0.52 0.37
I0622 17:45:58.918391 1019 cudnn_conv_layer.cpp:849] [0] Conv Algos (F,BD,BF): 'inception_5b/pool_proj' with space 0.21G 832/1 1 1 3 (avail 1.76G, req 0.21G) t: 0 0.3 0.55
I0622 17:45:58.918978 1020 cudnn_conv_layer.cpp:849] [1] Conv Algos (F,BD,BF): 'inception_4e/3x3' with space 0.21G 160/1 6 4 5 (avail 3.99G, req 0.21G) t: 0 0.39 0.55
I0622 17:45:59.207290 1019 cudnn_conv_layer.cpp:849] [0] Conv Algos (F,BD,BF): 'cvg/classifier' with space 0.21G 1024/1 1 1 3 (avail 1.76G, req 0.21G) t: 0 0.15 0.59
I0622 17:45:59.362042 1020 cudnn_conv_layer.cpp:849] [1] Conv Algos (F,BD,BF): 'inception_4e/5x5_reduce' with space 0.21G 528/1 1 1 0 (avail 3.99G, req 0.21G) t: 0 0.19 0.33
I0622 17:45:59.475327 1019 cudnn_conv_layer.cpp:849] [0] Conv Algos (F,BD,BF): 'bbox/regressor' with space 0.21G 1024/1 1 1 0 (avail 1.76G, req 0.21G) t: 0 0.16 0.62
I0622 17:45:59.591493 1020 cudnn_conv_layer.cpp:849] [1] Conv Algos (F,BD,BF): 'inception_4e/5x5' with space 0.21G 32/1 1 1 0 (avail 3.99G, req 0.21G) t: 0 0.45 0.32
I0622 17:45:59.730993 1020 cudnn_conv_layer.cpp:849] [1] Conv Algos (F,BD,BF): 'inception_4e/pool_proj' with space 0.21G 528/1 1 1 3 (avail 3.99G, req 0.21G) t: 0 0.2 0.33
I0622 17:45:59.891352 1020 cudnn_conv_layer.cpp:849] [1] Conv Algos (F,BD,BF): 'inception_5a/1x1' with space 0.21G 832/1 1 1 0 (avail 3.99G, req 0.21G) t: 0 0.46 0.76
I0622 17:46:00.051404 1020 cudnn_conv_layer.cpp:849] [1] Conv Algos (F,BD,BF): 'inception_5a/3x3_reduce' with space 0.21G 832/1 1 1 0 (avail 3.99G, req 0.21G) t: 0 0.31 0.67
I0622 17:46:00.247503 1020 cudnn_conv_layer.cpp:849] [1] Conv Algos (F,BD,BF): 'inception_5a/3x3' with space 0.21G 160/1 6 4 5 (avail 3.99G, req 0.21G) t: 0 0.4 0.55
I0622 17:46:00.819394 1020 cudnn_conv_layer.cpp:849] [1] Conv Algos (F,BD,BF): 'inception_5a/5x5_reduce' with space 0.21G 832/1 1 1 3 (avail 3.99G, req 0.21G) t: 0 0.21 0.53
I0622 17:46:01.038497 1020 cudnn_conv_layer.cpp:849] [1] Conv Algos (F,BD,BF): 'inception_5a/5x5' with space 0.21G 32/1 1 1 0 (avail 3.99G, req 0.21G) t: 0 0.37 0.32
I0622 17:46:01.196331 1020 cudnn_conv_layer.cpp:849] [1] Conv Algos (F,BD,BF): 'inception_5a/pool_proj' with space 0.21G 832/1 1 1 3 (avail 3.99G, req 0.21G) t: 0 0.27 0.52
I0622 17:46:01.367676 1020 cudnn_conv_layer.cpp:849] [1] Conv Algos (F,BD,BF): 'inception_5b/1x1' with space 0.21G 832/1 1 1 0 (avail 3.99G, req 0.21G) t: 0 0.56 1.01
I0622 17:46:01.536494 1020 cudnn_conv_layer.cpp:849] [1] Conv Algos (F,BD,BF): 'inception_5b/3x3_reduce' with space 0.21G 832/1 1 1 0 (avail 3.99G, req 0.21G) t: 0 0.38 0.74
I0622 17:46:01.749300 1020 cudnn_conv_layer.cpp:849] [1] Conv Algos (F,BD,BF): 'inception_5b/3x3' with space 0.21G 192/1 6 4 5 (avail 3.99G, req 0.21G) t: 0 0.54 0.67
I0622 17:46:01.888165 1020 cudnn_conv_layer.cpp:849] [1] Conv Algos (F,BD,BF): 'inception_5b/5x5_reduce' with space 0.21G 832/1 1 1 1 (avail 3.99G, req 0.21G) t: 0 0.17 0.47
I0622 17:46:02.121215 1020 cudnn_conv_layer.cpp:849] [1] Conv Algos (F,BD,BF): 'inception_5b/5x5' with space 0.21G 48/1 1 1 3 (avail 3.99G, req 0.21G) t: 0 0.49 0.36
I0622 17:46:02.267572 1020 cudnn_conv_layer.cpp:849] [1] Conv Algos (F,BD,BF): 'inception_5b/pool_proj' with space 0.21G 832/1 1 1 3 (avail 3.99G, req 0.21G) t: 0 0.29 0.53
I0622 17:46:02.620811 1020 cudnn_conv_layer.cpp:849] [1] Conv Algos (F,BD,BF): 'cvg/classifier' with space 0.21G 1024/1 1 1 0 (avail 3.99G, req 0.21G) t: 0 0.2 0.6
I0622 17:46:02.915232 1020 cudnn_conv_layer.cpp:849] [1] Conv Algos (F,BD,BF): 'bbox/regressor' with space 0.21G 1024/1 1 1 3 (avail 3.99G, req 0.21G) t: 0 0.16 0.55
I0622 17:46:02.997737 1019 solver.cpp:356] Iteration 2 (15.6827 s), loss = 53.9587
I0622 17:46:02.997776 1019 solver.cpp:374] Train net output #0: loss_bbox = 21.0594 (* 2 = 42.1188 loss)
I0622 17:46:02.997784 1019 solver.cpp:374] Train net output #1: loss_coverage = 11.84 (* 1 = 11.84 loss)
I0622 17:46:03.825850 1019 solver.cpp:350] Iteration 9 (8.45304 iter/s, 0.828105s/7 iter), loss = 53.0245
I0622 17:46:03.825871 1019 solver.cpp:374] Train net output #0: loss_bbox = 20.5897 (* 2 = 41.1794 loss)
I0622 17:46:03.825881 1019 solver.cpp:374] Train net output #1: loss_coverage = 11.8451 (* 1 = 11.8451 loss)
I0622 17:46:03.825887 1019 sgd_solver.cpp:170] Iteration 9, lr = 0.0001, m = 0.9, wd = 1e-06, gs = 1
I0622 17:46:04.891662 1019 solver.cpp:350] Iteration 18 (8.44434 iter/s, 1.0658s/9 iter), loss = 80.8336
I0622 17:46:04.891690 1019 solver.cpp:374] Train net output #0: loss_bbox = 30.0822 (* 2 = 60.1643 loss)
I0622 17:46:04.891698 1019 solver.cpp:374] Train net output #1: loss_coverage = 20.6692 (* 1 = 20.6692 loss)
I0622 17:46:04.891705 1019 sgd_solver.cpp:170] Iteration 18, lr = 0.0001, m = 0.9, wd = 1e-06, gs = 1
I0622 17:46:05.958520 1019 solver.cpp:350] Iteration 27 (8.43605 iter/s, 1.06685s/9 iter), loss = 1.52588e-05
I0622 17:46:05.958545 1019 solver.cpp:374] Train net output #0: loss_bbox = 0 (* 2 = 0 loss)
I0622 17:46:05.958556 1019 solver.cpp:374] Train net output #1: loss_coverage = 1.69529e-06 (* 1 = 1.69529e-06 loss)
I0622 17:46:05.958565 1019 sgd_solver.cpp:170] Iteration 27, lr = 0.0001, m = 0.9, wd = 1e-06, gs = 1
I0622 17:46:07.022814 1019 solver.cpp:350] Iteration 36 (8.45641 iter/s, 1.06428s/9 iter), loss = 15.9067
I0622 17:46:07.022836 1019 solver.cpp:374] Train net output #0: loss_bbox = 5.45322 (* 2 = 10.9064 loss)
I0622 17:46:07.022845 1019 solver.cpp:374] Train net output #1: loss_coverage = 5.0003 (* 1 = 5.0003 loss)
I0622 17:46:07.022853 1019 sgd_solver.cpp:170] Iteration 36, lr = 0.0001, m = 0.9, wd = 1e-06, gs = 1
I0622 17:46:07.730628 1055 data_reader.cpp:320] Restarting data pre-fetching
I0622 17:46:07.775269 1061 data_reader.cpp:320] Restarting data pre-fetching
I0622 17:46:08.083433 1019 solver.cpp:350] Iteration 45 (8.48571 iter/s, 1.06061s/9 iter), 0.6/101.2ep, loss = 23.963
I0622 17:46:08.083456 1019 solver.cpp:374] Train net output #0: loss_bbox = 7.64795 (* 2 = 15.2959 loss)
I0622 17:46:08.083467 1019 solver.cpp:374] Train net output #1: loss_coverage = 8.66713 (* 1 = 8.66713 loss)
I0622 17:46:08.083477 1019 sgd_solver.cpp:170] Iteration 45, lr = 0.0001, m = 0.9, wd = 1e-06, gs = 1
I0622 17:46:09.146147 1019 solver.cpp:350] Iteration 54 (8.46895 iter/s, 1.06271s/9 iter), 0.7/101.2ep, loss = 14.5786
I0622 17:46:09.146167 1019 solver.cpp:374] Train net output #0: loss_bbox = 5.9559 (* 2 = 11.9118 loss)
I0622 17:46:09.146174 1019 solver.cpp:374] Train net output #1: loss_coverage = 2.6668 (* 1 = 2.6668 loss)
I0622 17:46:09.146181 1019 sgd_solver.cpp:170] Iteration 54, lr = 0.0001, m = 0.9, wd = 1e-06, gs = 1
I0622 17:46:10.215977 1019 solver.cpp:350] Iteration 63 (8.41261 iter/s, 1.06982s/9 iter), 0.9/101.2ep, loss = 23.6599
I0622 17:46:10.215996 1019 solver.cpp:374] Train net output #0: loss_bbox = 7.07995 (* 2 = 14.1599 loss)
I0622 17:46:10.216003 1019 solver.cpp:374] Train net output #1: loss_coverage = 9.50001 (* 1 = 9.50001 loss)
I0622 17:46:10.216011 1019 sgd_solver.cpp:170] Iteration 63, lr = 0.0001, m = 0.9, wd = 1e-06, gs = 1
I0622 17:46:11.288228 1019 solver.cpp:350] Iteration 72 (8.39367 iter/s, 1.07224s/9 iter), 1/101.2ep, loss = 22.6686
I0622 17:46:11.288246 1019 solver.cpp:374] Train net output #0: loss_bbox = 6.75095 (* 2 = 13.5019 loss)
I0622 17:46:11.288254 1019 solver.cpp:374] Train net output #1: loss_coverage = 9.16674 (* 1 = 9.16674 loss)
I0622 17:46:11.288264 1019 sgd_solver.cpp:170] Iteration 72, lr = 0.0001, m = 0.9, wd = 1e-06, gs = 1
I0622 17:46:11.288282 1019 solver.cpp:782] Snapshotting to binary proto file snapshot_iter_73.caffemodel
I0622 17:46:11.358429 1019 sgd_solver.cpp:396] Snapshotting solver state to binary proto file snapshot_iter_73.solverstate
I0622 17:46:11.379392 1019 solver.cpp:516] Iteration 73, Testing net (#0)
I0622 17:46:11.379587 1014 data_reader.cpp:320] Restarting data pre-fetching
I0622 17:46:11.410610 1011 data_reader.cpp:320] Restarting data pre-fetching
I0622 17:46:11.552510 1014 data_reader.cpp:320] Restarting data pre-fetching
I0622 17:46:11.582406 1011 data_reader.cpp:320] Restarting data pre-fetching
I0622 17:46:11.595113 1019 solver.cpp:602] Test net output #0: loss_bbox = 18.3406 (* 2 = 36.6812 loss)
I0622 17:46:11.595130 1019 solver.cpp:602] Test net output #1: loss_coverage = 17.8667 (* 1 = 17.8667 loss)
I0622 17:46:11.595137 1019 solver.cpp:602] Test net output #2: mAP = 0
I0622 17:46:11.595144 1019 solver.cpp:602] Test net output #3: precision = 0
I0622 17:46:11.595149 1019 solver.cpp:602] Test net output #4: recall = 0
I0622 17:46:11.595171 1019 solver.cpp:281] [MultiGPU] Tests completed in 0.306951s
I0622 17:46:12.673259 1019 solver.cpp:350] Iteration 81 (29.3207 iter/s, 0.306951s/9 iter), 1.1/101.2ep, loss = 16.7034
I0622 17:46:12.673281 1019 solver.cpp:374] Train net output #0: loss_bbox = 5.76836 (* 2 = 11.5367 loss)
I0622 17:46:12.673292 1019 solver.cpp:374] Train net output #1: loss_coverage = 5.1667 (* 1 = 5.1667 loss)
I0622 17:46:12.673302 1019 sgd_solver.cpp:170] Iteration 81, lr = 0.0001, m = 0.9, wd = 1e-06, gs = 1
I0622 17:46:13.746927 1019 solver.cpp:350] Iteration 90 (8.3826 iter/s, 1.07365s/9 iter), 1.2/101.2ep, loss = 53.6684
I0622 17:46:13.746949 1019 solver.cpp:374] Train net output #0: loss_bbox = 19.7469 (* 2 = 39.4938 loss)
I0622 17:46:13.746961 1019 solver.cpp:374] Train net output #1: loss_coverage = 14.1746 (* 1 = 14.1746 loss)
I0622 17:46:13.746970 1019 sgd_solver.cpp:170] Iteration 90, lr = 0.0001, m = 0.9, wd = 1e-06, gs = 1
I0622 17:46:14.814039 1019 solver.cpp:350] Iteration 99 (8.43407 iter/s, 1.0671s/9 iter), 1.4/101.2ep, loss = 30.5609
I0622 17:46:14.814249 1019 solver.cpp:374] Train net output #0: loss_bbox = 12.947 (* 2 = 25.8939 loss)
I0622 17:46:14.814258 1019 solver.cpp:374] Train net output #1: loss_coverage = 4.66698 (* 1 = 4.66698 loss)
I0622 17:46:14.814266 1019 sgd_solver.cpp:170] Iteration 99, lr = 0.0001, m = 0.9, wd = 1e-06, gs = 1
I0622 17:46:15.876953 1019 solver.cpp:350] Iteration 108 (8.46737 iter/s, 1.0629s/9 iter), 1.5/101.2ep, loss = 37.7969
I0622 17:46:15.876972 1019 solver.cpp:374] Train net output #0: loss_bbox = 14.2316 (* 2 = 28.4632 loss)
I0622 17:46:15.876981 1019 solver.cpp:374] Train net output #1: loss_coverage = 9.33365 (* 1 = 9.33365 loss)
I0622 17:46:15.876991 1019 sgd_solver.cpp:170] Iteration 108, lr = 0.0001, m = 0.9, wd = 1e-06, gs = 1
I0622 17:46:16.936259 1019 solver.cpp:350] Iteration 117 (8.49619 iter/s, 1.0593s/9 iter), 1.6/101.2ep, loss = 1160.09
I0622 17:46:16.936278 1019 solver.cpp:374] Train net output #0: loss_bbox = 575.027 (* 2 = 1150.05 loss)
I0622 17:46:16.936286 1019 solver.cpp:374] Train net output #1: loss_coverage = 10.0373 (* 1 = 10.0373 loss)
I0622 17:46:16.936296 1019 sgd_solver.cpp:170] Iteration 117, lr = 0.0001, m = 0.9, wd = 1e-06, gs = 1
I0622 17:46:16.936421 1055 data_reader.cpp:320] Restarting data pre-fetching
I0622 17:46:16.956881 1061 data_reader.cpp:320] Restarting data pre-fetching
I0622 17:46:17.995342 1019 solver.cpp:350] Iteration 126 (8.49794 iter/s, 1.05908s/9 iter), 1.7/101.2ep, loss = 19.8818
I0622 17:46:17.995363 1019 solver.cpp:374] Train net output #0: loss_bbox = 7.18892 (* 2 = 14.3778 loss)
I0622 17:46:17.995373 1019 solver.cpp:374] Train net output #1: loss_coverage = 5.50395 (* 1 = 5.50395 loss)
I0622 17:46:17.995381 1019 sgd_solver.cpp:170] Iteration 126, lr = 0.0001, m = 0.9, wd = 1e-06, gs = 1
I0622 17:46:19.054924 1019 solver.cpp:350] Iteration 135 (8.49404 iter/s, 1.05957s/9 iter), 1.9/101.2ep, loss = 6.86789
I0622 17:46:19.054942 1019 solver.cpp:374] Train net output #0: loss_bbox = 2.10003 (* 2 = 4.20007 loss)
I0622 17:46:19.054950 1019 solver.cpp:374] Train net output #1: loss_coverage = 2.66781 (* 1 = 2.66781 loss)
I0622 17:46:19.054957 1019 sgd_solver.cpp:170] Iteration 135, lr = 0.0001, m = 0.9, wd = 1e-06, gs = 1
I0622 17:46:20.116025 1019 solver.cpp:350] Iteration 144 (8.48183 iter/s, 1.06109s/9 iter), 2/101.2ep, loss = 43.9611
I0622 17:46:20.116045 1019 solver.cpp:374] Train net output #0: loss_bbox = 15.563 (* 2 = 31.1261 loss)
I0622 17:46:20.116053 1019 solver.cpp:374] Train net output #1: loss_coverage = 12.835 (* 1 = 12.835 loss)
I0622 17:46:20.116060 1019 sgd_solver.cpp:170] Iteration 144, lr = 0.0001, m = 0.9, wd = 1e-06, gs = 1
I0622 17:46:20.233546 1019 solver.cpp:782] Snapshotting to binary proto file snapshot_iter_146.caffemodel
I0622 17:46:20.270407 1019 sgd_solver.cpp:396] Snapshotting solver state to binary proto file snapshot_iter_146.solverstate
I0622 17:46:20.296375 1019 solver.cpp:516] Iteration 146, Testing net (#0)
I0622 17:46:20.469274 1014 data_reader.cpp:320] Restarting data pre-fetching
I0622 17:46:20.502462 1011 data_reader.cpp:320] Restarting data pre-fetching
I0622 17:46:20.512193 1019 solver.cpp:602] Test net output #0: loss_bbox = 19.9573 (* 2 = 39.9147 loss)
I0622 17:46:20.512210 1019 solver.cpp:602] Test net output #1: loss_coverage = 16.0282 (* 1 = 16.0282 loss)
I0622 17:46:20.512217 1019 solver.cpp:602] Test net output #2: mAP = 0
I0622 17:46:20.512223 1019 solver.cpp:602] Test net output #3: precision = 0
I0622 17:46:20.512229 1019 solver.cpp:602] Test net output #4: recall = 0
I0622 17:46:20.512251 1019 solver.cpp:281] [MultiGPU] Tests completed in 0.396233s
I0622 17:46:21.456084 1019 solver.cpp:350] Iteration 153 (22.7139 iter/s, 0.396233s/9 iter), 2.1/101.2ep, loss = 9.19022
I0622 17:46:21.456104 1019 solver.cpp:374] Train net output #0: loss_bbox = 3.59474 (* 2 = 7.18948 loss)
I0622 17:46:21.456111 1019 solver.cpp:374] Train net output #1: loss_coverage = 2.00074 (* 1 = 2.00074 loss)
I0622 17:46:21.456118 1019 sgd_solver.cpp:170] Iteration 153, lr = 0.0001, m = 0.9, wd = 1e-06, gs = 1
I0622 17:46:22.517582 1019 solver.cpp:350] Iteration 162 (8.47865 iter/s, 1.06149s/9 iter), 2.2/101.2ep, loss = 59.0522
I0622 17:46:22.517603 1019 solver.cpp:374] Train net output #0: loss_bbox = 21.3507 (* 2 = 42.7014 loss)
I0622 17:46:22.517612 1019 solver.cpp:374] Train net output #1: loss_coverage = 16.3508 (* 1 = 16.3508 loss)
I0622 17:46:22.517619 1019 sgd_solver.cpp:170] Iteration 162, lr = 0.0001, m = 0.9, wd = 1e-06, gs = 1
I0622 17:46:23.578224 1019 solver.cpp:350] Iteration 171 (8.4855 iter/s, 1.06063s/9 iter), 2.4/101.2ep, loss = 42.7356
I0622 17:46:23.578243 1019 solver.cpp:374] Train net output #0: loss_bbox = 16.5335 (* 2 = 33.0671 loss)
I0622 17:46:23.578253 1019 solver.cpp:374] Train net output #1: loss_coverage = 9.66851 (* 1 = 9.66851 loss)
I0622 17:46:23.578263 1019 sgd_solver.cpp:170] Iteration 171, lr = 0.0001, m = 0.9, wd = 1e-06, gs = 1
I0622 17:46:24.640766 1019 solver.cpp:350] Iteration 180 (8.47031 iter/s, 1.06254s/9 iter), 2.5/101.2ep, loss = 54.6216
I0622 17:46:24.640785 1019 solver.cpp:374] Train net output #0: loss_bbox = 20.6405 (* 2 = 41.2811 loss)
I0622 17:46:24.640794 1019 solver.cpp:374] Train net output #1: loss_coverage = 13.3405 (* 1 = 13.3405 loss)
I0622 17:46:24.640805 1019 sgd_solver.cpp:170] Iteration 180, lr = 0.0001, m = 0.9, wd = 1e-06, gs = 1
I0622 17:46:25.703963 1019 solver.cpp:350] Iteration 189 (8.46511 iter/s, 1.06319s/9 iter), 2.6/101.2ep, loss = 33.0516
I0622 17:46:25.703981 1019 solver.cpp:374] Train net output #0: loss_bbox = 12.4378 (* 2 = 24.8755 loss)
I0622 17:46:25.703990 1019 solver.cpp:374] Train net output #1: loss_coverage = 8.17601 (* 1 = 8.17601 loss)
I0622 17:46:25.703997 1019 sgd_solver.cpp:170] Iteration 189, lr = 0.0001, m = 0.9, wd = 1e-06, gs = 1
I0622 17:46:25.704128 1055 data_reader.cpp:320] Restarting data pre-fetching
I0622 17:46:25.735544 1061 data_reader.cpp:320] Restarting data pre-fetching
I0622 17:46:26.766391 1019 solver.cpp:350] Iteration 198 (8.47125 iter/s, 1.06242s/9 iter), 2.7/101.2ep, loss = 15.8816
I0622 17:46:26.766412 1019 solver.cpp:374] Train net output #0: loss_bbox = 5.93751 (* 2 = 11.875 loss)
I0622 17:46:26.766419 1019 solver.cpp:374] Train net output #1: loss_coverage = 4.00656 (* 1 = 4.00656 loss)
I0622 17:46:26.766425 1019 sgd_solver.cpp:170] Iteration 198, lr = 0.0001, m = 0.9, wd = 1e-06, gs = 1
I0622 17:46:27.826541 1019 solver.cpp:350] Iteration 207 (8.48941 iter/s, 1.06014s/9 iter), 2.9/101.2ep, loss = 7.71663
I0622 17:46:27.826565 1019 solver.cpp:374] Train net output #0: loss_bbox = 0.941339 (* 2 = 1.88268 loss)
I0622 17:46:27.826576 1019 solver.cpp:374] Train net output #1: loss_coverage = 5.83393 (* 1 = 5.83393 loss)
I0622 17:46:27.826586 1019 sgd_solver.cpp:170] Iteration 207, lr = 0.0001, m = 0.9, wd = 1e-06, gs = 1
I0622 17:46:28.887315 1019 solver.cpp:350] Iteration 216 (8.4845 iter/s, 1.06076s/9 iter), 3/101.2ep, loss = 83.7174
I0622 17:46:28.887334 1019 solver.cpp:374] Train net output #0: loss_bbox = 33.4418 (* 2 = 66.8836 loss)
I0622 17:46:28.887342 1019 solver.cpp:374] Train net output #1: loss_coverage = 16.8338 (* 1 = 16.8338 loss)
I0622 17:46:28.887349 1019 sgd_solver.cpp:170] Iteration 216, lr = 0.0001, m = 0.9, wd = 1e-06, gs = 1
I0622 17:46:29.123446 1019 solver.cpp:782] Snapshotting to binary proto file snapshot_iter_219.caffemodel
I0622 17:46:29.156134 1019 sgd_solver.cpp:396] Snapshotting solver state to binary proto file snapshot_iter_219.solverstate
I0622 17:46:29.176630 1019 solver.cpp:516] Iteration 219, Testing net (#0)
I0622 17:46:29.307888 1014 data_reader.cpp:320] Restarting data pre-fetching
I0622 17:46:29.343773 1011 data_reader.cpp:320] Restarting data pre-fetching
I0622 17:46:29.395085 1019 solver.cpp:602] Test net output #0: loss_bbox = 21.0355 (* 2 = 42.0709 loss)
I0622 17:46:29.395104 1019 solver.cpp:602] Test net output #1: loss_coverage = 19.1006 (* 1 = 19.1006 loss)
I0622 17:46:29.395112 1019 solver.cpp:602] Test net output #2: mAP = 0
I0622 17:46:29.395133 1019 solver.cpp:602] Test net output #3: precision = 0
I0622 17:46:29.395138 1019 solver.cpp:602] Test net output #4: recall = 0
I0622 17:46:29.395160 1019 solver.cpp:281] [MultiGPU] Tests completed in 0.507854s
I0622 17:46:30.222879 1019 solver.cpp:350] Iteration 225 (17.7216 iter/s, 0.507854s/9 iter), 3.1/101.2ep, loss = 22.1531
I0622 17:46:30.222900 1019 solver.cpp:374] Train net output #0: loss_bbox = 8.07571 (* 2 = 16.1514 loss)
I0622 17:46:30.222908 1019 solver.cpp:374] Train net output #1: loss_coverage = 6.00169 (* 1 = 6.00169 loss)
I0622 17:46:30.222914 1019 sgd_solver.cpp:170] Iteration 225, lr = 0.0001, m = 0.9, wd = 1e-06, gs = 1
I0622 17:46:31.288254 1019 solver.cpp:350] Iteration 234 (8.44781 iter/s, 1.06536s/9 iter), 3.2/101.2ep, loss = 49.1173
I0622 17:46:31.288275 1019 solver.cpp:374] Train net output #0: loss_bbox = 17.7224 (* 2 = 35.4449 loss)
I0622 17:46:31.288283 1019 solver.cpp:374] Train net output #1: loss_coverage = 13.6724 (* 1 = 13.6724 loss)
I0622 17:46:31.288290 1019 sgd_solver.cpp:170] Iteration 234, lr = 0.0001, m = 0.9, wd = 1e-06, gs = 1
I0622 17:46:32.350616 1019 solver.cpp:350] Iteration 243 (8.47181 iter/s, 1.06235s/9 iter), 3.4/101.2ep, loss = 70.8326
I0622 17:46:32.350638 1019 solver.cpp:374] Train net output #0: loss_bbox = 28.0815 (* 2 = 56.1631 loss)
I0622 17:46:32.350648 1019 solver.cpp:374] Train net output #1: loss_coverage = 14.6695 (* 1 = 14.6695 loss)
I0622 17:46:32.350657 1019 sgd_solver.cpp:170] Iteration 243, lr = 0.0001, m = 0.9, wd = 1e-06, gs = 1
I0622 17:46:33.411218 1019 solver.cpp:350] Iteration 252 (8.48577 iter/s, 1.0606s/9 iter), 3.5/101.2ep, loss = 54.0907
I0622 17:46:33.411238 1019 solver.cpp:374] Train net output #0: loss_bbox = 20.3276 (* 2 = 40.6551 loss)
I0622 17:46:33.411247 1019 solver.cpp:374] Train net output #1: loss_coverage = 13.4356 (* 1 = 13.4356 loss)
I0622 17:46:33.411253 1019 sgd_solver.cpp:170] Iteration 252, lr = 0.0001, m = 0.9, wd = 1e-06, gs = 1
I0622 17:46:34.473425 1019 solver.cpp:350] Iteration 261 (8.47306 iter/s, 1.06219s/9 iter), 3.6/101.2ep, loss = 203.281
I0622 17:46:34.473446 1019 solver.cpp:374] Train net output #0: loss_bbox = 96.8375 (* 2 = 193.675 loss)
I0622 17:46:34.473454 1019 solver.cpp:374] Train net output #1: loss_coverage = 9.60646 (* 1 = 9.60646 loss)
I0622 17:46:34.473462 1019 sgd_solver.cpp:170] Iteration 261, lr = 0.0001, m = 0.9, wd = 1e-06, gs = 1
I0622 17:46:34.473572 1055 data_reader.cpp:320] Restarting data pre-fetching
I0622 17:46:34.512007 1061 data_reader.cpp:320] Restarting data pre-fetching
I0622 17:46:35.539374 1019 solver.cpp:350] Iteration 270 (8.44325 iter/s, 1.06594s/9 iter), 3.7/101.2ep, loss = 74.0579
I0622 17:46:35.539394 1019 solver.cpp:374] Train net output #0: loss_bbox = 29.1968 (* 2 = 58.3935 loss)
I0622 17:46:35.539402 1019 solver.cpp:374] Train net output #1: loss_coverage = 15.6644 (* 1 = 15.6644 loss)
I0622 17:46:35.539410 1019 sgd_solver.cpp:170] Iteration 270, lr = 0.0001, m = 0.9, wd = 1e-06, gs = 1
I0622 17:46:36.604820 1019 solver.cpp:350] Iteration 279 (8.44725 iter/s, 1.06544s/9 iter), 3.9/101.2ep, loss = 10.8692
I0622 17:46:36.604841 1019 solver.cpp:374] Train net output #0: loss_bbox = 2.6842 (* 2 = 5.3684 loss)
I0622 17:46:36.604848 1019 solver.cpp:374] Train net output #1: loss_coverage = 5.50077 (* 1 = 5.50077 loss)
I0622 17:46:36.604856 1019 sgd_solver.cpp:170] Iteration 279, lr = 0.0001, m = 0.9, wd = 1e-06, gs = 1
I0622 17:46:37.671277 1019 solver.cpp:350] Iteration 288 (8.43923 iter/s, 1.06645s/9 iter), 4/101.2ep, loss = 64.6664
I0622 17:46:37.671296 1019 solver.cpp:374] Train net output #0: loss_bbox = 25.7498 (* 2 = 51.4996 loss)
I0622 17:46:37.671304 1019 solver.cpp:374] Train net output #1: loss_coverage = 13.1668 (* 1 = 13.1668 loss)
I0622 17:46:37.671314 1019 sgd_solver.cpp:170] Iteration 288, lr = 0.0001, m = 0.9, wd = 1e-06, gs = 1
I0622 17:46:38.026072 1019 solver.cpp:782] Snapshotting to binary proto file snapshot_iter_292.caffemodel
I0622 17:46:38.059120 1019 sgd_solver.cpp:396] Snapshotting solver state to binary proto file snapshot_iter_292.solverstate
I0622 17:46:38.080940 1019 solver.cpp:516] Iteration 292, Testing net (#0)
I0622 17:46:38.210593 1014 data_reader.cpp:320] Restarting data pre-fetching
I0622 17:46:38.241503 1011 data_reader.cpp:320] Restarting data pre-fetching
I0622 17:46:38.296317 1019 solver.cpp:602] Test net output #0: loss_bbox = 16.0637 (* 2 = 32.1274 loss)
I0622 17:46:38.296335 1019 solver.cpp:602] Test net output #1: loss_coverage = 13.7996 (* 1 = 13.7996 loss)
I0622 17:46:38.296344 1019 solver.cpp:602] Test net output #2: mAP = 0
I0622 17:46:38.296350 1019 solver.cpp:602] Test net output #3: precision = 0
I0622 17:46:38.296355 1019 solver.cpp:602] Test net output #4: recall = 0
I0622 17:46:38.296376 1019 solver.cpp:281] [MultiGPU] Tests completed in 0.625106s
I0622 17:46:39.008069 1019 solver.cpp:350] Iteration 297 (14.3976 iter/s, 0.625106s/9 iter), 4.1/101.2ep, loss = 13.4419
I0622 17:46:39.008090 1019 solver.cpp:374] Train net output #0: loss_bbox = 4.72013 (* 2 = 9.44027 loss)
I0622 17:46:39.008097 1019 solver.cpp:374] Train net output #1: loss_coverage = 4.00163 (* 1 = 4.00163 loss)
I0622 17:46:39.008105 1019 sgd_solver.cpp:170] Iteration 297, lr = 0.0001, m = 0.9, wd = 1e-06, gs = 1
I0622 17:46:40.073688 1019 solver.cpp:350] Iteration 306 (8.44586 iter/s, 1.06561s/9 iter), 4.2/101.2ep, loss = 44.5689
I0622 17:46:40.073706 1019 solver.cpp:374] Train net output #0: loss_bbox = 16.5352 (* 2 = 33.0704 loss)
I0622 17:46:40.073714 1019 solver.cpp:374] Train net output #1: loss_coverage = 11.4985 (* 1 = 11.4985 loss)
I0622 17:46:40.073721 1019 sgd_solver.cpp:170] Iteration 306, lr = 0.0001, m = 0.9, wd = 1e-06, gs = 1
I0622 17:46:41.141521 1019 solver.cpp:350] Iteration 315 (8.42833 iter/s, 1.06783s/9 iter), 4.4/101.2ep, loss = 50.415
I0622 17:46:41.141541 1019 solver.cpp:374] Train net output #0: loss_bbox = 19.533 (* 2 = 39.066 loss)
I0622 17:46:41.141549 1019 solver.cpp:374] Train net output #1: loss_coverage = 11.3491 (* 1 = 11.3491 loss)
I0622 17:46:41.141556 1019 sgd_solver.cpp:170] Iteration 315, lr = 0.0001, m = 0.9, wd = 1e-06, gs = 1
I0622 17:46:42.213421 1019 solver.cpp:350] Iteration 324 (8.39643 iter/s, 1.07188s/9 iter), 4.5/101.2ep, loss = 54.1265
I0622 17:46:42.213443 1019 solver.cpp:374] Train net output #0: loss_bbox = 19.2306 (* 2 = 38.4612 loss)
I0622 17:46:42.213450 1019 solver.cpp:374] Train net output #1: loss_coverage = 15.6652 (* 1 = 15.6652 loss)
I0622 17:46:42.213457 1019 sgd_solver.cpp:170] Iteration 324, lr = 0.0001, m = 0.9, wd = 1e-06, gs = 1
I0622 17:46:43.285238 1019 solver.cpp:350] Iteration 333 (8.39702 iter/s, 1.07181s/9 iter), 4.6/101.2ep, loss = 36.1535
I0622 17:46:43.285259 1019 solver.cpp:374] Train net output #0: loss_bbox = 12.9933 (* 2 = 25.9865 loss)
I0622 17:46:43.285267 1019 solver.cpp:374] Train net output #1: loss_coverage = 10.167 (* 1 = 10.167 loss)
I0622 17:46:43.285274 1019 sgd_solver.cpp:170] Iteration 333, lr = 0.0001, m = 0.9, wd = 1e-06, gs = 1
I0622 17:46:43.285387 1055 data_reader.cpp:320] Restarting data pre-fetching
I0622 17:46:43.320374 1061 data_reader.cpp:320] Restarting data pre-fetching
I0622 17:46:44.354744 1019 solver.cpp:350] Iteration 342 (8.41516 iter/s, 1.0695s/9 iter), 4.7/101.2ep, loss = 56.0869
I0622 17:46:44.354764 1019 solver.cpp:374] Train net output #0: loss_bbox = 19.8768 (* 2 = 39.7536 loss)
I0622 17:46:44.354773 1019 solver.cpp:374] Train net output #1: loss_coverage = 16.3333 (* 1 = 16.3333 loss)
I0622 17:46:44.354780 1019 sgd_solver.cpp:170] Iteration 342, lr = 0.0001, m = 0.9, wd = 1e-06, gs = 1
I0622 17:46:45.421707 1019 solver.cpp:350] Iteration 351 (8.43527 iter/s, 1.06695s/9 iter), 4.9/101.2ep, loss = 43.5496
I0622 17:46:45.421804 1019 solver.cpp:374] Train net output #0: loss_bbox = 14.2747 (* 2 = 28.5495 loss)
I0622 17:46:45.421814 1019 solver.cpp:374] Train net output #1: loss_coverage = 15.0001 (* 1 = 15.0001 loss)
I0622 17:46:45.421821 1019 sgd_solver.cpp:170] Iteration 351, lr = 0.0001, m = 0.9, wd = 1e-06, gs = 1
I0622 17:46:46.492630 1019 solver.cpp:350] Iteration 360 (8.40399 iter/s, 1.07092s/9 iter), 5/101.2ep, loss = 27.5932
I0622 17:46:46.492650 1019 solver.cpp:374] Train net output #0: loss_bbox = 10.0466 (* 2 = 20.0932 loss)
I0622 17:46:46.492658 1019 solver.cpp:374] Train net output #1: loss_coverage = 7.49999 (* 1 = 7.49999 loss)
I0622 17:46:46.492666 1019 sgd_solver.cpp:170] Iteration 360, lr = 0.0001, m = 0.9, wd = 1e-06, gs = 1
I0622 17:46:46.966449 1019 solver.cpp:782] Snapshotting to binary proto file snapshot_iter_365.caffemodel
I0622 17:46:46.999905 1019 sgd_solver.cpp:396] Snapshotting solver state to binary proto file snapshot_iter_365.solverstate
I0622 17:46:47.021126 1019 solver.cpp:516] Iteration 365, Testing net (#0)
I0622 17:46:47.107730 1014 data_reader.cpp:320] Restarting data pre-fetching
I0622 17:46:47.138130 1011 data_reader.cpp:320] Restarting data pre-fetching
I0622 17:46:47.236789 1019 solver.cpp:602] Test net output #0: loss_bbox = 21.4476 (* 2 = 42.8952 loss)
I0622 17:46:47.236809 1019 solver.cpp:602] Test net output #1: loss_coverage = 19.5001 (* 1 = 19.5001 loss)
I0622 17:46:47.236814 1019 solver.cpp:602] Test net output #2: mAP = 0
I0622 17:46:47.236820 1019 solver.cpp:602] Test net output #3: precision = 0
I0622 17:46:47.236827 1019 solver.cpp:602] Test net output #4: recall = 0
I0622 17:46:47.236848 1019 solver.cpp:281] [MultiGPU] Tests completed in 0.744219s
I0622 17:46:47.830034 1019 solver.cpp:350] Iteration 369 (12.0932 iter/s, 0.744219s/9 iter), 5.1/101.2ep, loss = 11.6341
I0622 17:46:47.830054 1019 solver.cpp:374] Train net output #0: loss_bbox = 3.65035 (* 2 = 7.3007 loss)
I0622 17:46:47.830061 1019 solver.cpp:374] Train net output #1: loss_coverage = 4.33341 (* 1 = 4.33341 loss)
I0622 17:46:47.830068 1019 sgd_solver.cpp:170] Iteration 369, lr = 0.0001, m = 0.9, wd = 1e-06, gs = 1
I0622 17:46:48.899605 1019 solver.cpp:350] Iteration 378 (8.41468 iter/s, 1.06956s/9 iter), 5.2/101.2ep, loss = 40.9521
I0622 17:46:48.899624 1019 solver.cpp:374] Train net output #0: loss_bbox = 13.4761 (* 2 = 26.9522 loss)
I0622 17:46:48.899632 1019 solver.cpp:374] Train net output #1: loss_coverage = 13.9999 (* 1 = 13.9999 loss)
I0622 17:46:48.899641 1019 sgd_solver.cpp:170] Iteration 378, lr = 0.0001, m = 0.9, wd = 1e-06, gs = 1
I0622 17:46:49.965562 1019 solver.cpp:350] Iteration 387 (8.44319 iter/s, 1.06595s/9 iter), 5.4/101.2ep, loss = 55.6388
I0622 17:46:49.965581 1019 solver.cpp:374] Train net output #0: loss_bbox = 19.0696 (* 2 = 38.1392 loss)
I0622 17:46:49.965590 1019 solver.cpp:374] Train net output #1: loss_coverage = 17.4996 (* 1 = 17.4996 loss)
I0622 17:46:49.965597 1019 sgd_solver.cpp:170] Iteration 387, lr = 0.0001, m = 0.9, wd = 1e-06, gs = 1
I0622 17:46:51.032765 1019 solver.cpp:350] Iteration 396 (8.43334 iter/s, 1.06719s/9 iter), 5.5/101.2ep, loss = 55.8591
I0622 17:46:51.032788 1019 solver.cpp:374] Train net output #0: loss_bbox = 21.2701 (* 2 = 42.5401 loss)
I0622 17:46:51.032797 1019 solver.cpp:374] Train net output #1: loss_coverage = 13.319 (* 1 = 13.319 loss)
I0622 17:46:51.032804 1019 sgd_solver.cpp:170] Iteration 396, lr = 0.0001, m = 0.9, wd = 1e-06, gs = 1
I0622 17:46:52.098377 1019 solver.cpp:350] Iteration 405 (8.44591 iter/s, 1.0656s/9 iter), 5.6/101.2ep, loss = 36.4897
I0622 17:46:52.098402 1019 solver.cpp:374] Train net output #0: loss_bbox = 13.2204 (* 2 = 26.4408 loss)
I0622 17:46:52.098414 1019 solver.cpp:374] Train net output #1: loss_coverage = 10.0489 (* 1 = 10.0489 loss)
I0622 17:46:52.098423 1019 sgd_solver.cpp:170] Iteration 405, lr = 0.0001, m = 0.9, wd = 1e-06, gs = 1
I0622 17:46:52.098546 1055 data_reader.cpp:320] Restarting data pre-fetching
I0622 17:46:52.127249 1061 data_reader.cpp:320] Restarting data pre-fetching
I0622 17:46:53.164120 1019 solver.cpp:350] Iteration 414 (8.44493 iter/s, 1.06573s/9 iter), 5.7/101.2ep, loss = 76.5147
I0622 17:46:53.164139 1019 solver.cpp:374] Train net output #0: loss_bbox = 29.4972 (* 2 = 58.9944 loss)
I0622 17:46:53.164147 1019 solver.cpp:374] Train net output #1: loss_coverage = 17.5203 (* 1 = 17.5203 loss)
I0622 17:46:53.164155 1019 sgd_solver.cpp:170] Iteration 414, lr = 0.0001, m = 0.9, wd = 1e-06, gs = 1
I0622 17:46:54.235791 1019 solver.cpp:350] Iteration 423 (8.39812 iter/s, 1.07167s/9 iter), 5.9/101.2ep, loss = 47.7464
I0622 17:46:54.235815 1019 solver.cpp:374] Train net output #0: loss_bbox = 16.06 (* 2 = 32.1201 loss)
I0622 17:46:54.235826 1019 solver.cpp:374] Train net output #1: loss_coverage = 15.6264 (* 1 = 15.6264 loss)
I0622 17:46:54.235836 1019 sgd_solver.cpp:170] Iteration 423, lr = 0.0001, m = 0.9, wd = 1e-06, gs = 1
I0622 17:46:55.306116 1019 solver.cpp:350] Iteration 432 (8.4088 iter/s, 1.07031s/9 iter), 6/101.2ep, loss = 27.2356
I0622 17:46:55.306134 1019 solver.cpp:374] Train net output #0: loss_bbox = 11.9495 (* 2 = 23.8989 loss)
I0622 17:46:55.306143 1019 solver.cpp:374] Train net output #1: loss_coverage = 3.33665 (* 1 = 3.33665 loss)
I0622 17:46:55.306152 1019 sgd_solver.cpp:170] Iteration 432, lr = 0.0001, m = 0.9, wd = 1e-06, gs = 1
I0622 17:46:55.902117 1019 solver.cpp:782] Snapshotting to binary proto file snapshot_iter_438.caffemodel
I0622 17:46:55.935305 1019 sgd_solver.cpp:396] Snapshotting solver state to binary proto file snapshot_iter_438.solverstate
I0622 17:46:55.955858 1019 solver.cpp:516] Iteration 438, Testing net (#0)
I0622 17:46:56.044433 1014 data_reader.cpp:320] Restarting data pre-fetching
I0622 17:46:56.083026 1011 data_reader.cpp:320] Restarting data pre-fetching
I0622 17:46:56.179287 1019 solver.cpp:602] Test net output #0: loss_bbox = 15.4851 (* 2 = 30.9702 loss)
I0622 17:46:56.179312 1019 solver.cpp:602] Test net output #1: loss_coverage = 15.792 (* 1 = 15.792 loss)
I0622 17:46:56.179319 1019 solver.cpp:602] Test net output #2: mAP = 0
I0622 17:46:56.179325 1019 solver.cpp:602] Test net output #3: precision = 0
I0622 17:46:56.179332 1019 solver.cpp:602] Test net output #4: recall = 0
I0622 17:46:56.179355 1019 solver.cpp:281] [MultiGPU] Tests completed in 0.873245s
I0622 17:46:56.655778 1019 solver.cpp:350] Iteration 441 (10.3064 iter/s, 0.873245s/9 iter), 6.1/101.2ep, loss = 1295.86
I0622 17:46:56.655799 1019 solver.cpp:374] Train net output #0: loss_bbox = 642.183 (* 2 = 1284.37 loss)
I0622 17:46:56.655809 1019 solver.cpp:374] Train net output #1: loss_coverage = 11.4973 (* 1 = 11.4973 loss)
I0622 17:46:56.655817 1019 sgd_solver.cpp:170] Iteration 441, lr = 0.0001, m = 0.9, wd = 1e-06, gs = 1
I0622 17:46:57.728245 1019 solver.cpp:350] Iteration 450 (8.39196 iter/s, 1.07245s/9 iter), 6.2/101.2ep, loss = 66.1086
I0622 17:46:57.728265 1019 solver.cpp:374] Train net output #0: loss_bbox = 27.4309 (* 2 = 54.8619 loss)
I0622 17:46:57.728272 1019 solver.cpp:374] Train net output #1: loss_coverage = 11.2467 (* 1 = 11.2467 loss)
I0622 17:46:57.728279 1019 sgd_solver.cpp:170] Iteration 450, lr = 0.0001, m = 0.9, wd = 1e-06, gs = 1
I0622 17:46:58.800647 1019 solver.cpp:350] Iteration 459 (8.3924 iter/s, 1.0724s/9 iter), 6.4/101.2ep, loss = 61.4102
I0622 17:46:58.800671 1019 solver.cpp:374] Train net output #0: loss_bbox = 23.6192 (* 2 = 47.2384 loss)
I0622 17:46:58.800683 1019 solver.cpp:374] Train net output #1: loss_coverage = 14.1717 (* 1 = 14.1717 loss)
I0622 17:46:58.800693 1019 sgd_solver.cpp:170] Iteration 459, lr = 0.0001, m = 0.9, wd = 1e-06, gs = 1
